

{"id":18019,"date":"2019-04-18T16:22:10","date_gmt":"2019-04-18T14:22:10","guid":{"rendered":"https:\/\/michaelshof-sammatz.de\/blog\/?page_id=18019"},"modified":"2019-10-01T12:19:18","modified_gmt":"2019-10-01T10:19:18","slug":"michaelshof-events-seminarreview-apfel-praxisseminar-2019","status":"publish","type":"page","link":"https:\/\/michaelshof-sammatz.de\/blog\/michaelshof-events-seminarreview-apfel-praxisseminar-2019\/","title":{"rendered":"Seminar-R\u00fcckblick | 2019\/01 | Apfel-Praxisseminar"},"content":{"rendered":"\n<div class=\"container-fluid seminarTeaserContainer\">\n  <div class=\"row no-gutters\">\n\n\n\n<!-- THIS IS THE TEASER IMAGE FOR LARGE DEVICES. -->\n<div class=\"d-none d-md-block col-md-12 seminarTeaser\">\n\n  <div class=\"seminarTeaserTextbox\">\n    <span class=\"seminarTeaserHL\">Apfel-Praxisseminar<\/span><br>\n    <span class=\"seminarTeaserSL\">Leitung: Hermann Stolberg, Jan Bade<\/span><br><br>\n    <span class=\"seminarTeaserReview\">R\u00fcckblick<\/span>\n  <\/div>\n\n  <div>\n    <svg class=\"seminarTeaserShape\" version=\"1.1\" id=\"Ebene_1\" xmlns=\"http:\/\/www.w3.org\/2000\/svg\" xmlns:xlink=\"http:\/\/www.w3.org\/1999\/xlink\" x=\"0px\" y=\"0px\" viewBox=\"0 0 337.23 239.53\" style=\"enable-background:new 0 0 337.23 239.53;\" xml:space=\"preserve\">\n      <style type=\"text\/css\">\n        .st0{fill:#07577D;}\n      <\/style>\n      <polygon class=\"st0\" points=\"337.23,239.53 337.23,0 182.83,0 0,239.53 \"><\/polygon>\n    <\/svg>\n  <\/div> \n\n  <div class=\"seminarTeaserImageBox\">\n    <img decoding=\"async\" class=\"seminarTeaserImage\" src=\"https:\/\/michaelshof-sammatz.de\/blog\/wp-content\/uploads\/2019\/04\/Seminar_Review_ApfelPraxis_2019_teaser_bg_2.jpg\" alt=\"Michaelshof Sammatz Apfel-Praxisseminar 2019 Teaser Image\">\n  <\/div>\n<\/div>\n\n\n\n<!-- THIS IS THE TEASER IMAGE FOR SMALL DEVICES. -->\n<div class=\"d-block d-md-none col-12 seminarTeaserSmall \">\n    <img decoding=\"async\" src=\"https:\/\/michaelshof-sammatz.de\/blog\/wp-content\/uploads\/2019\/04\/Seminar_Review_ApfelPraxis_2019_teaser_bg_2.jpg\">\n\n  <div class=\"seminarTeaserTextboxSmall\">\n    <span class=\"seminarTeaserHL\">Apfel-Praxisseminar<\/span><br>\n    <span class=\"seminarTeaserSL\">Leitung: Hermann Stolberg, Jan Bade<\/span><br><br>\n    <span class=\"seminarTeaserReview\">R\u00fcckblick<\/span>\n  <\/div>\n<!-- closing Teaser Image Column -->\n<\/div>\n<!-- closing Teaser Image Row -->\n<\/div>\n\n\n\n<div class=\"row seminarReviewTextHeadline\">\n  <div class=\"col-12\">\n    <h1 class=\"seminarH1 darkBlueText\">Apfel-Praxisseminar, 29.03.&nbsp;\u2013&nbsp;31.03.2019 im \u00bbHaus&nbsp;der&nbsp;Natur\u00ab<\/h1>\n  <\/div>\n<\/div>\n\n\n\n<div class=\"row no-gutters\">\n  <div class=\"col-sm-12 seminarMargin\">\n    <h4 class=\"darkBlueText seminarReviewTextSubline\">\u00d6ffentlicher Vortrag<\/h4>\n  <\/div>\n<\/div>\n\n<div class=\"row no-gutters\">\n  <div class=\"col-sm-12 col-lg-8\">\n    <div class=\"seminarTwoColText \">\n      <p>\nEndlich war es soweit! Die T\u00fcren des \u2039Hauses der Natur\u203a \u00f6ffneten sich am Freitag erstmalig f\u00fcr einen zweist\u00fcndigen Abendvortrag, gehalten von den Apfel-Experten und Pomologen Jan Bade und Hermann Stolberg. Thema waren die historischen Apfelsorten Deutschlands, der Region Amt Neuhaus und des Wendlandes. Die Referenten verstanden es durch ihre Erfahrung und pers\u00f6nliche Anekdoten zu unterhalten, aber auch die Bedeutung der Erhaltung unseres heimischen Obstes herauszuarbeiten. Dabei gingen sie auf verschiedenste Bereiche ein, wie Krankheits- und Sch\u00e4dlingsresistenzen, genetische Vielfalt, Bodenanpassungen, \u00c4nderungen des regionalen Klimas sowie staatliche und private Erhaltungsarbeit, um nur einiges zu nennen. Die Mischung aus informativem Vortrag und Unterhaltung machte diesen Abend zu einem gelungenen Auftakt und stimmte die vierzehn Seminarteilnehmer auf das Praxisseminar ein, das nun mit noch gr\u00f6\u00dferem Interesse erwartet wurde.\n       <\/p>\n     <\/div>\n   <\/div>\n\n\n\n<!--  Blog Image 01 for large devices  -->\n  <div class=\"d-none d-lg-block col-lg-4 seminarReviewBlogImageThirdcol apfel\">\n      <div class=\"seminarReviewBlogImageTitle darkBlue\">\n        Obstbaumschnitt in der Theorie \u2013 eine echte Wissenschaft!\n      <\/div>\n  <\/div>\n\n  <!-- Blog Image 01 for small devices  -->\n  <div class=\"d-block d-lg-none col-sm-12 seminarReviewBlogImageThirdcol apfel\">\n    <div class=\"seminarReviewBlogImageTitle darkBlue\">\n      Obstbaumschnitt in der Theorie \u2013 eine echte Wissenschaft!\n    <\/div>\n  <\/div>\n\n<\/div>\n\n\n\n<div class=\"row no-gutters\">\n  <div class=\"col-sm-12 seminarReviewBlogImageBox\">\n    \n    <img decoding=\"async\" src=\"https:\/\/michaelshof-sammatz.de\/blog\/wp-content\/uploads\/2019\/04\/Seminar_Review_ApfelPraxis_2019_pic_02.jpg\" alt=\"Michaelshof Sammatz Apfel-Praxisseminar 2019 image 02\">\n    <div class=\"seminarReviewBlogImageTitle\">\n    Gemeinsamer Baumschnitt unter den wachsamen Augen von Jan Bade.\n    <\/div>\n  <\/div>\n<\/div>\n\n\n\n<div class=\"row no-gutters\">\n  <div class=\"col-sm-12 seminarMargin\">\n    <h4 class=\"seminarReviewTextSubline darkBlueText\">Praxisseminar<\/h4>\n  <\/div>\n<\/div>\n<div class=\"row\">\n  <div class=\"col-md-6\">\n    <h5>Samstag<\/h5>\n    <p>\n      Samstag morgen, 9:00 Uhr ging es los. Zun\u00e4chst gab Hermann Stolberg in den sch\u00f6nen, lichtdurchfluteten Kursr\u00e4umen, in denen bereits viel Anschauungsmaterial aufgebaut war, eine Einf\u00fchrung in die verschiedenen Techniken der Obstbaumveredelung. Anschlie\u00dfend konnten alle auf der sonnigen Terrasse der Vorstellung der Werkzeuge lauschen, ehe es an das \u00dcben mit den Probereisern ging. Nach dem Mittagsessen war es dann soweit. Jeder Teilnehmer durfte zwei Apfelb\u00e4ume veredeln und diese sp\u00e4ter mit nach Hause nehmen. Aus mehr als 30 verschiedenen historischen und regionalen Apfelsorten konnte dabei gew\u00e4hlt werden. Zum Abschluss des ersten Seminarteils wurde in gemeinsamer Arbeit ein Vier-Sorten-Baum veredelt, der auf dem Gel\u00e4nde einen Platz bekommen wird.<br><br>\n\nEine ausgiebige Kaffeepause st\u00e4rkte alle Teilnehmer f\u00fcr den letzten Durchgang des Tages: Obstbaumschnitt-Theorie. Vor dem Hintergrund, langlebige, vitale B\u00e4ume mit gutem Fruchtertrag zu bekommen, lag der Fokus besonders auf dem \u00d6schberg-Schnitt. Die Erziehung von Jungb\u00e4umen, die Verj\u00fcngung von Altb\u00e4umen, Baumansprache uvm. wurden in der gut gelaunten Runde auch nach der Abendbrotpause rege diskutiert, wodurch der Seminartag erst gegen 21:00 Uhr langsam ausklang.\n    <\/p>\n  <\/div>\n  <div class=\"col-md-6\">\n    <h5>Sonntag<\/h5>\n    <p>\n      Wieder trafen sich die Teilnehmer um 9:00 Uhr, dieses Mal bei noch fast winterlichen Temperaturen dick eingepackt vor dem \u2039Haus der Natur\u203a, denn es ging gleich weiter zu den nahegelegenen Apfelb\u00e4umen. Auch hier durfte eine kurze Einf\u00fchrung in die Werkzeuge nicht fehlen. Dann begann die Baumansprache, wie der Fachmann die Untersuchung des Baumes nennt. Wie ist seine Vitalit\u00e4t? Steht ein anderer Baum in Konkurrenz? Wie ist der Boden? etc. Nun ging Jan Bade zum Schnitt \u00fcber. Daf\u00fcr baute er seine Leiter auf und erl\u00e4uterte jeden Schritt, den am Baum er durchf\u00fchrte, und die erwartete Reaktion des Baumes. Angeregt und voller Tatendrang versuchten sich die Teilnehmer in kleinen Gruppen an den anderen B\u00e4umen. Erst wurde die Baumansprache durchgef\u00fchrt, anschlie\u00dfend im Team der R\u00fcckschnitt besprochen. Jede Gruppe \u201epr\u00e4sentierte\u201c den eigenen Baum und erkl\u00e4rte, auf welche Schnittma\u00dfnahmen sie sich geeinigt hatte. Abschlie\u00dfend wurde einer der vorgestellten B\u00e4ume in gemeinsamer Diskussion und unter dem wachsamen Auge von Jan Bade geschnitten.\n    <\/p>\n  <\/div>\n<\/div>\n\n\n\n<div class=\"row\">\n    \n<div class=\"col-xs-12 col-md-6 seminarReviewBlogImageBox\">\n    \n    <img decoding=\"async\" class=\"L\" src=\"https:\/\/michaelshof-sammatz.de\/blog\/wp-content\/uploads\/2019\/04\/Seminar_Review_ApfelPraxis_2019_pic_03.jpg\" alt=\"Michaelshof Sammatz Apfel-Praxisseminar 2019 image 03\">\n    <div class=\"seminarReviewBlogImageTitle\">\n    Arbeit am \u201eDurch das Binden des Astes in eine steilere Position wird sein Wachstum gef\u00f6rdert.\u201c\n    <\/div>\n\n  <\/div>  \n\n<div class=\"col-xs-12 col-md-6 seminarReviewBlogImageBox\">\n    \n    <img decoding=\"async\" class=\"R\" src=\"https:\/\/michaelshof-sammatz.de\/blog\/wp-content\/uploads\/2019\/04\/Seminar_Review_ApfelPraxis_2019_pic_04.jpg\" alt=\"Michaelshof Sammatz Apfel-Praxisseminar 2019 image 04\">\n    <div class=\"seminarReviewBlogImageTitle\">\n    Arbeit am \u201eVier-Sorten-Baum\u201c.\n    <\/div>\n\n  <\/div>\n<\/div>\n\n\n\n<div class=\"row no-gutters\">\n  <div class=\"col-sm-12 seminarMargin\">\n    <p>\n    Es ist nicht \u00fcbertrieben zu sagen, dass die Referenten den Teilnehmern mit ihrem immensen Wissen und ihrer pers\u00f6nlichen Verbindung zum Thema eine ganz neue Welt er\u00f6ffnet haben. Neben den wertvollen praktischen Kenntnissen stand eindrucksvoll da, wie eng Natur und Mensch im Obstbau verbunden sind \u2013 wie die t\u00e4glich selbstverst\u00e4ndlich genossenen Fr\u00fcchte nur durch die st\u00e4ndige einf\u00fchlsame Aktivit\u00e4t des Menschen im Einklang mit der Natur erhalten werden und deshalb heute auch ein gef\u00e4hrdetes Kulturgut sind.<br><br> \n\nAufgrund des durchwegs positiven Feedbacks der Seminarteilnehmer haben wir uns entschlossen, das Apfel-Praxisseminar vom 27.03. \u2013 29.03.2020 nochmals durchzuf\u00fchren. Wir bedanken uns herzlichst bei Jan Bade und Hermann Stolberg f\u00fcr den toll ausgearbeiteten Kurs und freuen uns auf n\u00e4chstes Jahr!<br><br>\n\nSara Gro\u00df, Haus der Natur\n\n    <\/p>\n  <\/div>\n<\/div>\n\n\n\n<p style=\"text-align: right;\" \"color:=\"\" #67c8f9;\"=\"\">\n  <a href=\"https:\/\/michaelshof-sammatz.de\/blog\/events-english\/seminar-ruckblicke\/\">\n    <strong>Zur\u00fcck zur \u00dcbersicht<\/strong>\n  <\/a>\n  <br>\n  <a href=\"#headeranchor\">\n    <strong>\n      Zum Seitenanfang \u2191\n    <\/strong>\n  <\/a>\n<\/p>\n\n\n\n<!-- Closing Container -->\n<\/div>\n\n\n\n<p><\/p>\n","protected":false},"excerpt":{"rendered":"<p>Apfel-Praxisseminar Leitung: Hermann Stolberg, Jan Bade R\u00fcckblick Apfel-Praxisseminar Leitung: Hermann Stolberg, Jan Bade R\u00fcckblick Apfel-Praxisseminar, 29.03.&nbsp;\u2013&nbsp;31.03.2019 im \u00bbHaus&nbsp;der&nbsp;Natur\u00ab \u00d6ffentlicher Vortrag Endlich war es soweit! Die T\u00fcren des \u2039Hauses der Natur\u203a \u00f6ffneten sich am Freitag erstmalig f\u00fcr einen zweist\u00fcndigen Abendvortrag, gehalten von den Apfel-Experten und Pomologen Jan Bade und Hermann Stolberg. Thema waren die historischen Apfelsorten [&hellip;]<\/p>\n","protected":false},"author":4,"featured_media":0,"parent":0,"menu_order":0,"comment_status":"closed","ping_status":"closed","template":"","meta":{"footnotes":""},"class_list":["post-18019","page","type-page","status-publish","hentry"],"jetpack_sharing_enabled":true,"jetpack_shortlink":"https:\/\/wp.me\/PaQBcD-4GD","jetpack-related-posts":[],"_links":{"self":[{"href":"https:\/\/michaelshof-sammatz.de\/blog\/wp-json\/wp\/v2\/pages\/18019"}],"collection":[{"href":"https:\/\/michaelshof-sammatz.de\/blog\/wp-json\/wp\/v2\/pages"}],"about":[{"href":"https:\/\/michaelshof-sammatz.de\/blog\/wp-json\/wp\/v2\/types\/page"}],"author":[{"embeddable":true,"href":"https:\/\/michaelshof-sammatz.de\/blog\/wp-json\/wp\/v2\/users\/4"}],"replies":[{"embeddable":true,"href":"https:\/\/michaelshof-sammatz.de\/blog\/wp-json\/wp\/v2\/comments?post=18019"}],"version-history":[{"count":200,"href":"https:\/\/michaelshof-sammatz.de\/blog\/wp-json\/wp\/v2\/pages\/18019\/revisions"}],"predecessor-version":[{"id":25394,"href":"https:\/\/michaelshof-sammatz.de\/blog\/wp-json\/wp\/v2\/pages\/18019\/revisions\/25394"}],"wp:attachment":[{"href":"https:\/\/michaelshof-sammatz.de\/blog\/wp-json\/wp\/v2\/media?parent=18019"}],"curies":[{"name":"wp","href":"https:\/\/api.w.org\/{rel}","templated":true}]}}