

{"id":3211,"date":"2019-02-16T04:09:39","date_gmt":"2019-02-16T03:09:39","guid":{"rendered":"http:\/\/michaelshof-campus.com\/blog\/?page_id=3211"},"modified":"2019-07-04T14:13:49","modified_gmt":"2019-07-04T12:13:49","slug":"peronnik-sum","status":"publish","type":"page","link":"https:\/\/michaelshof-sammatz.de\/blog\/peronnik\/peronnik-sum\/","title":{"rendered":"Peronnik e.V."},"content":{"rendered":"\n<h1 class=\"wp-block-heading\">Peronnik<\/h1>\n\n\n\n<h2 class=\"wp-block-heading\"><strong>Den Alltag zum Sonntag machen<\/strong><\/h2>\n\n\n\n<div style=\"height:35px\" aria-hidden=\"true\" class=\"wp-block-spacer\"><\/div>\n\n\n\n<div class=\"row\">\n<div class=\"col-md-6 nopadright\">\n<div class=\"shortpadding archeshort1\">\n\n\n\n<p style=\"color:#ffffff;font-size:30px\" class=\"has-text-color\"><strong>Eine bunte Bande liebens\u00adwerter, h\u00f6chst ori\u00adginel\u00adler Kinder und Jugend\u00adlicher\u2026<\/strong><\/p>\n\n\n\n<p style=\"color:#ffffff\" class=\"has-text-color\">34 Kinder und Jugendliche, in sechs auf unser Dorf verteilten Wohngruppen und eng mit dem Leben hier verbunden \u2013  das ist Peronnik, unsere Kinder- und Jugendhilfeeinrichtung. <br> Wir nehmen sowohl junge Menschen mit \u2039geistiger Behinderung\u203a, z B. Autisten, als auch mit sozial-emotionalen St\u00f6rungen auf. <\/p>\n\n\n\n<\/div>\n\n\n\n<\/div>\n<div class=\"col-md-6 nopadleft\">\n\n\n\n<figure class=\"wp-block-image shortimg\"><img fetchpriority=\"high\" decoding=\"async\" width=\"390\" height=\"400\" data-attachment-id=\"14990\" data-permalink=\"https:\/\/michaelshof-sammatz.de\/blog\/peronnik\/peronnik-sum\/d_6_per_startseite_03\/\" data-orig-file=\"https:\/\/michaelshof-sammatz.de\/blog\/wp-content\/uploads\/2019\/03\/d_6_PER_Startseite_03.jpg\" data-orig-size=\"390,400\" data-comments-opened=\"0\" data-image-meta=\"{&quot;aperture&quot;:&quot;0&quot;,&quot;credit&quot;:&quot;&quot;,&quot;camera&quot;:&quot;&quot;,&quot;caption&quot;:&quot;&quot;,&quot;created_timestamp&quot;:&quot;0&quot;,&quot;copyright&quot;:&quot;&quot;,&quot;focal_length&quot;:&quot;0&quot;,&quot;iso&quot;:&quot;0&quot;,&quot;shutter_speed&quot;:&quot;0&quot;,&quot;title&quot;:&quot;&quot;,&quot;orientation&quot;:&quot;0&quot;}\" data-image-title=\"d_6_PER_Startseite_03\" data-image-description=\"\" data-image-caption=\"\" data-medium-file=\"https:\/\/michaelshof-sammatz.de\/blog\/wp-content\/uploads\/2019\/03\/d_6_PER_Startseite_03-293x300.jpg\" data-large-file=\"https:\/\/michaelshof-sammatz.de\/blog\/wp-content\/uploads\/2019\/03\/d_6_PER_Startseite_03.jpg\" tabindex=\"0\" role=\"button\" src=\"http:\/\/michaelshof-sammatz.de\/blog\/wp-content\/uploads\/2019\/03\/d_6_PER_Startseite_03.jpg\" alt=\"\" class=\"wp-image-14990\" srcset=\"https:\/\/michaelshof-sammatz.de\/blog\/wp-content\/uploads\/2019\/03\/d_6_PER_Startseite_03.jpg 390w, https:\/\/michaelshof-sammatz.de\/blog\/wp-content\/uploads\/2019\/03\/d_6_PER_Startseite_03-300x308.jpg 300w, https:\/\/michaelshof-sammatz.de\/blog\/wp-content\/uploads\/2019\/03\/d_6_PER_Startseite_03-146x150.jpg 146w, https:\/\/michaelshof-sammatz.de\/blog\/wp-content\/uploads\/2019\/03\/d_6_PER_Startseite_03-293x300.jpg 293w\" sizes=\"(max-width: 390px) 100vw, 390px\" \/><\/figure>\n\n\n\n<\/div><\/div>\n<div class=\"row\">\n<div class=\"col-md-6 nopadright\">\n\n\n\n<figure class=\"wp-block-image shortimg\"><img decoding=\"async\" width=\"456\" height=\"875\" data-attachment-id=\"14987\" data-permalink=\"https:\/\/michaelshof-sammatz.de\/blog\/peronnik\/peronnik-sum\/d_6_per_startseite_01\/\" data-orig-file=\"https:\/\/michaelshof-sammatz.de\/blog\/wp-content\/uploads\/2019\/03\/d_6_PER_Startseite_01.jpg\" data-orig-size=\"456,875\" data-comments-opened=\"0\" data-image-meta=\"{&quot;aperture&quot;:&quot;0&quot;,&quot;credit&quot;:&quot;&quot;,&quot;camera&quot;:&quot;&quot;,&quot;caption&quot;:&quot;&quot;,&quot;created_timestamp&quot;:&quot;0&quot;,&quot;copyright&quot;:&quot;&quot;,&quot;focal_length&quot;:&quot;0&quot;,&quot;iso&quot;:&quot;0&quot;,&quot;shutter_speed&quot;:&quot;0&quot;,&quot;title&quot;:&quot;&quot;,&quot;orientation&quot;:&quot;0&quot;}\" data-image-title=\"d_6_PER_Startseite_01\" data-image-description=\"\" data-image-caption=\"\" data-medium-file=\"https:\/\/michaelshof-sammatz.de\/blog\/wp-content\/uploads\/2019\/03\/d_6_PER_Startseite_01-156x300.jpg\" data-large-file=\"https:\/\/michaelshof-sammatz.de\/blog\/wp-content\/uploads\/2019\/03\/d_6_PER_Startseite_01.jpg\" tabindex=\"0\" role=\"button\" src=\"http:\/\/michaelshof-sammatz.de\/blog\/wp-content\/uploads\/2019\/03\/d_6_PER_Startseite_01.jpg\" alt=\"\" class=\"wp-image-14987\" srcset=\"https:\/\/michaelshof-sammatz.de\/blog\/wp-content\/uploads\/2019\/03\/d_6_PER_Startseite_01.jpg 456w, https:\/\/michaelshof-sammatz.de\/blog\/wp-content\/uploads\/2019\/03\/d_6_PER_Startseite_01-300x576.jpg 300w, https:\/\/michaelshof-sammatz.de\/blog\/wp-content\/uploads\/2019\/03\/d_6_PER_Startseite_01-78x150.jpg 78w, https:\/\/michaelshof-sammatz.de\/blog\/wp-content\/uploads\/2019\/03\/d_6_PER_Startseite_01-156x300.jpg 156w\" sizes=\"(max-width: 456px) 100vw, 456px\" \/><\/figure>\n\n\n\n<\/div>\n<div class=\"col-md-6 nopadleft\">\n<div class=\"shortpadding archeshort2\">\n\n\n\n<p style=\"color:#ffffff\" class=\"has-text-color\">So hei\u00dft das im Fachjargon \u2013 wenn ihr die \u2039Peronniker\u203a kennenlernt, sind sie eine bunte Bande liebenswerter, h\u00f6chst origineller Kinder und Jugendlicher, die aus Sammatz nicht wegzudenken sind. Sie leben fest mit uns, fahren von hier aus zur Schule (meistens), bev\u00f6lkern nachmittags die Dorfstra\u00dfe und essen Sonntags Eis im Caf\u00e9 (immer).<\/p>\n\n\n\n<p style=\"color:#ffffff;font-size:30px\" class=\"has-text-color\"><strong>Ein Ort f\u00fcr gute Ein\u00addr\u00fccke und Er\u00adleb\u00adnisse<\/strong><\/p>\n\n\n\n<p style=\"color:#ffffff\" class=\"has-text-color\">F\u00fcr sie ist \u2039ihr\u203a Sammatz ein St\u00fcck Sicherheit und Geborgenheit \u2013 ein Ort f\u00fcr gute Eindr\u00fccke und Erlebnisse f\u00fcr ihren weiteren Lebensweg. Ja, die Michaelshof-Anlagen sind nicht zuletzt f\u00fcr die Peronnik-Kinder so sch\u00f6n und reich gestaltet \u2026<\/p>\n\n\n\n<p style=\"color:#ffffff\" class=\"has-text-color\">\u00dcbrigens ist Peronnik ein altes M\u00e4rchen, in dem ein scheinbar dummer, zur\u00fcckgebliebener Junge dieses Namens am Ende mehr kann als alle anderen und den b\u00f6sen Zauberer besiegt. <br>Wir finden, das passt \u2026 \ud83d\ude00<\/p>\n\n\n\n<p style=\"color:#ffffff;font-size:18px;text-align:center\" class=\"has-text-color\"><strong>Willst du mehr erfahren?<br> Hier geht\u2019s zu<\/strong><\/p>\n\n\n\n<div style=\"height:35px\" aria-hidden=\"true\" class=\"wp-block-spacer\"><\/div>\n\n\n\n<p><a href=\"https:\/\/michaelshof-sammatz.de\/blog\/peronnik\/\">\n  <\/a><\/p>\n\n\n\n<a href=\"https:\/\/michaelshof-sammatz.de\/blog\/peronnik\/\">\n  <p class=\"summary-link\">\n    PERONNIK\n  <\/p>\n<\/a>\n\n\n\n<a href=\"https:\/\/michaelshof-sammatz.de\/blog\/peronnik\/\">\n<\/a>\n\n\n\n<p><\/p>\n\n\n\n<\/div>\n<\/div><\/div>\n\n\n\n<p style=\"text-align: right;\"><a style=\"color:#67c8f9\" href=\"#headeranchor\" data-wplink-edit=\"true\"><strong>Zum Seitenanfang \u2191<\/strong><\/a><\/p>\n\n\n\n<div style=\"height:100px\" aria-hidden=\"true\" class=\"wp-block-spacer\"><\/div>\n","protected":false},"excerpt":{"rendered":"<p>Peronnik Den Alltag zum Sonntag machen Eine bunte Bande liebens\u00adwerter, h\u00f6chst ori\u00adginel\u00adler Kinder und Jugend\u00adlicher\u2026 34 Kinder und Jugendliche, in sechs auf unser Dorf verteilten Wohngruppen und eng mit dem Leben hier verbunden \u2013 das ist Peronnik, unsere Kinder- und Jugendhilfeeinrichtung. Wir nehmen sowohl junge Menschen mit \u2039geistiger Behinderung\u203a, z B. Autisten, als auch mit [&hellip;]<\/p>\n","protected":false},"author":1,"featured_media":0,"parent":115,"menu_order":0,"comment_status":"closed","ping_status":"closed","template":"","meta":{"footnotes":""},"class_list":["post-3211","page","type-page","status-publish","hentry"],"jetpack_sharing_enabled":true,"jetpack_shortlink":"https:\/\/wp.me\/PaQBcD-PN","jetpack-related-posts":[],"_links":{"self":[{"href":"https:\/\/michaelshof-sammatz.de\/blog\/wp-json\/wp\/v2\/pages\/3211"}],"collection":[{"href":"https:\/\/michaelshof-sammatz.de\/blog\/wp-json\/wp\/v2\/pages"}],"about":[{"href":"https:\/\/michaelshof-sammatz.de\/blog\/wp-json\/wp\/v2\/types\/page"}],"author":[{"embeddable":true,"href":"https:\/\/michaelshof-sammatz.de\/blog\/wp-json\/wp\/v2\/users\/1"}],"replies":[{"embeddable":true,"href":"https:\/\/michaelshof-sammatz.de\/blog\/wp-json\/wp\/v2\/comments?post=3211"}],"version-history":[{"count":25,"href":"https:\/\/michaelshof-sammatz.de\/blog\/wp-json\/wp\/v2\/pages\/3211\/revisions"}],"predecessor-version":[{"id":23414,"href":"https:\/\/michaelshof-sammatz.de\/blog\/wp-json\/wp\/v2\/pages\/3211\/revisions\/23414"}],"up":[{"embeddable":true,"href":"https:\/\/michaelshof-sammatz.de\/blog\/wp-json\/wp\/v2\/pages\/115"}],"wp:attachment":[{"href":"https:\/\/michaelshof-sammatz.de\/blog\/wp-json\/wp\/v2\/media?parent=3211"}],"curies":[{"name":"wp","href":"https:\/\/api.w.org\/{rel}","templated":true}]}}