

{"id":348,"date":"2018-11-15T09:33:33","date_gmt":"2018-11-15T08:33:33","guid":{"rendered":"http:\/\/localhost:8080\/wordpress\/?page_id=348"},"modified":"2021-01-21T16:24:39","modified_gmt":"2021-01-21T15:24:39","slug":"forschen-heilen","status":"publish","type":"page","link":"https:\/\/michaelshof-sammatz.de\/blog\/forschen-heilen\/","title":{"rendered":"Forschen &#038; Heilen"},"content":{"rendered":"\n<h1 class=\"wp-block-heading\"><strong>Forschen &amp; Heilen<\/strong><\/h1>\n\n\n\n<h2 class=\"wp-block-heading\"><strong>Eichenhof und Haus der Natur <\/strong><\/h2>\n\n\n\n<div style=\"height:35px\" aria-hidden=\"true\" class=\"wp-block-spacer\"><\/div>\n\n\n\n<div class=\"row\">\n<div class=\"col-md-6\">\n\n\n\n<figure class=\"wp-block-image\"><img fetchpriority=\"high\" decoding=\"async\" width=\"459\" height=\"380\" data-attachment-id=\"1257\" data-permalink=\"https:\/\/michaelshof-sammatz.de\/blog\/forschen-heilen\/forschen-1\/\" data-orig-file=\"https:\/\/michaelshof-sammatz.de\/blog\/wp-content\/uploads\/2019\/01\/Forschen-1.jpg\" data-orig-size=\"459,380\" data-comments-opened=\"0\" data-image-meta=\"{&quot;aperture&quot;:&quot;0&quot;,&quot;credit&quot;:&quot;&quot;,&quot;camera&quot;:&quot;&quot;,&quot;caption&quot;:&quot;&quot;,&quot;created_timestamp&quot;:&quot;0&quot;,&quot;copyright&quot;:&quot;&quot;,&quot;focal_length&quot;:&quot;0&quot;,&quot;iso&quot;:&quot;0&quot;,&quot;shutter_speed&quot;:&quot;0&quot;,&quot;title&quot;:&quot;&quot;,&quot;orientation&quot;:&quot;0&quot;}\" data-image-title=\"Forschen-1\" data-image-description=\"\" data-image-caption=\"\" data-medium-file=\"https:\/\/michaelshof-sammatz.de\/blog\/wp-content\/uploads\/2019\/01\/Forschen-1-300x248.jpg\" data-large-file=\"https:\/\/michaelshof-sammatz.de\/blog\/wp-content\/uploads\/2019\/01\/Forschen-1.jpg\" tabindex=\"0\" role=\"button\" src=\"http:\/\/michaelshof-sammatz.de\/blog\/wp-content\/uploads\/2019\/01\/Forschen-1.jpg\" alt=\"\" class=\"wp-image-1257\" srcset=\"https:\/\/michaelshof-sammatz.de\/blog\/wp-content\/uploads\/2019\/01\/Forschen-1.jpg 459w, https:\/\/michaelshof-sammatz.de\/blog\/wp-content\/uploads\/2019\/01\/Forschen-1-300x248.jpg 300w\" sizes=\"(max-width: 459px) 100vw, 459px\" \/><\/figure>\n\n\n\n<\/div>\n<div class=\"col-md-6\">\n\n\n\n<figure class=\"wp-block-image\"><img decoding=\"async\" width=\"444\" height=\"382\" data-attachment-id=\"1258\" data-permalink=\"https:\/\/michaelshof-sammatz.de\/blog\/forschen-heilen\/forschen-2\/\" data-orig-file=\"https:\/\/michaelshof-sammatz.de\/blog\/wp-content\/uploads\/2019\/01\/Forschen-2.jpg\" data-orig-size=\"444,382\" data-comments-opened=\"0\" data-image-meta=\"{&quot;aperture&quot;:&quot;0&quot;,&quot;credit&quot;:&quot;&quot;,&quot;camera&quot;:&quot;&quot;,&quot;caption&quot;:&quot;&quot;,&quot;created_timestamp&quot;:&quot;0&quot;,&quot;copyright&quot;:&quot;&quot;,&quot;focal_length&quot;:&quot;0&quot;,&quot;iso&quot;:&quot;0&quot;,&quot;shutter_speed&quot;:&quot;0&quot;,&quot;title&quot;:&quot;&quot;,&quot;orientation&quot;:&quot;0&quot;}\" data-image-title=\"Forschen-2\" data-image-description=\"\" data-image-caption=\"\" data-medium-file=\"https:\/\/michaelshof-sammatz.de\/blog\/wp-content\/uploads\/2019\/01\/Forschen-2-300x258.jpg\" data-large-file=\"https:\/\/michaelshof-sammatz.de\/blog\/wp-content\/uploads\/2019\/01\/Forschen-2.jpg\" tabindex=\"0\" role=\"button\" src=\"http:\/\/michaelshof-sammatz.de\/blog\/wp-content\/uploads\/2019\/01\/Forschen-2.jpg\" alt=\"\" class=\"wp-image-1258\" srcset=\"https:\/\/michaelshof-sammatz.de\/blog\/wp-content\/uploads\/2019\/01\/Forschen-2.jpg 444w, https:\/\/michaelshof-sammatz.de\/blog\/wp-content\/uploads\/2019\/01\/Forschen-2-300x258.jpg 300w\" sizes=\"(max-width: 444px) 100vw, 444px\" \/><\/figure>\n\n\n\n<\/div> <\/div>\n\n\n\n<div style=\"height:35px\" aria-hidden=\"true\" class=\"wp-block-spacer\"><\/div>\n\n\n\n<p>Die Arbeit am \u2039Eichenhof\u203a und im \u2039Haus der Natur\u203a ist in vielerlei Hinsicht erst im Status nascendi, das hei\u00dft es ist schon vieles veranlagt, was aber erst in der n\u00e4chsten Zeit richtig sichtbar werden wird.<\/p>\n\n\n\n<div class=\"wp-block-media-text alignwide has-media-on-the-right is-stacked-on-mobile text-media-right\"><figure class=\"wp-block-media-text__media\"><img decoding=\"async\" width=\"349\" height=\"706\" data-attachment-id=\"1261\" data-permalink=\"https:\/\/michaelshof-sammatz.de\/blog\/forschen-heilen\/forschen-3\/\" data-orig-file=\"https:\/\/michaelshof-sammatz.de\/blog\/wp-content\/uploads\/2019\/01\/Forschen-3.jpg\" data-orig-size=\"349,706\" data-comments-opened=\"0\" data-image-meta=\"{&quot;aperture&quot;:&quot;0&quot;,&quot;credit&quot;:&quot;&quot;,&quot;camera&quot;:&quot;&quot;,&quot;caption&quot;:&quot;&quot;,&quot;created_timestamp&quot;:&quot;0&quot;,&quot;copyright&quot;:&quot;&quot;,&quot;focal_length&quot;:&quot;0&quot;,&quot;iso&quot;:&quot;0&quot;,&quot;shutter_speed&quot;:&quot;0&quot;,&quot;title&quot;:&quot;&quot;,&quot;orientation&quot;:&quot;0&quot;}\" data-image-title=\"Forschen-3\" data-image-description=\"\" data-image-caption=\"\" data-medium-file=\"https:\/\/michaelshof-sammatz.de\/blog\/wp-content\/uploads\/2019\/01\/Forschen-3-148x300.jpg\" data-large-file=\"https:\/\/michaelshof-sammatz.de\/blog\/wp-content\/uploads\/2019\/01\/Forschen-3.jpg\" tabindex=\"0\" role=\"button\" src=\"http:\/\/michaelshof-sammatz.de\/blog\/wp-content\/uploads\/2019\/01\/Forschen-3.jpg\" alt=\"\" class=\"wp-image-1261\" srcset=\"https:\/\/michaelshof-sammatz.de\/blog\/wp-content\/uploads\/2019\/01\/Forschen-3.jpg 349w, https:\/\/michaelshof-sammatz.de\/blog\/wp-content\/uploads\/2019\/01\/Forschen-3-300x607.jpg 300w, https:\/\/michaelshof-sammatz.de\/blog\/wp-content\/uploads\/2019\/01\/Forschen-3-148x300.jpg 148w\" sizes=\"(max-width: 349px) 100vw, 349px\" \/><\/figure><div class=\"wp-block-media-text__content\">\n<p style=\"font-size:18px\"><strong>Bildschaffende Methoden<\/strong><\/p>\n\n\n\n<p>Wir besch\u00e4ftigen uns am \u2039Eichenhof\u203a mit dem Anbau und der Verarbeitung von Kr\u00e4utern f\u00fcr Tees, \u00d6le, Salben etc.; mit der Erforschung hom\u00f6opathischer Prozesse mit der Fragestellung, wie ihre Wirkensweise sichtbar gemacht werden kann; mit Qualit\u00e4ts-Untersuchungen von Nahrungs\u2013 und Heilmitteln, von B\u00f6den und D\u00fcnger. <\/p>\n\n\n\n<p>Dabei wenden wir in Bezug auf die letztgenannten Aufgaben verschiedene Methoden an, mit denen seit Jahrzehnten gearbeitet wird: Das sind die Steigbildmethode nach Lily Kolisko, die Kupferchlorid-Kristallisation nach E. Pfeiffer, die Thesigraphie nach Friedrich von Hahn oder auch die Versuchsanordnungen zu Tropfbildmethode und Pflanzenwachstum nach Georg F. Maag. Der Prozess des Lernens dieser zusammenfassend auch als \u2039bildschaffende Methoden\u203a bezeichneten Qualit\u00e4tsuntersuchungen ist ein steter Prozess, den wir zwar vor einigen Jahren bereits begonnen haben, der jedoch noch weitere Zeit in Anspruch nehmen wird, um zu relevanten Ergebnissen zu f\u00fchren. <\/p>\n\n\n\n<p>Ein kleines Team von Mitarbeitern arbeitet sich in diese Fragestellungen ein, wobei die Arbeit in den Wintermonaten ihren Schwerpunkt hat, im Sommer bisher immer wiederum von den Notwendigkeiten der Gartenarbeit \u00fcberlagert wurde.<\/p>\n\n\n\n<h3 class=\"has-text-align-right wp-block-heading\"><strong>Qualit\u00e4ts-Untersuchungen <\/strong><\/h3>\n\n\n\n<h5 class=\"has-text-align-right title-color-blue wp-block-heading\"><strong>von Nahrungs- und Heilmitteln,<\/strong><br><strong>von B\u00f6den und D\u00fcnger <\/strong><br> <\/h5>\n<\/div><\/div>\n\n\n\n<div style=\"height:15px\" aria-hidden=\"true\" class=\"wp-block-spacer\"><\/div>\n\n\n\n<div class=\"wp-block-media-text alignwide is-stacked-on-mobile text-media-left\"><figure class=\"wp-block-media-text__media\"><img loading=\"lazy\" decoding=\"async\" width=\"402\" height=\"609\" data-attachment-id=\"1267\" data-permalink=\"https:\/\/michaelshof-sammatz.de\/blog\/forschen-heilen\/forschen-5\/\" data-orig-file=\"https:\/\/michaelshof-sammatz.de\/blog\/wp-content\/uploads\/2019\/01\/Forschen-5.jpg\" data-orig-size=\"402,609\" data-comments-opened=\"0\" data-image-meta=\"{&quot;aperture&quot;:&quot;0&quot;,&quot;credit&quot;:&quot;&quot;,&quot;camera&quot;:&quot;&quot;,&quot;caption&quot;:&quot;&quot;,&quot;created_timestamp&quot;:&quot;0&quot;,&quot;copyright&quot;:&quot;&quot;,&quot;focal_length&quot;:&quot;0&quot;,&quot;iso&quot;:&quot;0&quot;,&quot;shutter_speed&quot;:&quot;0&quot;,&quot;title&quot;:&quot;&quot;,&quot;orientation&quot;:&quot;0&quot;}\" data-image-title=\"Forschen-5\" data-image-description=\"\" data-image-caption=\"\" data-medium-file=\"https:\/\/michaelshof-sammatz.de\/blog\/wp-content\/uploads\/2019\/01\/Forschen-5-198x300.jpg\" data-large-file=\"https:\/\/michaelshof-sammatz.de\/blog\/wp-content\/uploads\/2019\/01\/Forschen-5.jpg\" tabindex=\"0\" role=\"button\" src=\"http:\/\/michaelshof-sammatz.de\/blog\/wp-content\/uploads\/2019\/01\/Forschen-5.jpg\" alt=\"\" class=\"wp-image-1267\" srcset=\"https:\/\/michaelshof-sammatz.de\/blog\/wp-content\/uploads\/2019\/01\/Forschen-5.jpg 402w, https:\/\/michaelshof-sammatz.de\/blog\/wp-content\/uploads\/2019\/01\/Forschen-5-300x454.jpg 300w, https:\/\/michaelshof-sammatz.de\/blog\/wp-content\/uploads\/2019\/01\/Forschen-5-198x300.jpg 198w\" sizes=\"(max-width: 402px) 100vw, 402px\" \/><\/figure><div class=\"wp-block-media-text__content\">\n<p style=\"font-size:18px\"><strong>Kr\u00e4uter und Tees<\/strong><\/p>\n\n\n\n<p>Der genannte Kr\u00e4uter\u2013 und Teebereich l\u00e4uft hingegen schon auf vollen Touren. Der eigene Anbau von Salbei, Minze, Melisse, Goldnessel, Lavendel und vielem mehr wird von uns schon seit Jahren nach biologisch-dynamischen Richtlinien durchgef\u00fchrt. Deren Qualit\u00e4t erf\u00e4hrt von vielen Seiten Anerkennung, wozu auch die Weiterverarbeitung durch eine selbsterbaute Trockenanlage beitr\u00e4gt, welche die angenehme W\u00e4rme des Holzofens so zur Geltung kommen l\u00e4sst, dass das Aroma der Pflanzen den ganzen Raum erf\u00fcllt. Die Kr\u00e4uter werden dann sorgsam gerebelt, geschnitten und in umweltfreundlichen Verpackungen in den Verkauf gegeben. Da wir den Bedarf noch nicht ganz selbst decken k\u00f6nnen, beziehen wir einige Kr\u00e4uter auch aus anderer Herstellung, alles selbstverst\u00e4ndlich aus biologischem oder biologisch- dynamischem Anbau. <br> Die Herstellung von \u00d6len, Salben und Kosmetika ist noch in der Probezeit. Wir hoffen, dass auch diese Produkte im Laufe des Jahres in den Verkauf gehen.<\/p>\n\n\n\n<p style=\"font-size:18px\"><strong>Therapeutikum in Planung<\/strong><\/p>\n\n\n\n<p>Ein weiteres Gebiet, das wir bereits jetzt vorbereiten, und denken, es in etwa 2 Jahren realisieren zu k\u00f6nnen, ist der Aufbau eines kleinen Therapeutikums. Es soll neben einer Arztpraxis auch Angebote zur Krankengymnastik, Massage, Badeanwendungen sowie k\u00fcnstlerischer Therapie (Malen, Heileurythmie, Musiktherapie etc.) umfassen. <\/p>\n<\/div><\/div>\n\n\n\n<div style=\"height:15px\" aria-hidden=\"true\" class=\"wp-block-spacer\"><\/div>\n\n\n\n<div class=\"row\">\n<div class=\"col-md-6\">\n\n\n\n<p style=\"font-size:18px\"><strong>Workshops im Haus der Natur<\/strong><\/p>\n\n\n\n<p>Seit M\u00e4rz 2019 finden im \u2039Haus der Natur\u203a Workshops und Vortr\u00e4ge zum Thema \u2039Natur\u203a statt, die von verschiedenen Ausstellungen begleitet werden. Das Haus wurde im Dezember 2018 er\u00f6ffnet und stellt mehrere R\u00e4ume zur Verf\u00fcgung, um durchs Jahr Kurse zu so verschiedenen Gebieten wie Heilpflanzenanbau, Obstbaumschnitt, Bodenqualit\u00e4t und Landwirtschaft, zum Wesen der vier Elemente, zur Frage von Sternenwirkungen auf Erde und Mensch und vieles mehr anzubieten. Schwerpunkt ist 2019 das Thema \u2039Insekten\u203a, das ja ganz aktuell auf der Tagesordnung steht, da ein dramatischer R\u00fcckgang der Artenvielfalt und -menge insbesondere dieser Tiergattung zu beobachten ist. <\/p>\n\n\n\n<\/div>\n<div class=\"col-md-6\">\n\n\n\n<p class=\"has-text-color\" style=\"font-size:30px;color:#06567c\"><strong>Heilpflanzen-<br>anbau<\/strong><\/p>\n\n\n\n<p class=\"has-text-color\" style=\"font-size:22px;color:#06567c\"><strong>Obstbaumschnitt,<br>Bodenqualit\u00e4t<br>die vier Elemente &#8230;<\/strong><\/p>\n\n\n\n<\/div>\n<\/div>\n\n\n\n<p>Last but not least werden in diesem Haus sowie in der herrlichen Natur der unmittelbaren Umgebung Kurse zum Ausbildung von Erlebnisp\u00e4dagogen stattfinden. Die Zusammenarbeit mit der Initiative \u2039EOS\u203a (siehe <a style=\"color:#67c8f9\" href=\"https:\/\/eos-erlebnispaedagogik.de\/\"><strong>hier<\/strong><\/a>), die hierf\u00fcr ein breites Spektrum von Kursen anbietet, wird schon in diesem Jahr beginnen.<\/p>\n\n\n\n<div class=\"wp-block-media-text alignwide is-stacked-on-mobile text-media-left\"><figure class=\"wp-block-media-text__media\"><img loading=\"lazy\" decoding=\"async\" width=\"402\" height=\"405\" data-attachment-id=\"1269\" data-permalink=\"https:\/\/michaelshof-sammatz.de\/blog\/forschen-heilen\/forschen-7\/\" data-orig-file=\"https:\/\/michaelshof-sammatz.de\/blog\/wp-content\/uploads\/2019\/01\/Forschen-7.jpg\" data-orig-size=\"402,405\" data-comments-opened=\"0\" data-image-meta=\"{&quot;aperture&quot;:&quot;0&quot;,&quot;credit&quot;:&quot;&quot;,&quot;camera&quot;:&quot;&quot;,&quot;caption&quot;:&quot;&quot;,&quot;created_timestamp&quot;:&quot;0&quot;,&quot;copyright&quot;:&quot;&quot;,&quot;focal_length&quot;:&quot;0&quot;,&quot;iso&quot;:&quot;0&quot;,&quot;shutter_speed&quot;:&quot;0&quot;,&quot;title&quot;:&quot;&quot;,&quot;orientation&quot;:&quot;0&quot;}\" data-image-title=\"Forschen-7\" data-image-description=\"\" data-image-caption=\"\" data-medium-file=\"https:\/\/michaelshof-sammatz.de\/blog\/wp-content\/uploads\/2019\/01\/Forschen-7-298x300.jpg\" data-large-file=\"https:\/\/michaelshof-sammatz.de\/blog\/wp-content\/uploads\/2019\/01\/Forschen-7.jpg\" tabindex=\"0\" role=\"button\" src=\"http:\/\/michaelshof-sammatz.de\/blog\/wp-content\/uploads\/2019\/01\/Forschen-7.jpg\" alt=\"\" class=\"wp-image-1269\" srcset=\"https:\/\/michaelshof-sammatz.de\/blog\/wp-content\/uploads\/2019\/01\/Forschen-7.jpg 402w, https:\/\/michaelshof-sammatz.de\/blog\/wp-content\/uploads\/2019\/01\/Forschen-7-300x302.jpg 300w, https:\/\/michaelshof-sammatz.de\/blog\/wp-content\/uploads\/2019\/01\/Forschen-7-100x100.jpg 100w, https:\/\/michaelshof-sammatz.de\/blog\/wp-content\/uploads\/2019\/01\/Forschen-7-150x150.jpg 150w, https:\/\/michaelshof-sammatz.de\/blog\/wp-content\/uploads\/2019\/01\/Forschen-7-298x300.jpg 298w\" sizes=\"(max-width: 402px) 100vw, 402px\" \/><\/figure><div class=\"wp-block-media-text__content\">\n<p style=\"font-size:18px\"><strong>Erlebnisraum f\u00fcr Mensch und Natur<\/strong><\/p>\n\n\n\n<p>Damit bieten wir einen breit gef\u00e4cherten Erlebnisraum f\u00fcr alle Menschen an, welche an den vielf\u00e4ltigen Erscheinungsformen der Natur interessiert sind: f\u00fcr Jung und Alt, Laien und bewanderte Naturliebhaber, kurzu<br>\nm f\u00fcr das breite Spektrum derjenigen, die durch Kenntnis und T\u00e4tigkeit ein St\u00fcck weit dazu beitragen m\u00f6chten, die Natur zu erhalten und vielleicht sogar durch Menschenhand ihr Wesen in noch besserer Weise zur Geltung zu bringen..<\/p>\n\n\n\n<p>Ihr seht: es sind wirklich sehr vielf\u00e4ltige Angebote und Arbeiten, die im Eichenhof sowie im Haus der Natur stattfinden. Einiges ist, wie gesagt, erst in Planung, anderes beginnt gerade, verschiedene T\u00e4tigkeiten werden bereits seit mehreren Jahren gepflegt. \u2039Forschen und Heilen\u203a ist ein spannender Bereich, der die sonstigen Arbeitsfelder des Michaelshof in fruchtbarer Weise erg\u00e4nzt.  <\/p>\n<\/div><\/div>\n\n\n\n<div style=\"height:20px\" aria-hidden=\"true\" class=\"wp-block-spacer\"><\/div>\n\n\n\n<p style=\"font-size:18px\"><\/p>\n\n\n\n<div style=\"height:50px\" aria-hidden=\"true\" class=\"wp-block-spacer\"><\/div>\n","protected":false},"excerpt":{"rendered":"<p>Forschen &amp; Heilen Eichenhof und Haus der Natur Die Arbeit am \u2039Eichenhof\u203a und im \u2039Haus der Natur\u203a ist in vielerlei Hinsicht erst im Status nascendi, das hei\u00dft es ist schon vieles veranlagt, was aber erst in der n\u00e4chsten Zeit richtig sichtbar werden wird. Bildschaffende Methoden Wir besch\u00e4ftigen uns am \u2039Eichenhof\u203a mit dem Anbau und der [&hellip;]<\/p>\n","protected":false},"author":2,"featured_media":0,"parent":0,"menu_order":0,"comment_status":"closed","ping_status":"closed","template":"","meta":{"footnotes":""},"class_list":["post-348","page","type-page","status-publish","hentry"],"jetpack_sharing_enabled":true,"jetpack_shortlink":"https:\/\/wp.me\/PaQBcD-5C","jetpack-related-posts":[],"_links":{"self":[{"href":"https:\/\/michaelshof-sammatz.de\/blog\/wp-json\/wp\/v2\/pages\/348"}],"collection":[{"href":"https:\/\/michaelshof-sammatz.de\/blog\/wp-json\/wp\/v2\/pages"}],"about":[{"href":"https:\/\/michaelshof-sammatz.de\/blog\/wp-json\/wp\/v2\/types\/page"}],"author":[{"embeddable":true,"href":"https:\/\/michaelshof-sammatz.de\/blog\/wp-json\/wp\/v2\/users\/2"}],"replies":[{"embeddable":true,"href":"https:\/\/michaelshof-sammatz.de\/blog\/wp-json\/wp\/v2\/comments?post=348"}],"version-history":[{"count":31,"href":"https:\/\/michaelshof-sammatz.de\/blog\/wp-json\/wp\/v2\/pages\/348\/revisions"}],"predecessor-version":[{"id":27928,"href":"https:\/\/michaelshof-sammatz.de\/blog\/wp-json\/wp\/v2\/pages\/348\/revisions\/27928"}],"wp:attachment":[{"href":"https:\/\/michaelshof-sammatz.de\/blog\/wp-json\/wp\/v2\/media?parent=348"}],"curies":[{"name":"wp","href":"https:\/\/api.w.org\/{rel}","templated":true}]}}