

{"id":750,"date":"2019-01-04T23:28:01","date_gmt":"2019-01-04T22:28:01","guid":{"rendered":"http:\/\/michaelshof-campus.com\/blog\/?page_id=750"},"modified":"2022-05-31T10:22:44","modified_gmt":"2022-05-31T08:22:44","slug":"archehof-info","status":"publish","type":"page","link":"https:\/\/michaelshof-sammatz.de\/blog\/archehof\/archehof-info\/","title":{"rendered":"Arche-Hof | Info"},"content":{"rendered":"\n<h2 class=\"wp-block-heading\"><strong>Info Arche-Hof  <\/strong>  <\/h2>\n\n\n\n<div style=\"height:31px\" aria-hidden=\"true\" class=\"wp-block-spacer\"><\/div>\n\n\n\n\n\n\n\n<div style=\"height:41px\" aria-hidden=\"true\" class=\"wp-block-spacer\"><\/div>\n\n\n\n<div class=\"row\">\n<div class=\"col-sm-8\">\n<figure class=\"wp-block-image\"><img decoding=\"async\" src=\"https:\/\/michaelshof-sammatz.de\/blog\/wp-content\/uploads\/2019\/02\/arche-info.jpg\"><\/figure>\n\n<\/div>\n<div class=\"col-sm-4\">\n\n\n<p style=\"color:#f8a220;font-size:18px\" class=\"has-text-color\"><strong>\u00d6ffnungsszeiten<\/strong><\/p>\n\n<p>Der Arche-Hof ist t\u00e4glich von 8.00 bis 19.00 ge\u00f6ffnet. \n<\/p>\n\n\n\n\n\n\n<p class=\"info-icon\"><img decoding=\"async\" data-attachment-id=\"926\" data-permalink=\"https:\/\/michaelshof-sammatz.de\/blog\/helfer\/helfer-video\/helfer-info-class-icon\/\" data-orig-file=\"https:\/\/michaelshof-sammatz.de\/blog\/wp-content\/uploads\/2019\/01\/helfer-info-class-icon.png\" data-orig-size=\"29,33\" data-comments-opened=\"0\" data-image-meta=\"{&quot;aperture&quot;:&quot;0&quot;,&quot;credit&quot;:&quot;&quot;,&quot;camera&quot;:&quot;&quot;,&quot;caption&quot;:&quot;&quot;,&quot;created_timestamp&quot;:&quot;0&quot;,&quot;copyright&quot;:&quot;&quot;,&quot;focal_length&quot;:&quot;0&quot;,&quot;iso&quot;:&quot;0&quot;,&quot;shutter_speed&quot;:&quot;0&quot;,&quot;title&quot;:&quot;&quot;,&quot;orientation&quot;:&quot;0&quot;}\" data-image-title=\"helfer-info-class-icon\" data-image-description=\"\" data-image-caption=\"\" data-medium-file=\"https:\/\/michaelshof-sammatz.de\/blog\/wp-content\/uploads\/2019\/01\/helfer-info-class-icon.png\" data-large-file=\"https:\/\/michaelshof-sammatz.de\/blog\/wp-content\/uploads\/2019\/01\/helfer-info-class-icon.png\" tabindex=\"0\" role=\"button\" class=\"wp-image-926\" style=\"\" src=\"https:\/\/michaelshof-sammatz.de\/blog\/wp-content\/uploads\/2019\/02\/arche-info5.png\" alt=\"\"><\/p>\n\n<p style=\"color:#f8a220;font-size:18px\" class=\"has-text-color\"><strong>Rauchen<\/strong><\/p>\n\n<p>Rauchen ist auf dem Hof wie auch auf dem gesamten \u00fcbrigen Michaelshof- Gel\u00e4nde nicht erlaubt.\n<\/p>\n\n\n\n\n\n\n\n<\/div>\n<\/div>\n\n\n\n<div class=\"wp-block-columns has-3-columns info is-layout-flex wp-container-core-columns-is-layout-1 wp-block-columns-is-layout-flex\">\n<div class=\"wp-block-column is-layout-flow wp-block-column-is-layout-flow\">\n<figure class=\"aligncenter\" style=\"text-align:left\"><img decoding=\"async\" data-attachment-id=\"2131\" data-permalink=\"https:\/\/michaelshof-sammatz.de\/blog\/cafe-spei\/\" data-orig-file=\"https:\/\/michaelshof-sammatz.de\/blog\/wp-content\/uploads\/2019\/02\/cafe-spei.png\" data-orig-size=\"41,58\" data-comments-opened=\"0\" data-image-meta=\"{&quot;aperture&quot;:&quot;0&quot;,&quot;credit&quot;:&quot;&quot;,&quot;camera&quot;:&quot;&quot;,&quot;caption&quot;:&quot;&quot;,&quot;created_timestamp&quot;:&quot;0&quot;,&quot;copyright&quot;:&quot;&quot;,&quot;focal_length&quot;:&quot;0&quot;,&quot;iso&quot;:&quot;0&quot;,&quot;shutter_speed&quot;:&quot;0&quot;,&quot;title&quot;:&quot;&quot;,&quot;orientation&quot;:&quot;0&quot;}\" data-image-title=\"cafe-spei\" data-image-description=\"\" data-image-caption=\"\" data-medium-file=\"https:\/\/michaelshof-sammatz.de\/blog\/wp-content\/uploads\/2019\/02\/cafe-spei.png\" data-large-file=\"https:\/\/michaelshof-sammatz.de\/blog\/wp-content\/uploads\/2019\/02\/cafe-spei.png\" tabindex=\"0\" role=\"button\" src=\"https:\/\/michaelshof-sammatz.de\/blog\/wp-content\/uploads\/2019\/02\/arche-info4.png\" alt=\"\" class=\"wp-image-2131\"><\/figure>\n\n\n\n<p class=\"has-text-align-left has-text-color\" style=\"color:#f8a220;font-size:18px\"><strong>F\u00fchrungen   <\/strong><\/p>\n\n\n\n<p class=\"has-text-align-left\">Derzeit finden keine F\u00fchrungen statt.<\/p>\n\n\n\n<p class=\"has-text-align-left\"><\/p>\n\n\n\n<figure class=\"aligncenter\" style=\"text-align:left\"><img decoding=\"async\" data-attachment-id=\"2133\" data-permalink=\"https:\/\/michaelshof-sammatz.de\/blog\/cafe-kontakt\/\" data-orig-file=\"https:\/\/michaelshof-sammatz.de\/blog\/wp-content\/uploads\/2019\/02\/cafe-kontakt.png\" data-orig-size=\"52,56\" data-comments-opened=\"0\" data-image-meta=\"{&quot;aperture&quot;:&quot;0&quot;,&quot;credit&quot;:&quot;&quot;,&quot;camera&quot;:&quot;&quot;,&quot;caption&quot;:&quot;&quot;,&quot;created_timestamp&quot;:&quot;0&quot;,&quot;copyright&quot;:&quot;&quot;,&quot;focal_length&quot;:&quot;0&quot;,&quot;iso&quot;:&quot;0&quot;,&quot;shutter_speed&quot;:&quot;0&quot;,&quot;title&quot;:&quot;&quot;,&quot;orientation&quot;:&quot;0&quot;}\" data-image-title=\"cafe-kontakt\" data-image-description=\"\" data-image-caption=\"\" data-medium-file=\"https:\/\/michaelshof-sammatz.de\/blog\/wp-content\/uploads\/2019\/02\/cafe-kontakt.png\" data-large-file=\"https:\/\/michaelshof-sammatz.de\/blog\/wp-content\/uploads\/2019\/02\/cafe-kontakt.png\" tabindex=\"0\" role=\"button\" src=\"https:\/\/michaelshof-sammatz.de\/blog\/wp-content\/uploads\/2019\/02\/arche-info7.png\" alt=\"\" class=\"wp-image-2133\"><\/figure>\n\n\n\n<p class=\"has-text-color\"><\/p>\n\n\n\n<p style=\"text-align: left;\"><a href=\"\/wp-content\/uploads\/Zertifikate\/Demeter_Zertifikat_Michaelshof-Sammatz_23170.pdf\" target=\"_blank\" rel=\"noopener noreferrer\">Demeter-Zertifikat<\/a><br>\n\n<a href=\"\/wp-content\/uploads\/Zertifikate\/191105191609_0001.pdf\" target=\"_blank\" rel=\"noopener noreferrer\">EU-BIO-Zertifikat<\/a>\n<\/p>\n<\/div>\n\n\n\n<div class=\"wp-block-column is-layout-flow wp-block-column-is-layout-flow\">\n<figure class=\"aligncenter\" style=\"text-align:left\"><img decoding=\"async\" data-attachment-id=\"2132\" data-permalink=\"https:\/\/michaelshof-sammatz.de\/blog\/cafe-reserv\/\" data-orig-file=\"https:\/\/michaelshof-sammatz.de\/blog\/wp-content\/uploads\/2019\/02\/cafe-reserv.png\" data-orig-size=\"85,58\" data-comments-opened=\"0\" data-image-meta=\"{&quot;aperture&quot;:&quot;0&quot;,&quot;credit&quot;:&quot;&quot;,&quot;camera&quot;:&quot;&quot;,&quot;caption&quot;:&quot;&quot;,&quot;created_timestamp&quot;:&quot;0&quot;,&quot;copyright&quot;:&quot;&quot;,&quot;focal_length&quot;:&quot;0&quot;,&quot;iso&quot;:&quot;0&quot;,&quot;shutter_speed&quot;:&quot;0&quot;,&quot;title&quot;:&quot;&quot;,&quot;orientation&quot;:&quot;0&quot;}\" data-image-title=\"cafe-reserv\" data-image-description=\"\" data-image-caption=\"\" data-medium-file=\"https:\/\/michaelshof-sammatz.de\/blog\/wp-content\/uploads\/2019\/02\/cafe-reserv.png\" data-large-file=\"https:\/\/michaelshof-sammatz.de\/blog\/wp-content\/uploads\/2019\/02\/cafe-reserv.png\" tabindex=\"0\" role=\"button\" src=\"https:\/\/michaelshof-sammatz.de\/blog\/wp-content\/uploads\/2019\/02\/arche-info3.png\" alt=\"\" class=\"wp-image-2132\"><\/figure>\n\n\n\n<p class=\"has-text-align-left has-text-color\" style=\"color:#f8a220;font-size:18px\"><strong>Bestellungen  <\/strong><\/p>\n\n\n\n<p class=\"has-text-align-left\">F\u00fcr Fleischbestellungen wendet euch bitte direkt an:<\/p>\n\n\n\n<p class=\"has-text-align-left\">Emmanuel Haacke<br>E-Mail: sammeat@sammatz.de<\/p>\n<\/div>\n\n\n\n<div class=\"wp-block-column is-layout-flow wp-block-column-is-layout-flow\">\n<figure class=\"aligncenter\" style=\"text-align:left\"><img decoding=\"async\" data-attachment-id=\"2133\" data-permalink=\"https:\/\/michaelshof-sammatz.de\/blog\/cafe-kontakt\/\" data-orig-file=\"https:\/\/michaelshof-sammatz.de\/blog\/wp-content\/uploads\/2019\/02\/cafe-kontakt.png\" data-orig-size=\"52,56\" data-comments-opened=\"0\" data-image-meta=\"{&quot;aperture&quot;:&quot;0&quot;,&quot;credit&quot;:&quot;&quot;,&quot;camera&quot;:&quot;&quot;,&quot;caption&quot;:&quot;&quot;,&quot;created_timestamp&quot;:&quot;0&quot;,&quot;copyright&quot;:&quot;&quot;,&quot;focal_length&quot;:&quot;0&quot;,&quot;iso&quot;:&quot;0&quot;,&quot;shutter_speed&quot;:&quot;0&quot;,&quot;title&quot;:&quot;&quot;,&quot;orientation&quot;:&quot;0&quot;}\" data-image-title=\"cafe-kontakt\" data-image-description=\"\" data-image-caption=\"\" data-medium-file=\"https:\/\/michaelshof-sammatz.de\/blog\/wp-content\/uploads\/2019\/02\/cafe-kontakt.png\" data-large-file=\"https:\/\/michaelshof-sammatz.de\/blog\/wp-content\/uploads\/2019\/02\/cafe-kontakt.png\" tabindex=\"0\" role=\"button\" src=\"https:\/\/michaelshof-sammatz.de\/blog\/wp-content\/uploads\/2019\/02\/arche-info1.png\" alt=\"\" class=\"wp-image-2133\"><\/figure>\n\n\n\n<p class=\"has-text-align-left has-text-color\" style=\"color:#f8a220;font-size:18px\"><strong>F\u00fcttern <\/strong><\/p>\n\n\n\n<p class=\"has-text-align-left\">Das F\u00fcttern der Tiere ist nicht erlaubt. Erhalten sie Futter, das ihnen nicht bekommt, k\u00f6nnen die Folgen recht schmerzhaft sein.<br><br><\/p>\n\n\n\n<figure class=\"aligncenter\" style=\"text-align:left\"><img decoding=\"async\" data-attachment-id=\"2133\" data-permalink=\"https:\/\/michaelshof-sammatz.de\/blog\/cafe-kontakt\/\" data-orig-file=\"https:\/\/michaelshof-sammatz.de\/blog\/wp-content\/uploads\/2019\/02\/cafe-kontakt.png\" data-orig-size=\"52,56\" data-comments-opened=\"0\" data-image-meta=\"{&quot;aperture&quot;:&quot;0&quot;,&quot;credit&quot;:&quot;&quot;,&quot;camera&quot;:&quot;&quot;,&quot;caption&quot;:&quot;&quot;,&quot;created_timestamp&quot;:&quot;0&quot;,&quot;copyright&quot;:&quot;&quot;,&quot;focal_length&quot;:&quot;0&quot;,&quot;iso&quot;:&quot;0&quot;,&quot;shutter_speed&quot;:&quot;0&quot;,&quot;title&quot;:&quot;&quot;,&quot;orientation&quot;:&quot;0&quot;}\" data-image-title=\"cafe-kontakt\" data-image-description=\"\" data-image-caption=\"\" data-medium-file=\"https:\/\/michaelshof-sammatz.de\/blog\/wp-content\/uploads\/2019\/02\/cafe-kontakt.png\" data-large-file=\"https:\/\/michaelshof-sammatz.de\/blog\/wp-content\/uploads\/2019\/02\/cafe-kontakt.png\" tabindex=\"0\" role=\"button\" src=\"https:\/\/michaelshof-sammatz.de\/blog\/wp-content\/uploads\/2019\/02\/arche-info2.png\" alt=\"\" class=\"wp-image-2133\"><\/figure>\n\n\n\n<p class=\"has-text-align-left has-text-color\" style=\"color:#f8a220;font-size:18px\"><strong>Kontakt <\/strong><\/p>\n\n\n\n<p class=\"has-text-align-left\">Arche-Hof Sammatz<br>Im Dorfe 11<br>29490 Sammatz<br>Tel 05858 970 30<br>Mail info@sammatz.de<\/p>\n<\/div>\n<\/div>\n\n\n\n<p><\/p>\n","protected":false},"excerpt":{"rendered":"<p>Info Arche-Hof \u00d6ffnungsszeiten Der Arche-Hof ist t\u00e4glich von 8.00 bis 19.00 ge\u00f6ffnet. Rauchen Rauchen ist auf dem Hof wie auch auf dem gesamten \u00fcbrigen Michaelshof- Gel\u00e4nde nicht erlaubt. F\u00fchrungen Derzeit finden keine F\u00fchrungen statt. Demeter-Zertifikat EU-BIO-Zertifikat Bestellungen F\u00fcr Fleischbestellungen wendet euch bitte direkt an: Emmanuel HaackeE-Mail: sammeat@sammatz.de F\u00fcttern Das F\u00fcttern der Tiere ist nicht erlaubt. [&hellip;]<\/p>\n","protected":false},"author":1,"featured_media":0,"parent":109,"menu_order":0,"comment_status":"closed","ping_status":"closed","template":"","meta":{"footnotes":""},"class_list":["post-750","page","type-page","status-publish","hentry"],"jetpack_sharing_enabled":true,"jetpack_shortlink":"https:\/\/wp.me\/PaQBcD-c6","jetpack-related-posts":[],"_links":{"self":[{"href":"https:\/\/michaelshof-sammatz.de\/blog\/wp-json\/wp\/v2\/pages\/750"}],"collection":[{"href":"https:\/\/michaelshof-sammatz.de\/blog\/wp-json\/wp\/v2\/pages"}],"about":[{"href":"https:\/\/michaelshof-sammatz.de\/blog\/wp-json\/wp\/v2\/types\/page"}],"author":[{"embeddable":true,"href":"https:\/\/michaelshof-sammatz.de\/blog\/wp-json\/wp\/v2\/users\/1"}],"replies":[{"embeddable":true,"href":"https:\/\/michaelshof-sammatz.de\/blog\/wp-json\/wp\/v2\/comments?post=750"}],"version-history":[{"count":71,"href":"https:\/\/michaelshof-sammatz.de\/blog\/wp-json\/wp\/v2\/pages\/750\/revisions"}],"predecessor-version":[{"id":30939,"href":"https:\/\/michaelshof-sammatz.de\/blog\/wp-json\/wp\/v2\/pages\/750\/revisions\/30939"}],"up":[{"embeddable":true,"href":"https:\/\/michaelshof-sammatz.de\/blog\/wp-json\/wp\/v2\/pages\/109"}],"wp:attachment":[{"href":"https:\/\/michaelshof-sammatz.de\/blog\/wp-json\/wp\/v2\/media?parent=750"}],"curies":[{"name":"wp","href":"https:\/\/api.w.org\/{rel}","templated":true}]}}