

{"id":851,"date":"2019-01-06T19:11:46","date_gmt":"2019-01-06T18:11:46","guid":{"rendered":"http:\/\/michaelshof-campus.com\/blog\/?page_id=851"},"modified":"2020-01-23T16:33:30","modified_gmt":"2020-01-23T15:33:30","slug":"andere-events","status":"publish","type":"page","link":"https:\/\/michaelshof-sammatz.de\/blog\/michaelshof-events\/andere-events\/","title":{"rendered":"Weitere Events"},"content":{"rendered":"\n<h1 class=\"wp-block-heading\"><strong>Weitere Events<\/strong><\/h1>\n\n\n\n<div style=\"height:83px\" aria-hidden=\"true\" class=\"wp-block-spacer\"><\/div>\n\n\n\n<figure class=\"wp-block-image pageTeaserImage\"><img fetchpriority=\"high\" decoding=\"async\" width=\"843\" height=\"326\" data-attachment-id=\"6459\" data-permalink=\"https:\/\/michaelshof-sammatz.de\/blog\/michaelshof-events\/andere-events\/andere1\/\" data-orig-file=\"https:\/\/michaelshof-sammatz.de\/blog\/wp-content\/uploads\/2019\/02\/andere1.jpg\" data-orig-size=\"843,326\" data-comments-opened=\"0\" data-image-meta=\"{&quot;aperture&quot;:&quot;0&quot;,&quot;credit&quot;:&quot;&quot;,&quot;camera&quot;:&quot;&quot;,&quot;caption&quot;:&quot;&quot;,&quot;created_timestamp&quot;:&quot;0&quot;,&quot;copyright&quot;:&quot;&quot;,&quot;focal_length&quot;:&quot;0&quot;,&quot;iso&quot;:&quot;0&quot;,&quot;shutter_speed&quot;:&quot;0&quot;,&quot;title&quot;:&quot;&quot;,&quot;orientation&quot;:&quot;0&quot;}\" data-image-title=\"andere1\" data-image-description=\"\" data-image-caption=\"\" data-medium-file=\"https:\/\/michaelshof-sammatz.de\/blog\/wp-content\/uploads\/2019\/02\/andere1-300x116.jpg\" data-large-file=\"https:\/\/michaelshof-sammatz.de\/blog\/wp-content\/uploads\/2019\/02\/andere1.jpg\" tabindex=\"0\" role=\"button\" src=\"http:\/\/michaelshof-sammatz.de\/blog\/wp-content\/uploads\/2019\/02\/andere1.jpg\" alt=\"\" class=\"wp-image-6459\" srcset=\"https:\/\/michaelshof-sammatz.de\/blog\/wp-content\/uploads\/2019\/02\/andere1.jpg 843w, https:\/\/michaelshof-sammatz.de\/blog\/wp-content\/uploads\/2019\/02\/andere1-300x116.jpg 300w, https:\/\/michaelshof-sammatz.de\/blog\/wp-content\/uploads\/2019\/02\/andere1-600x232.jpg 600w, https:\/\/michaelshof-sammatz.de\/blog\/wp-content\/uploads\/2019\/02\/andere1-768x297.jpg 768w\" sizes=\"(max-width: 843px) 100vw, 843px\" \/><\/figure>\n\n\n\n<div style=\"height:35px\" aria-hidden=\"true\" class=\"wp-block-spacer\"><\/div>\n\n\n\n\n\n\n\n<div style=\"height:50px\" aria-hidden=\"true\" class=\"wp-block-spacer\"><\/div>\n\n\n\n<p style=\"font-size:18px\"><strong>Feste feiern \u2013 heiter und \/ oder ernst \u2026<\/strong><\/p>\n\n\n\n<p>Manchmal machen Feste einfach Spa\u00df und sind eine Gelegenheit, auch au\u00dferhalb der Arbeit zusammen zu sein, z. B. ein Tanzabend mit Grillparty in einer warmen Sommernacht. Manchmal sind sie auch ein Event f\u00fcr die weitere Umgebung, etwa wenn unser bunter Wintermarkt einen Tag vor Weihnachten Sammatz einmal ganz auf den Kopf stellt.<\/p>\n\n\n\n<figure class=\"wp-block-image\"><img decoding=\"async\" width=\"928\" height=\"174\" data-attachment-id=\"6460\" data-permalink=\"https:\/\/michaelshof-sammatz.de\/blog\/michaelshof-events\/andere-events\/andere2\/\" data-orig-file=\"https:\/\/michaelshof-sammatz.de\/blog\/wp-content\/uploads\/2019\/02\/andere2.jpg\" data-orig-size=\"928,174\" data-comments-opened=\"0\" data-image-meta=\"{&quot;aperture&quot;:&quot;0&quot;,&quot;credit&quot;:&quot;&quot;,&quot;camera&quot;:&quot;&quot;,&quot;caption&quot;:&quot;&quot;,&quot;created_timestamp&quot;:&quot;0&quot;,&quot;copyright&quot;:&quot;&quot;,&quot;focal_length&quot;:&quot;0&quot;,&quot;iso&quot;:&quot;0&quot;,&quot;shutter_speed&quot;:&quot;0&quot;,&quot;title&quot;:&quot;&quot;,&quot;orientation&quot;:&quot;0&quot;}\" data-image-title=\"andere2\" data-image-description=\"\" data-image-caption=\"\" data-medium-file=\"https:\/\/michaelshof-sammatz.de\/blog\/wp-content\/uploads\/2019\/02\/andere2-300x56.jpg\" data-large-file=\"https:\/\/michaelshof-sammatz.de\/blog\/wp-content\/uploads\/2019\/02\/andere2.jpg\" tabindex=\"0\" role=\"button\" src=\"http:\/\/michaelshof-sammatz.de\/blog\/wp-content\/uploads\/2019\/02\/andere2.jpg\" alt=\"\" class=\"wp-image-6460\" srcset=\"https:\/\/michaelshof-sammatz.de\/blog\/wp-content\/uploads\/2019\/02\/andere2.jpg 928w, https:\/\/michaelshof-sammatz.de\/blog\/wp-content\/uploads\/2019\/02\/andere2-300x56.jpg 300w, https:\/\/michaelshof-sammatz.de\/blog\/wp-content\/uploads\/2019\/02\/andere2-600x113.jpg 600w, https:\/\/michaelshof-sammatz.de\/blog\/wp-content\/uploads\/2019\/02\/andere2-768x144.jpg 768w\" sizes=\"(max-width: 928px) 100vw, 928px\" \/><\/figure>\n\n\n\n<p>Manche sind bei aller Heiterkeit auch ernst, z. B. wenn wir uns an den Wendepunkten des Jahres \u2013 Ostern, Pfingsten, Weihnachten usw. \u2013 mit Mitarbeitern und Freunden treffen, etwas K\u00fcnstlerisches teilen und gemeinsam \u00fcber Themen sprechen die uns innerlich bewegen. Wichtig f\u00fcr den gemeinsamen Geist, den jede Community zum Leben braucht. Da ist dann der Sammatzer Chor, der ein beachtliches Niveau hat, immer ein zuverl\u00e4ssiger Akteur.<\/p>\n\n\n\n<div class=\"row\">\n<div class=\"col-md-6\">\n\n\n\n<p style=\"color:#0b5a7f;font-size:24px;text-align:right\" class=\"has-text-color\"><strong>\u2026 f\u00fcr den gemeinsamen <br>Geist, den jede Community zum Leben braucht \u2026<\/strong><\/p>\n\n\n\n<p style=\"font-size:18px\"><strong>Musik spontan \u2013 Open Stage!<\/strong><\/p>\n\n\n\n<p>Wo Volunteers sind, ist auch Musik. Zwischendurch werden Gitarren gezupft, Songs halblaut gesungen, mal klimpert jemand z\u00f6gerlich auf dem Klavier \u2013 ist ja auch ein bisschen peinlich, vor den anderen \u2026 Aber wenn genug begeisterte Musiker da sind, ist es wieder einmal Zeit f\u00fcr: Open Stage! Ein Abend mit improvisierten oder schnell geprobten Auftritten, jeder spielt, was er kann, Volunteers, Mitarbeiter, Nachbarn in wechselnder Besetzung \u2026 Manches geht schief, anderes ist beeindruckend, ber\u00fchrend. Der Raum wird immer voller, es wird gelacht, geklatscht, gestaunt, am Ende singen alle zusammen. Die Stimmung des Abends liegt noch ein paar Tage freudig in der Luft \u2013 und die Ohrw\u00fcrmer auch \u2026 <\/p>\n\n\n\n<p><\/p>\n\n\n\n<\/div>\n<div class=\"col-md-6\">\n\n\n\n<figure class=\"wp-block-image\"><img decoding=\"async\" width=\"442\" height=\"253\" data-attachment-id=\"6461\" data-permalink=\"https:\/\/michaelshof-sammatz.de\/blog\/michaelshof-events\/andere-events\/andere3\/\" data-orig-file=\"https:\/\/michaelshof-sammatz.de\/blog\/wp-content\/uploads\/2019\/02\/andere3.jpg\" data-orig-size=\"442,253\" data-comments-opened=\"0\" data-image-meta=\"{&quot;aperture&quot;:&quot;0&quot;,&quot;credit&quot;:&quot;&quot;,&quot;camera&quot;:&quot;&quot;,&quot;caption&quot;:&quot;&quot;,&quot;created_timestamp&quot;:&quot;0&quot;,&quot;copyright&quot;:&quot;&quot;,&quot;focal_length&quot;:&quot;0&quot;,&quot;iso&quot;:&quot;0&quot;,&quot;shutter_speed&quot;:&quot;0&quot;,&quot;title&quot;:&quot;&quot;,&quot;orientation&quot;:&quot;0&quot;}\" data-image-title=\"andere3\" data-image-description=\"\" data-image-caption=\"\" data-medium-file=\"https:\/\/michaelshof-sammatz.de\/blog\/wp-content\/uploads\/2019\/02\/andere3-300x172.jpg\" data-large-file=\"https:\/\/michaelshof-sammatz.de\/blog\/wp-content\/uploads\/2019\/02\/andere3.jpg\" tabindex=\"0\" role=\"button\" src=\"http:\/\/michaelshof-sammatz.de\/blog\/wp-content\/uploads\/2019\/02\/andere3.jpg\" alt=\"\" class=\"wp-image-6461\" srcset=\"https:\/\/michaelshof-sammatz.de\/blog\/wp-content\/uploads\/2019\/02\/andere3.jpg 442w, https:\/\/michaelshof-sammatz.de\/blog\/wp-content\/uploads\/2019\/02\/andere3-300x172.jpg 300w\" sizes=\"(max-width: 442px) 100vw, 442px\" \/><\/figure>\n\n\n\n<div style=\"height:35px\" aria-hidden=\"true\" class=\"wp-block-spacer\"><\/div>\n\n\n\n<figure class=\"wp-block-image\"><img loading=\"lazy\" decoding=\"async\" width=\"450\" height=\"249\" data-attachment-id=\"6462\" data-permalink=\"https:\/\/michaelshof-sammatz.de\/blog\/michaelshof-events\/andere-events\/andere4\/\" data-orig-file=\"https:\/\/michaelshof-sammatz.de\/blog\/wp-content\/uploads\/2019\/02\/andere4.jpg\" data-orig-size=\"450,249\" data-comments-opened=\"0\" data-image-meta=\"{&quot;aperture&quot;:&quot;0&quot;,&quot;credit&quot;:&quot;&quot;,&quot;camera&quot;:&quot;&quot;,&quot;caption&quot;:&quot;&quot;,&quot;created_timestamp&quot;:&quot;0&quot;,&quot;copyright&quot;:&quot;&quot;,&quot;focal_length&quot;:&quot;0&quot;,&quot;iso&quot;:&quot;0&quot;,&quot;shutter_speed&quot;:&quot;0&quot;,&quot;title&quot;:&quot;&quot;,&quot;orientation&quot;:&quot;0&quot;}\" data-image-title=\"andere4\" data-image-description=\"\" data-image-caption=\"\" data-medium-file=\"https:\/\/michaelshof-sammatz.de\/blog\/wp-content\/uploads\/2019\/02\/andere4-300x166.jpg\" data-large-file=\"https:\/\/michaelshof-sammatz.de\/blog\/wp-content\/uploads\/2019\/02\/andere4.jpg\" tabindex=\"0\" role=\"button\" src=\"http:\/\/michaelshof-sammatz.de\/blog\/wp-content\/uploads\/2019\/02\/andere4.jpg\" alt=\"\" class=\"wp-image-6462\" srcset=\"https:\/\/michaelshof-sammatz.de\/blog\/wp-content\/uploads\/2019\/02\/andere4.jpg 450w, https:\/\/michaelshof-sammatz.de\/blog\/wp-content\/uploads\/2019\/02\/andere4-300x166.jpg 300w\" sizes=\"(max-width: 450px) 100vw, 450px\" \/><\/figure>\n\n\n\n<\/div><\/div>\n\n\n\n<p>Geburtstage, Taufen \u2013 pers\u00f6nliche Anl\u00e4sse bringen uns zusammen, und auch die geraten manchmal zum Dorffest. Durch eine Hochzeit am ersten Mai ist dieser Tag f\u00fcr Jahre zum Sammatz-Fest der Volunteers geworden. Sie dachten, wir feiern den Tag immer so \u00fcppig \u2026 <\/p>\n\n\n\n<div class=\"row\">\n<div class=\"col-md-5\">\n\n\n\n<div style=\"height:20px\" aria-hidden=\"true\" class=\"wp-block-spacer\"><\/div>\n\n\n\n<figure class=\"wp-block-image\"><img loading=\"lazy\" decoding=\"async\" width=\"361\" height=\"406\" data-attachment-id=\"6458\" data-permalink=\"https:\/\/michaelshof-sammatz.de\/blog\/michaelshof-events\/andere-events\/andere5\/\" data-orig-file=\"https:\/\/michaelshof-sammatz.de\/blog\/wp-content\/uploads\/2019\/02\/andere5.jpg\" data-orig-size=\"361,406\" data-comments-opened=\"0\" data-image-meta=\"{&quot;aperture&quot;:&quot;0&quot;,&quot;credit&quot;:&quot;&quot;,&quot;camera&quot;:&quot;&quot;,&quot;caption&quot;:&quot;&quot;,&quot;created_timestamp&quot;:&quot;0&quot;,&quot;copyright&quot;:&quot;&quot;,&quot;focal_length&quot;:&quot;0&quot;,&quot;iso&quot;:&quot;0&quot;,&quot;shutter_speed&quot;:&quot;0&quot;,&quot;title&quot;:&quot;&quot;,&quot;orientation&quot;:&quot;0&quot;}\" data-image-title=\"andere5\" data-image-description=\"\" data-image-caption=\"\" data-medium-file=\"https:\/\/michaelshof-sammatz.de\/blog\/wp-content\/uploads\/2019\/02\/andere5-267x300.jpg\" data-large-file=\"https:\/\/michaelshof-sammatz.de\/blog\/wp-content\/uploads\/2019\/02\/andere5.jpg\" tabindex=\"0\" role=\"button\" src=\"http:\/\/michaelshof-sammatz.de\/blog\/wp-content\/uploads\/2019\/02\/andere5.jpg\" alt=\"\" class=\"wp-image-6458\" srcset=\"https:\/\/michaelshof-sammatz.de\/blog\/wp-content\/uploads\/2019\/02\/andere5.jpg 361w, https:\/\/michaelshof-sammatz.de\/blog\/wp-content\/uploads\/2019\/02\/andere5-300x337.jpg 300w, https:\/\/michaelshof-sammatz.de\/blog\/wp-content\/uploads\/2019\/02\/andere5-267x300.jpg 267w\" sizes=\"(max-width: 361px) 100vw, 361px\" \/><\/figure>\n\n\n\n<p style=\"color:#06567c;font-size:24px;text-align:right\" class=\"has-text-color\"><strong>\u2026 die wie spr\u00fchende <br> Sternschnuppen<br>          den Gang des Lebens <br>    unterbrechen \u2026<\/strong><\/p>\n\n\n\n<\/div>\n<div class=\"col-md-7\">\n\n\n<p><!--StartFragment--><\/p>\n\n\n<p>Michaeli, das Herbstfest zur Erntezeit, ist dagegen eine ernste Angelegenheit. Gerade f\u00fcr die Kinder. Seit Wochen sind sie voll freudiger Erwartung. Sie wissen genau, was passieren wird: Die Mutproben in Erde, Wasser, Luft und Feuer bestehen, Eisen schmieden an der Esse f\u00fcr die Gr\u00f6\u00dferen, schlie\u00dflich zum Ritter geschlagen werden, mit Fackel und goldener Krone \u2026 Jedes Jahr wieder ein gro\u00dfer Moment \u2013 ein helles, aufrechtes Bild, das bleiben wird.<\/p>\n\n\n\n<p style=\"font-size:18px\"><strong>Eine andere Art von Events<\/strong><\/p>\n\n\n\n<p>In den Kinderschuhen steckt noch eine andere Art von Events: Musik, Theater, Pantomime in den G\u00e4rten oder vor dem Caf\u00e9 \u2013 \u00fcberraschende Happenings, kreative Interventionen, die uns daran erinnern, dass \u2039Alltag\u203a doch immer eine Maske ist \u2013 eine Illusion, die uns zu oft glauben macht, wir w\u00fcssten schon alles, was passiert. Aber wer nicht mit Wundern rechnet, wird sie vielleicht auch verpassen \u2026 <\/p>\n\n\n\n<p>Wir tr\u00e4umen f\u00fcr die Zukunft von vielen m\u00f6glichen Aktionen dieser Art, die wie spr\u00fchende Sternschnuppen den Gang des Lebens unterbrechen und erfrischen. Mal sehen, was im kreativen Raum zwischen dem Haus der Natur und den Konzerten, den Mitarbeitern, Volunteers und G\u00e4sten, der Natur und Menschen noch so alles m\u00f6glich werden wird!<\/p>\n\n\n\n<\/div><\/div>\n\n\n<p><!--EndFragment--><\/p>\n\n\n<p style=\"text-align: right;\"><a style=\"color:#67c8f9\" href=\"#headeranchor\" data-wplink-edit=\"true\"><strong>Zum Seitenanfang \u2191<\/strong><\/a><\/p>\n\n\n\n<div style=\"height:40px\" aria-hidden=\"true\" class=\"wp-block-spacer\"><\/div>\n","protected":false},"excerpt":{"rendered":"<p>Weitere Events Feste feiern \u2013 heiter und \/ oder ernst \u2026 Manchmal machen Feste einfach Spa\u00df und sind eine Gelegenheit, auch au\u00dferhalb der Arbeit zusammen zu sein, z. B. ein Tanzabend mit Grillparty in einer warmen Sommernacht. Manchmal sind sie auch ein Event f\u00fcr die weitere Umgebung, etwa wenn unser bunter Wintermarkt einen Tag vor [&hellip;]<\/p>\n","protected":false},"author":1,"featured_media":0,"parent":354,"menu_order":0,"comment_status":"closed","ping_status":"closed","template":"","meta":{"footnotes":""},"class_list":["post-851","page","type-page","status-publish","hentry"],"jetpack_sharing_enabled":true,"jetpack_shortlink":"https:\/\/wp.me\/PaQBcD-dJ","jetpack-related-posts":[],"_links":{"self":[{"href":"https:\/\/michaelshof-sammatz.de\/blog\/wp-json\/wp\/v2\/pages\/851"}],"collection":[{"href":"https:\/\/michaelshof-sammatz.de\/blog\/wp-json\/wp\/v2\/pages"}],"about":[{"href":"https:\/\/michaelshof-sammatz.de\/blog\/wp-json\/wp\/v2\/types\/page"}],"author":[{"embeddable":true,"href":"https:\/\/michaelshof-sammatz.de\/blog\/wp-json\/wp\/v2\/users\/1"}],"replies":[{"embeddable":true,"href":"https:\/\/michaelshof-sammatz.de\/blog\/wp-json\/wp\/v2\/comments?post=851"}],"version-history":[{"count":23,"href":"https:\/\/michaelshof-sammatz.de\/blog\/wp-json\/wp\/v2\/pages\/851\/revisions"}],"predecessor-version":[{"id":25933,"href":"https:\/\/michaelshof-sammatz.de\/blog\/wp-json\/wp\/v2\/pages\/851\/revisions\/25933"}],"up":[{"embeddable":true,"href":"https:\/\/michaelshof-sammatz.de\/blog\/wp-json\/wp\/v2\/pages\/354"}],"wp:attachment":[{"href":"https:\/\/michaelshof-sammatz.de\/blog\/wp-json\/wp\/v2\/media?parent=851"}],"curies":[{"name":"wp","href":"https:\/\/api.w.org\/{rel}","templated":true}]}}