

{"id":853,"date":"2019-01-06T19:12:20","date_gmt":"2019-01-06T18:12:20","guid":{"rendered":"http:\/\/michaelshof-campus.com\/blog\/?page_id=853"},"modified":"2019-05-24T16:41:23","modified_gmt":"2019-05-24T14:41:23","slug":"wohnen-leben","status":"publish","type":"page","link":"https:\/\/michaelshof-sammatz.de\/blog\/peronnik\/wohnen-leben\/","title":{"rendered":"Peronnik | Wohnen &#038; Leben"},"content":{"rendered":"\n<h1 class=\"wp-block-heading\">Wohnen &amp; Leben<\/h1>\n\n\n\n<div style=\"height:85px\" aria-hidden=\"true\" class=\"wp-block-spacer\"><\/div>\n\n\n\n<figure class=\"wp-block-image\"><img fetchpriority=\"high\" decoding=\"async\" width=\"845\" height=\"358\" data-attachment-id=\"2552\" data-permalink=\"https:\/\/michaelshof-sammatz.de\/blog\/wohnen1\/\" data-orig-file=\"https:\/\/michaelshof-sammatz.de\/blog\/wp-content\/uploads\/2019\/02\/wohnen1.jpg\" data-orig-size=\"845,358\" data-comments-opened=\"0\" data-image-meta=\"{&quot;aperture&quot;:&quot;0&quot;,&quot;credit&quot;:&quot;&quot;,&quot;camera&quot;:&quot;&quot;,&quot;caption&quot;:&quot;&quot;,&quot;created_timestamp&quot;:&quot;0&quot;,&quot;copyright&quot;:&quot;&quot;,&quot;focal_length&quot;:&quot;0&quot;,&quot;iso&quot;:&quot;0&quot;,&quot;shutter_speed&quot;:&quot;0&quot;,&quot;title&quot;:&quot;&quot;,&quot;orientation&quot;:&quot;0&quot;}\" data-image-title=\"wohnen1\" data-image-description=\"\" data-image-caption=\"\" data-medium-file=\"https:\/\/michaelshof-sammatz.de\/blog\/wp-content\/uploads\/2019\/02\/wohnen1-300x127.jpg\" data-large-file=\"https:\/\/michaelshof-sammatz.de\/blog\/wp-content\/uploads\/2019\/02\/wohnen1.jpg\" tabindex=\"0\" role=\"button\" src=\"http:\/\/michaelshof-sammatz.de\/blog\/wp-content\/uploads\/2019\/02\/wohnen1.jpg\" alt=\"\" class=\"wp-image-2552\" srcset=\"https:\/\/michaelshof-sammatz.de\/blog\/wp-content\/uploads\/2019\/02\/wohnen1.jpg 845w, https:\/\/michaelshof-sammatz.de\/blog\/wp-content\/uploads\/2019\/02\/wohnen1-300x127.jpg 300w, https:\/\/michaelshof-sammatz.de\/blog\/wp-content\/uploads\/2019\/02\/wohnen1-600x254.jpg 600w, https:\/\/michaelshof-sammatz.de\/blog\/wp-content\/uploads\/2019\/02\/wohnen1-768x325.jpg 768w\" sizes=\"(max-width: 845px) 100vw, 845px\" \/><\/figure>\n\n\n\n<div style=\"height:35px\" aria-hidden=\"true\" class=\"wp-block-spacer\"><\/div>\n\n\n\n\n\n\n\n<div style=\"height:50px\" aria-hidden=\"true\" class=\"wp-block-spacer\"><\/div>\n\n\n\n<p>Vorbeiflitzende Kettcars und Fahrr\u00e4der, weithin h\u00f6rbarer Streit um Sitzpl\u00e4tze auf dem Parkplatz, zappelige Kinder und Teenager vor dem Eisverkauf \u2013 jubelnde Begeisterung oder hinausgeschrieenes Unrecht: wenn es auf der Stra\u00dfe in Sammatz laut wird, sind oft \u2039die Peronniker\u203a die Ursache. Und auch wenn ein Trupp stiller Wanderer auf den zweiten Blick etwas ungew\u00f6hnlich aussieht, ist es meist ein Nachtmittagsspaziergang unseres Kinderheims. <\/p>\n\n\n\n<div class=\"row\">\n<div class=\"col-md-8\">\n\n\n\n<p>Und drinnen in den Wohngruppen, wie lebt es sich da? Jede ist auf ihre eigene Art eine \u201eetwas andere Familie\u201c \u2013 manchmal wild und verletzend, manchmal gem\u00fctlich, manchmal ausgelassen fr\u00f6hlich (\u2039spackig\u203a hei\u00dft  das bei uns), aber sicher nie langweilig! <\/p>\n\n\n\n<p>Zwischen vier und 8 Kinder leben in einer Gruppe zusammen mit den Betreuern, die jeweils dazu kommen. Alle teilen sie das Schicksal, dass sie in ihren urspr\u00fcnglichen Familien oder auch Pflegefamilien nicht mehr sein k\u00f6nnen \u2013 weil die Familien selbst Probleme haben, oder weil die Kinder mit ihren Besonderheiten den Familienalltag sprengen. Eine neue Lebenssituation entsteht, eine zerbrechliche \u2039Familie\u203a ohne feste Blutsbande, Geschwister- und Eltern-\u00e4hnliche Verh\u00e4ltnisse, die sich alle Beteiligten erst erk\u00e4mpfen m\u00fcssen. Da es unausweichlich ist, spricht man wenig dar\u00fcber \u2013 aber es ist doch eine gewaltige Leistung, die die Kinder und Jugendlichen mit Handicap da erbringen. Zugleich eine Riesenchance, etwas \u00fcber das Leben zu lernen und Dinge aufzunehmen, die sie sonst kaum gekannt h\u00e4tten. Auch deshalb soll Sammatz so sch\u00f6n und warm und erlebnisreich sein wie m\u00f6glich \u2013 die Kinder brauchen das wie eine Nahrung!<\/p>\n\n\n\n<\/div>\n<div class=\"col-md-4\">\n\n\n\n<figure class=\"wp-block-image\"><img decoding=\"async\" width=\"350\" height=\"374\" data-attachment-id=\"2551\" data-permalink=\"https:\/\/michaelshof-sammatz.de\/blog\/wohnen2\/\" data-orig-file=\"https:\/\/michaelshof-sammatz.de\/blog\/wp-content\/uploads\/2019\/02\/wohnen2.jpg\" data-orig-size=\"350,374\" data-comments-opened=\"0\" data-image-meta=\"{&quot;aperture&quot;:&quot;0&quot;,&quot;credit&quot;:&quot;&quot;,&quot;camera&quot;:&quot;&quot;,&quot;caption&quot;:&quot;&quot;,&quot;created_timestamp&quot;:&quot;0&quot;,&quot;copyright&quot;:&quot;&quot;,&quot;focal_length&quot;:&quot;0&quot;,&quot;iso&quot;:&quot;0&quot;,&quot;shutter_speed&quot;:&quot;0&quot;,&quot;title&quot;:&quot;&quot;,&quot;orientation&quot;:&quot;0&quot;}\" data-image-title=\"wohnen2\" data-image-description=\"\" data-image-caption=\"\" data-medium-file=\"https:\/\/michaelshof-sammatz.de\/blog\/wp-content\/uploads\/2019\/02\/wohnen2-281x300.jpg\" data-large-file=\"https:\/\/michaelshof-sammatz.de\/blog\/wp-content\/uploads\/2019\/02\/wohnen2.jpg\" tabindex=\"0\" role=\"button\" src=\"http:\/\/michaelshof-sammatz.de\/blog\/wp-content\/uploads\/2019\/02\/wohnen2.jpg\" alt=\"\" class=\"wp-image-2551\" srcset=\"https:\/\/michaelshof-sammatz.de\/blog\/wp-content\/uploads\/2019\/02\/wohnen2.jpg 350w, https:\/\/michaelshof-sammatz.de\/blog\/wp-content\/uploads\/2019\/02\/wohnen2-300x321.jpg 300w, https:\/\/michaelshof-sammatz.de\/blog\/wp-content\/uploads\/2019\/02\/wohnen2-281x300.jpg 281w\" sizes=\"(max-width: 350px) 100vw, 350px\" \/><\/figure>\n\n\n\n<\/div>\n<\/div>\n\n\n\n<p>Anfangen \u2013 Wir freuen uns \u00fcber jedes frische Gesicht, das zu uns kommt. Es ist immer ein neuer kleiner Kosmos, ein bislang ungeh\u00f6rter Ton im Peronnik-Konzert. Auch nach 18 Jahren geschieht es noch, dass Betreuer sich unterhalten (Peronnik-Betreuer k\u00f6nnen stundenlang \u00fcber Peronnik-Kinder sprechen!) und einig sind, \u00ab\u2013 also, so ein Kind hatten wir noch nie!\u00bb  <\/p>\n\n\n\n<div class=\"row\">\n<div class=\"col-md-6\">\n\n\n\n<p>Da ist zum Beispiel J.: Sie kommt mit 13 Jahren zu uns \u2013 eine nicht sprechende Autistin, f\u00fcr die man auf Grund ihres selbstverletzenden Verhaltens lange keine Einrichtung gefunden hat. Wir besuchen sie zu Hause. Als Vertrauensbeweis legt sie ihre F\u00fc\u00dfe auf unsere Knie. Nach dem Besuch schreibt sie auf dem Computer mit gest\u00fctzter Kommunikation, sie glaube, es sei besser, sie k\u00e4me zu uns. Ihre Eltern h\u00e4tten nicht mehr die Kraft, sie zu Haus zu betreuen. Da wissen wir, dass wir sie aufnehmen!<\/p>\n\n\n\n<\/div>\n<div class=\"col-md-6\">\n\n\n\n<p style=\"color:#06567c;font-size:30px\" class=\"has-text-color\"><strong>Zugleich eine<br>Riesenchance,<\/strong><\/p>\n\n\n\n<p style=\"color:#06567c;font-size:22px\" class=\"has-text-color\"><strong>etwas \u00fcber das Leben<br>zu lernen &#8230;<\/strong><\/p>\n\n\n\n<\/div>\n<\/div>\n\n\n\n<div class=\"wp-block-media-text alignwide is-stacked-on-mobile\"><figure class=\"wp-block-media-text__media\"><img decoding=\"async\" width=\"457\" height=\"323\" data-attachment-id=\"2549\" data-permalink=\"https:\/\/michaelshof-sammatz.de\/blog\/wohnen4\/\" data-orig-file=\"https:\/\/michaelshof-sammatz.de\/blog\/wp-content\/uploads\/2019\/02\/wohnen4.jpg\" data-orig-size=\"457,323\" data-comments-opened=\"0\" data-image-meta=\"{&quot;aperture&quot;:&quot;0&quot;,&quot;credit&quot;:&quot;&quot;,&quot;camera&quot;:&quot;&quot;,&quot;caption&quot;:&quot;&quot;,&quot;created_timestamp&quot;:&quot;0&quot;,&quot;copyright&quot;:&quot;&quot;,&quot;focal_length&quot;:&quot;0&quot;,&quot;iso&quot;:&quot;0&quot;,&quot;shutter_speed&quot;:&quot;0&quot;,&quot;title&quot;:&quot;&quot;,&quot;orientation&quot;:&quot;0&quot;}\" data-image-title=\"wohnen4\" data-image-description=\"\" data-image-caption=\"\" data-medium-file=\"https:\/\/michaelshof-sammatz.de\/blog\/wp-content\/uploads\/2019\/02\/wohnen4-300x212.jpg\" data-large-file=\"https:\/\/michaelshof-sammatz.de\/blog\/wp-content\/uploads\/2019\/02\/wohnen4.jpg\" tabindex=\"0\" role=\"button\" src=\"http:\/\/michaelshof-sammatz.de\/blog\/wp-content\/uploads\/2019\/02\/wohnen4.jpg\" alt=\"\" class=\"wp-image-2549\" srcset=\"https:\/\/michaelshof-sammatz.de\/blog\/wp-content\/uploads\/2019\/02\/wohnen4.jpg 457w, https:\/\/michaelshof-sammatz.de\/blog\/wp-content\/uploads\/2019\/02\/wohnen4-300x212.jpg 300w\" sizes=\"(max-width: 457px) 100vw, 457px\" \/><\/figure><div class=\"wp-block-media-text__content\">\n<p>Oder J.-O., ein Junge mit Down-Syndrom, der in seiner fr\u00fcheren Einrichtung nicht mehr tragbar ist. Er kommt mit seinen Eltern zu uns. Sie m\u00f6gen zwar den Ort, der Anfahrtsweg ist ihnen aber doch zu weit. J.-O.  geht in der Wohngruppe in den ersten Stock und setzt sich mit einem Stuhl an die Treppe. Als die Eltern ihn rufen, weil sie fahren wollen, antwortet es von oben: \u00abTsch\u00fcss!\u00bb Das ist die Entscheidung.<\/p>\n\n\n\n<p>Manchmal ahnt man die Lebensbr\u00fcche kaum, die ein Kind mitbringt. Ein siebenj\u00e4hriges M\u00e4dchen ist neu. Staunend findet sie sich in einer Gruppe mit sechs gr\u00f6\u00dferen Jungen und M\u00e4dchen wieder. Als sie mit allen am Tisch sitzt, fragt sie in die Runde: \u00abSeid ihr auch auf Urlaub hier?\u00bb<\/p>\n<\/div><\/div>\n\n\n\n<p>Ankommen \u2013 Peronnik hei\u00dft Neubeginn, vieles ist anders als vorher. Ein gro\u00dfes Thema f\u00fcr die \u00e4lteren: Handy, Computer, Internet. Es gibt bei Peronnik keinen Fernseher und nur eingeschr\u00e4nkte Handy- und Computerzeiten. Daf\u00fcr das Mitleben in einem quirligen, freundlichen Dorfalltag, Tiere, Natur, gemeinsam gefeierte Jahresfeste, eine tolle Urlaubsfahrt im Sommer. 3D- statt 2D-Erlebnisse!<\/p>\n\n\n\n<p>Nicht selten hat ein frisch angekommener 12-J\u00e4hriger schon so viel Horrorfilme, Internetquatsch und Ballerspiele konsumiert, dass es locker f\u00fcr eine ganze Jugend ausreichen w\u00fcrde \u2013 oder f\u00fcr zwei! Und jetzt ist \u2039Detox\u203a angesagt. Dar\u00fcber gehen die Meinungen nat\u00fcrlich lautstark auseinander. Dass weniger Internet aber mehr Seele hei\u00dft, merken die Kinder im Stillen ganz genau.<\/p>\n\n\n\n<div class=\"row\">\n<div class=\"col-md-6\">\n\n\n\n<p style=\"color:#06567c;font-size:22px;text-align:right\" class=\"has-text-color\"><strong>Ein volles<br>Psychotraining<br>&#8211; als Crashkurs und<\/strong><\/p>\n\n\n\n<p style=\"color:#06567c;font-size:30px;text-align:right\" class=\"has-text-color\"><strong>ganz kostenlos &#8230;<\/strong><\/p>\n\n\n\n<\/div>\n<div class=\"col-md-6\">\n\n\n\n<p>Auch so etwas passiert: Ein Junge hat nach einem halben Jahr sein erstes Gespr\u00e4ch mit seinem Jugendamt und erz\u00e4hlt stolz von der Mitarbeit im Stall und auf dem Bau. Fragt der zust\u00e4ndige Beamte: \u00ab \u2026 und wie geht es dir jetzt ohne Fernseher?\u00bb (Das war vor Aufnahme ein Problem gewesen.) Antwort: \u00abAch, das ist mir gar nicht mehr aufgefallen.\u00bb<br>\nImmer klappt\u2019s auch bei uns nat\u00fcrlich nicht. Wenn der Drang zu gro\u00df ist und alles Sammatzer Leben ihn nicht aufwiegt, gehen Jugendliche auch wieder. Mitgenommen haben sie immer etwas, das h\u00f6ren wir oft erst viel sp\u00e4ter.<\/p>\n\n\n\n<\/div>\n<\/div>\n\n\n\n<div class=\"wp-block-media-text alignwide has-media-on-the-right is-stacked-on-mobile\"><figure class=\"wp-block-media-text__media\"><img loading=\"lazy\" decoding=\"async\" width=\"447\" height=\"294\" data-attachment-id=\"2547\" data-permalink=\"https:\/\/michaelshof-sammatz.de\/blog\/wohnen6\/\" data-orig-file=\"https:\/\/michaelshof-sammatz.de\/blog\/wp-content\/uploads\/2019\/02\/wohnen6.jpg\" data-orig-size=\"447,294\" data-comments-opened=\"0\" data-image-meta=\"{&quot;aperture&quot;:&quot;0&quot;,&quot;credit&quot;:&quot;&quot;,&quot;camera&quot;:&quot;&quot;,&quot;caption&quot;:&quot;&quot;,&quot;created_timestamp&quot;:&quot;0&quot;,&quot;copyright&quot;:&quot;&quot;,&quot;focal_length&quot;:&quot;0&quot;,&quot;iso&quot;:&quot;0&quot;,&quot;shutter_speed&quot;:&quot;0&quot;,&quot;title&quot;:&quot;&quot;,&quot;orientation&quot;:&quot;0&quot;}\" data-image-title=\"wohnen6\" data-image-description=\"\" data-image-caption=\"\" data-medium-file=\"https:\/\/michaelshof-sammatz.de\/blog\/wp-content\/uploads\/2019\/02\/wohnen6-300x197.jpg\" data-large-file=\"https:\/\/michaelshof-sammatz.de\/blog\/wp-content\/uploads\/2019\/02\/wohnen6.jpg\" tabindex=\"0\" role=\"button\" src=\"http:\/\/michaelshof-sammatz.de\/blog\/wp-content\/uploads\/2019\/02\/wohnen6.jpg\" alt=\"\" class=\"wp-image-2547\" srcset=\"https:\/\/michaelshof-sammatz.de\/blog\/wp-content\/uploads\/2019\/02\/wohnen6.jpg 447w, https:\/\/michaelshof-sammatz.de\/blog\/wp-content\/uploads\/2019\/02\/wohnen6-300x197.jpg 300w\" sizes=\"(max-width: 447px) 100vw, 447px\" \/><\/figure><div class=\"wp-block-media-text__content\">\n<p>Gute Nerven \u2013 Traumjob Peronnik-Mitarbeiter: Wo macht man sonst w\u00e4hrend der Arbeit gleich ein volles Psychotraining durch \u2013 als Crashkurs und ganz kostenlos? Das braucht manchmal gute Nerven, und es sind schon Mitarbeiter zum Heulen in die Besenkammer verschwunden. Aber genauso ber\u00fchrend sind die nahen Momente, die daraus entstehen.<br>\nEin M\u00e4dchen, 14 Jahre, hat immer wieder Wutanf\u00e4lle, bei denen sie die Mitarbeiter lautstark beschimpft und beleidigt. Sie kreischt, knallt mit den T\u00fcren und schmei\u00dft auch mit Sachen. Es geht hoch her, die Wohngruppe steht regelm\u00e4\u00dfig Kopf. Einmal sagt sie dazu: \u00abDas mache ich nur bei Leuten die ich mag. Ich will sehen, ob sie mich aushalten.\u00bb<\/p>\n<\/div><\/div>\n\n\n\n<div class=\"wp-block-media-text alignwide is-stacked-on-mobile\"><figure class=\"wp-block-media-text__media\"><img loading=\"lazy\" decoding=\"async\" width=\"456\" height=\"305\" data-attachment-id=\"2546\" data-permalink=\"https:\/\/michaelshof-sammatz.de\/blog\/wohnen7\/\" data-orig-file=\"https:\/\/michaelshof-sammatz.de\/blog\/wp-content\/uploads\/2019\/02\/wohnen7.jpg\" data-orig-size=\"456,305\" data-comments-opened=\"0\" data-image-meta=\"{&quot;aperture&quot;:&quot;0&quot;,&quot;credit&quot;:&quot;&quot;,&quot;camera&quot;:&quot;&quot;,&quot;caption&quot;:&quot;&quot;,&quot;created_timestamp&quot;:&quot;0&quot;,&quot;copyright&quot;:&quot;&quot;,&quot;focal_length&quot;:&quot;0&quot;,&quot;iso&quot;:&quot;0&quot;,&quot;shutter_speed&quot;:&quot;0&quot;,&quot;title&quot;:&quot;&quot;,&quot;orientation&quot;:&quot;0&quot;}\" data-image-title=\"wohnen7\" data-image-description=\"\" data-image-caption=\"\" data-medium-file=\"https:\/\/michaelshof-sammatz.de\/blog\/wp-content\/uploads\/2019\/02\/wohnen7-300x201.jpg\" data-large-file=\"https:\/\/michaelshof-sammatz.de\/blog\/wp-content\/uploads\/2019\/02\/wohnen7.jpg\" tabindex=\"0\" role=\"button\" src=\"http:\/\/michaelshof-sammatz.de\/blog\/wp-content\/uploads\/2019\/02\/wohnen7.jpg\" alt=\"\" class=\"wp-image-2546\" srcset=\"https:\/\/michaelshof-sammatz.de\/blog\/wp-content\/uploads\/2019\/02\/wohnen7.jpg 456w, https:\/\/michaelshof-sammatz.de\/blog\/wp-content\/uploads\/2019\/02\/wohnen7-300x201.jpg 300w\" sizes=\"(max-width: 456px) 100vw, 456px\" \/><\/figure><div class=\"wp-block-media-text__content\">\n<p>Helfen 1 \u2013 Ein M\u00e4dchen hat oft das Gef\u00fchl, zu kurz zu kommen, beargw\u00f6hnt jede Zuwendung an andere. Im D\u00e4nemark-Urlaub, beim Ausflug zu den Kreidefelsen auf M\u00f8n macht es unbemerkt eine Kletterpartie auf die Felsen. Als wir sie hoch oben entdecken, verschl\u00e4gt es uns die Sprache. Blo\u00df nicht rufen, sonst f\u00e4llt sie hinunter! Aber sie kommt heil und sehr zufrieden wieder unten an. Andere haben schon bei kleinsten Klettereien ihre Probleme und stecken fest. Da kommt dieses M\u00e4dchen und hilft geduldig beim Abstieg. Schritt f\u00fcr Schritt gibt sie ruhig die Anweisungen f\u00fcr H\u00e4nde und F\u00fc\u00dfe, auch bei denen, die sie nicht mag und sonst lieber beschimpft. Das spielt jetzt \u00fcberhaupt keine Rolle.  <\/p>\n<\/div><\/div>\n\n\n\n<div class=\"wp-block-media-text alignwide has-media-on-the-right is-stacked-on-mobile\"><figure class=\"wp-block-media-text__media\"><img loading=\"lazy\" decoding=\"async\" width=\"446\" height=\"614\" data-attachment-id=\"2545\" data-permalink=\"https:\/\/michaelshof-sammatz.de\/blog\/wohnen8\/\" data-orig-file=\"https:\/\/michaelshof-sammatz.de\/blog\/wp-content\/uploads\/2019\/02\/wohnen8.jpg\" data-orig-size=\"446,614\" data-comments-opened=\"0\" data-image-meta=\"{&quot;aperture&quot;:&quot;0&quot;,&quot;credit&quot;:&quot;&quot;,&quot;camera&quot;:&quot;&quot;,&quot;caption&quot;:&quot;&quot;,&quot;created_timestamp&quot;:&quot;0&quot;,&quot;copyright&quot;:&quot;&quot;,&quot;focal_length&quot;:&quot;0&quot;,&quot;iso&quot;:&quot;0&quot;,&quot;shutter_speed&quot;:&quot;0&quot;,&quot;title&quot;:&quot;&quot;,&quot;orientation&quot;:&quot;0&quot;}\" data-image-title=\"wohnen8\" data-image-description=\"\" data-image-caption=\"\" data-medium-file=\"https:\/\/michaelshof-sammatz.de\/blog\/wp-content\/uploads\/2019\/02\/wohnen8-218x300.jpg\" data-large-file=\"https:\/\/michaelshof-sammatz.de\/blog\/wp-content\/uploads\/2019\/02\/wohnen8.jpg\" tabindex=\"0\" role=\"button\" src=\"http:\/\/michaelshof-sammatz.de\/blog\/wp-content\/uploads\/2019\/02\/wohnen8.jpg\" alt=\"\" class=\"wp-image-2545\" srcset=\"https:\/\/michaelshof-sammatz.de\/blog\/wp-content\/uploads\/2019\/02\/wohnen8.jpg 446w, https:\/\/michaelshof-sammatz.de\/blog\/wp-content\/uploads\/2019\/02\/wohnen8-300x413.jpg 300w, https:\/\/michaelshof-sammatz.de\/blog\/wp-content\/uploads\/2019\/02\/wohnen8-218x300.jpg 218w\" sizes=\"(max-width: 446px) 100vw, 446px\" \/><\/figure><div class=\"wp-block-media-text__content\">\n<p>Helfen 2 \u2013 Ein Junge hat \u00c4rger mit seinen Mitbewohnern und Betreuern. Da gibt es nur noch einen, der ihn versteht: Dinette, sein Lieblingsesel. Dem erz\u00e4hlt er alles. Danach geht es schon wieder besser, und auch mit den Menschen l\u00e4sst sich wieder reden.<\/p>\n\n\n\n<p>Helfen 3 \u2013 Notfall! Der Betreuer im Fr\u00fchdienst hat verschlafen! Ein Jugendlicher wacht zum Gl\u00fcck auf. Er weckt die anderen. Die Gro\u00dfen machen die Kleinen fertig und geben ihnen sogar Schulbrote mit. Dann kommen sie selber dran, und alle schaffen es noch irgendwie zum Bus. Geht doch!<\/p>\n\n\n\n<p>Lernen \u2013 Der Abfluss des Waschbeckens ist verstopft. Der Mitarbeiter bekommt ihn nicht frei; der Hausmeister auch nicht.  Schlie\u00dflich wird das Rohr abgeschraubt, und ein harter Wachsblock kommt zum Vorschein. Ein Junge verfolgt alles sehr interessiert. \u00abDann sollte man das lieber nicht noch mal machen\u00bb, ist sein trockener Kommentar.<\/p>\n\n\n\n<p>Tanzen \u2013 Einmal in der Woche ist Volkstanz mit Livemusik f\u00fcr Dorfbewohner, Volunteers und Peronniker. Ein Junge bringt sich selber das Gitarre-Spielen bei und kann in der Band mitspielen. Ein M\u00e4dchen, das sich sonst kaum an Regeln h\u00e4lt, tanzt alle T\u00e4nze richtig mit. Eine junge Erwachsene hat einen festen Tanzpartner unter den Volunteers \u2013 klar dass sie motiviert ist zu kommen! Auch ein M\u00e4dchen, das noch sehr neu ist, tanzt schon eifrig mit. Oft h\u00f6rt man die Frage: \u00abIst Freitag wieder tanzen?\u00bb<\/p>\n<\/div><\/div>\n\n\n\n<p>Die Kinder und Jugendlichen bei Peronnik haben alle ein ordentliches Paket mit auf den Weg bekommen. Aber deshalb Tr\u00fcbsal blasen? \u00dcberhaupt nicht \u2013 das Leben muss Spa\u00df machen, und das der Peronniker umso mehr! Jeder Mensch hat eine Verabredung mit seinem Leben; die sollte er nicht verpassen. Was einem passiert, ist kein Zufall; es hat seine Ursachen und seinen Sinn, egal wie \u2039schlimm\u203a oder sinnlos es erscheint. Um den zu entdecken, braucht man Freude am Leben. <\/p>\n\n\n\n<p>Manchmal sind unsere Kinder mutlos; aber oft sind sie auch herrlich lebensfroh, unglaublich originell, prall lebendig. Und gar nicht so selten wirken sie authentischer als ihre \u2039schlauen\u203a Betreuer. Gut so \u2013 ihr seid die Seele des Ortes!<\/p>\n\n\n\n<div style=\"height:50px\" aria-hidden=\"true\" class=\"wp-block-spacer\"><\/div>\n","protected":false},"excerpt":{"rendered":"<p>Wohnen &amp; Leben Vorbeiflitzende Kettcars und Fahrr\u00e4der, weithin h\u00f6rbarer Streit um Sitzpl\u00e4tze auf dem Parkplatz, zappelige Kinder und Teenager vor dem Eisverkauf \u2013 jubelnde Begeisterung oder hinausgeschrieenes Unrecht: wenn es auf der Stra\u00dfe in Sammatz laut wird, sind oft \u2039die Peronniker\u203a die Ursache. Und auch wenn ein Trupp stiller Wanderer auf den zweiten Blick etwas [&hellip;]<\/p>\n","protected":false},"author":1,"featured_media":0,"parent":115,"menu_order":0,"comment_status":"closed","ping_status":"closed","template":"","meta":{"footnotes":""},"class_list":["post-853","page","type-page","status-publish","hentry"],"jetpack_sharing_enabled":true,"jetpack_shortlink":"https:\/\/wp.me\/PaQBcD-dL","jetpack-related-posts":[],"_links":{"self":[{"href":"https:\/\/michaelshof-sammatz.de\/blog\/wp-json\/wp\/v2\/pages\/853"}],"collection":[{"href":"https:\/\/michaelshof-sammatz.de\/blog\/wp-json\/wp\/v2\/pages"}],"about":[{"href":"https:\/\/michaelshof-sammatz.de\/blog\/wp-json\/wp\/v2\/types\/page"}],"author":[{"embeddable":true,"href":"https:\/\/michaelshof-sammatz.de\/blog\/wp-json\/wp\/v2\/users\/1"}],"replies":[{"embeddable":true,"href":"https:\/\/michaelshof-sammatz.de\/blog\/wp-json\/wp\/v2\/comments?post=853"}],"version-history":[{"count":21,"href":"https:\/\/michaelshof-sammatz.de\/blog\/wp-json\/wp\/v2\/pages\/853\/revisions"}],"predecessor-version":[{"id":20862,"href":"https:\/\/michaelshof-sammatz.de\/blog\/wp-json\/wp\/v2\/pages\/853\/revisions\/20862"}],"up":[{"embeddable":true,"href":"https:\/\/michaelshof-sammatz.de\/blog\/wp-json\/wp\/v2\/pages\/115"}],"wp:attachment":[{"href":"https:\/\/michaelshof-sammatz.de\/blog\/wp-json\/wp\/v2\/media?parent=853"}],"curies":[{"name":"wp","href":"https:\/\/api.w.org\/{rel}","templated":true}]}}