

{"id":863,"date":"2019-01-06T19:16:15","date_gmt":"2019-01-06T18:16:15","guid":{"rendered":"http:\/\/michaelshof-campus.com\/blog\/?page_id=863"},"modified":"2026-03-31T11:58:13","modified_gmt":"2026-03-31T09:58:13","slug":"hofladen","status":"publish","type":"page","link":"https:\/\/michaelshof-sammatz.de\/blog\/essen-trinken\/hofladen\/","title":{"rendered":"Essen &amp; Trinken | Biomarkt"},"content":{"rendered":"\n<h1 class=\"wp-block-heading\">Biomarkt<\/h1>\n\n\n\n<div style=\"height:85px\" aria-hidden=\"true\" class=\"wp-block-spacer\"><\/div>\n\n\n\n<figure class=\"wp-block-image pageTeaserImage\"><img fetchpriority=\"high\" decoding=\"async\" width=\"654\" height=\"416\" data-attachment-id=\"1914\" data-permalink=\"https:\/\/michaelshof-sammatz.de\/blog\/essen-trinken\/hofladen\/food-hofladen-1\/\" data-orig-file=\"https:\/\/michaelshof-sammatz.de\/blog\/wp-content\/uploads\/2019\/01\/food-hofladen-1.jpg\" data-orig-size=\"654,416\" data-comments-opened=\"0\" data-image-meta=\"{&quot;aperture&quot;:&quot;0&quot;,&quot;credit&quot;:&quot;&quot;,&quot;camera&quot;:&quot;&quot;,&quot;caption&quot;:&quot;&quot;,&quot;created_timestamp&quot;:&quot;0&quot;,&quot;copyright&quot;:&quot;&quot;,&quot;focal_length&quot;:&quot;0&quot;,&quot;iso&quot;:&quot;0&quot;,&quot;shutter_speed&quot;:&quot;0&quot;,&quot;title&quot;:&quot;&quot;,&quot;orientation&quot;:&quot;0&quot;}\" data-image-title=\"food-hofladen-1\" data-image-description=\"\" data-image-caption=\"\" data-medium-file=\"https:\/\/michaelshof-sammatz.de\/blog\/wp-content\/uploads\/2019\/01\/food-hofladen-1-300x191.jpg\" data-large-file=\"https:\/\/michaelshof-sammatz.de\/blog\/wp-content\/uploads\/2019\/01\/food-hofladen-1.jpg\" tabindex=\"0\" role=\"button\" src=\"http:\/\/michaelshof-sammatz.de\/blog\/wp-content\/uploads\/2019\/01\/food-hofladen-1.jpg\" alt=\"\" class=\"wp-image-1914\" srcset=\"https:\/\/michaelshof-sammatz.de\/blog\/wp-content\/uploads\/2019\/01\/food-hofladen-1.jpg 654w, https:\/\/michaelshof-sammatz.de\/blog\/wp-content\/uploads\/2019\/01\/food-hofladen-1-300x191.jpg 300w, https:\/\/michaelshof-sammatz.de\/blog\/wp-content\/uploads\/2019\/01\/food-hofladen-1-600x382.jpg 600w\" sizes=\"(max-width: 654px) 100vw, 654px\" \/><\/figure>\n\n\n\n<div style=\"height:35px\" aria-hidden=\"true\" class=\"wp-block-spacer\"><\/div>\n\n\n\n\n\n\n\n<div style=\"height:50px\" aria-hidden=\"true\" class=\"wp-block-spacer\"><\/div>\n\n\n\n<p><strong>Brot, Joghurt &amp; Co<\/strong><\/p>\n\n\n\n<p>Aus den Fenstern schweift der Blick \u00fcber offene St\u00e4lle mit sch\u00f6nen rotbraunen Rindern; der Acker, von dem das saisonale Gem\u00fcse im Laden stammt, ist nur einen Steinwurf entfernt; vor der T\u00fcr spielen die Hofkatzen, in den Ausl\u00e4ufen tummeln sich Pferde und Esel \u2013 der \u201eHofladen\u201c macht seinem Namen alle Ehre. Nicht gro\u00df, aber doch ausreichend gef\u00fcllt f\u00fcr die Bed\u00fcrfnisse unserer Kunden, liegt er neben der Lagerhalle und bildet einen zentralen Punkt im Hofgeschehen.<\/p>\n\n\n\n<div class=\"wp-block-media-text alignwide has-media-on-the-right\"><div class=\"wp-block-media-text__content\">\n<p>Man ist stolz auf die in Sammatz hergestellten Produkte: K\u00e4se, Joghurt, Quark und Milch aus unserer Meierei, Wurst und Fleisch aus hofeigener Schlachtung, dazu eine volle Thekenbreite duftender Brotsorten, die in unserer Holzofen-B\u00e4ckerei auf der anderen Stra\u00dfenseite hergestellt werden. <\/p>\n\n\n\n<h4 class=\"wp-block-heading has-text-align-right padding-right\"><strong>Dazu eine <br>volle Thekenbreite <\/strong><\/h4>\n\n\n\n<h3 class=\"wp-block-heading has-text-align-right padding-right\"><strong>duftender<br>Brotsorten \u2026<\/strong><\/h3>\n<\/div><figure class=\"wp-block-media-text__media\"><img decoding=\"async\" width=\"545\" height=\"334\" data-attachment-id=\"1915\" data-permalink=\"https:\/\/michaelshof-sammatz.de\/blog\/essen-trinken\/hofladen\/food-hofladen-2\/\" data-orig-file=\"https:\/\/michaelshof-sammatz.de\/blog\/wp-content\/uploads\/2019\/01\/food-hofladen-2.jpg\" data-orig-size=\"545,334\" data-comments-opened=\"0\" data-image-meta=\"{&quot;aperture&quot;:&quot;0&quot;,&quot;credit&quot;:&quot;&quot;,&quot;camera&quot;:&quot;&quot;,&quot;caption&quot;:&quot;&quot;,&quot;created_timestamp&quot;:&quot;0&quot;,&quot;copyright&quot;:&quot;&quot;,&quot;focal_length&quot;:&quot;0&quot;,&quot;iso&quot;:&quot;0&quot;,&quot;shutter_speed&quot;:&quot;0&quot;,&quot;title&quot;:&quot;&quot;,&quot;orientation&quot;:&quot;0&quot;}\" data-image-title=\"food-hofladen-2\" data-image-description=\"\" data-image-caption=\"\" data-medium-file=\"https:\/\/michaelshof-sammatz.de\/blog\/wp-content\/uploads\/2019\/01\/food-hofladen-2-300x184.jpg\" data-large-file=\"https:\/\/michaelshof-sammatz.de\/blog\/wp-content\/uploads\/2019\/01\/food-hofladen-2.jpg\" tabindex=\"0\" role=\"button\" src=\"http:\/\/michaelshof-sammatz.de\/blog\/wp-content\/uploads\/2019\/01\/food-hofladen-2.jpg\" alt=\"\" class=\"wp-image-1915 size-full\" srcset=\"https:\/\/michaelshof-sammatz.de\/blog\/wp-content\/uploads\/2019\/01\/food-hofladen-2.jpg 545w, https:\/\/michaelshof-sammatz.de\/blog\/wp-content\/uploads\/2019\/01\/food-hofladen-2-300x184.jpg 300w\" sizes=\"(max-width: 545px) 100vw, 545px\" \/><\/figure><\/div>\n\n\n\n<p>Ebenso finden wir ein reiches Angebot an Tees und Kr\u00e4utern, die alle in Handarbeit geerntet werden. Alles gut erkennbar an unseren Michaelshof-Etiketten. <br> Warme Socken und urige Jacken werden zwar nicht in Sammatz gefertigt, aber die Wolle stammt von den hiesigen Schafen. Auch die niedlichen Woll-Kuscheltiere, welche die oberen Regale unseres Ladens bev\u00f6lkern, sind bei den Kindern sehr gefragt. <br> Das frische Gem\u00fcse vom Feld, f\u00e4llt jedem Kunden gleich beim Eintreten durch die T\u00fcr ins Auge. Von Salaten \u00fcber Lauch und frischen Kr\u00e4utern ist hier viel Schmackhaftes dabei. Es kommen auch schon mal Ausw\u00e4rtskunden im Sommer nur f\u00fcr eine T\u00fcte unserer Tomaten vorbei, ein echtes Kompliment!<\/p>\n\n\n\n<div class=\"wp-block-media-text alignwide text-media-left\"><figure class=\"wp-block-media-text__media\"><img decoding=\"async\" width=\"554\" height=\"409\" data-attachment-id=\"1916\" data-permalink=\"https:\/\/michaelshof-sammatz.de\/blog\/essen-trinken\/hofladen\/food-hofladen-3\/\" data-orig-file=\"https:\/\/michaelshof-sammatz.de\/blog\/wp-content\/uploads\/2019\/01\/food-hofladen-3.jpg\" data-orig-size=\"554,409\" data-comments-opened=\"0\" data-image-meta=\"{&quot;aperture&quot;:&quot;0&quot;,&quot;credit&quot;:&quot;&quot;,&quot;camera&quot;:&quot;&quot;,&quot;caption&quot;:&quot;&quot;,&quot;created_timestamp&quot;:&quot;0&quot;,&quot;copyright&quot;:&quot;&quot;,&quot;focal_length&quot;:&quot;0&quot;,&quot;iso&quot;:&quot;0&quot;,&quot;shutter_speed&quot;:&quot;0&quot;,&quot;title&quot;:&quot;&quot;,&quot;orientation&quot;:&quot;0&quot;}\" data-image-title=\"food-hofladen-3\" data-image-description=\"\" data-image-caption=\"\" data-medium-file=\"https:\/\/michaelshof-sammatz.de\/blog\/wp-content\/uploads\/2019\/01\/food-hofladen-3-300x221.jpg\" data-large-file=\"https:\/\/michaelshof-sammatz.de\/blog\/wp-content\/uploads\/2019\/01\/food-hofladen-3.jpg\" tabindex=\"0\" role=\"button\" src=\"http:\/\/michaelshof-sammatz.de\/blog\/wp-content\/uploads\/2019\/01\/food-hofladen-3.jpg\" alt=\"\" class=\"wp-image-1916 size-full\" srcset=\"https:\/\/michaelshof-sammatz.de\/blog\/wp-content\/uploads\/2019\/01\/food-hofladen-3.jpg 554w, https:\/\/michaelshof-sammatz.de\/blog\/wp-content\/uploads\/2019\/01\/food-hofladen-3-300x221.jpg 300w\" sizes=\"(max-width: 554px) 100vw, 554px\" \/><\/figure><div class=\"wp-block-media-text__content\">\n<h3 class=\"wp-block-heading padding-left\"><strong>Die freundlichen <br>Ladner<\/strong><\/h3>\n\n\n\n<h4 class=\"wp-block-heading padding-left\"><strong>freuen sich \u00fcber  <br>deinen Besuch\u2026<\/strong><\/h4>\n\n\n\n<p>Neben eigenen Produkten f\u00fchrt der Hofladen das Vollsortiment eines regul\u00e4ren Bio-Ladens \u2013 Obst und Gem\u00fcse, S\u00e4fte, Schokolade, Feinkost, M\u00fcsli, Shampoo und vieles mehr zu fairen Preisen. <br>\nEin Gl\u00fccksfall sind die ungew\u00f6hnlichen \u00d6ffnungszeiten: Im Hofladen kann man auch samstags und sonntags den ganzen Tag \u00fcber einkaufen. <\/p>\n<\/div><\/div>\n\n\n\n<p>Die Atmosph\u00e4re im Laden ist famili\u00e4r und entspannt, das Publikum eine sympathische Mischung aus regionaler Stammkundschaft, Michaelshof-G\u00e4sten aus allen vier Himmelsrichtungen, Mitarbeitern, die sich die Fahrt zum Supermarkt sparen und Sammatzer Dorfkindern, die hier ihr Taschengeld in \u201egesunde\u201c Chips, Schokolade und Limo umsetzen. <\/p>\n\n\n\n<div class=\"wp-block-columns has-2-columns is-layout-flex wp-container-core-columns-is-layout-1 wp-block-columns-is-layout-flex\">\n<div class=\"wp-block-column is-layout-flow wp-block-column-is-layout-flow\">\n<h3 class=\"wp-block-heading has-text-align-right padding-right\"><strong>Eine kleine M\u00f6hre<\/strong><\/h3>\n\n\n\n<h4 class=\"wp-block-heading has-text-align-right padding-right\"><strong>f\u00fcr eines unserer braven Pferdchen \u2026<\/strong><\/h4>\n<\/div>\n\n\n\n<div class=\"wp-block-column is-layout-flow wp-block-column-is-layout-flow\">\n<p>Die freundlichen Ladner \u2013 und das ist keine Floskel \u2013 freuen sich \u00fcber deinen Besuch und nehmen selbstverst\u00e4ndlich auch Bestellw\u00fcnsche entgegen. Und im Winter knistert das Feuer wunderbar in der zentral im Raum stehenden Kamin-S\u00e4ule, an der man sich nach langem Spaziergang oder Tiere-Streicheln die H\u00e4nde wieder w\u00e4rmen kann. <\/p>\n<\/div>\n<\/div>\n\n\n\n<div style=\"height:50px\" aria-hidden=\"true\" class=\"wp-block-spacer\"><\/div>\n","protected":false},"excerpt":{"rendered":"<p>Biomarkt Brot, Joghurt &amp; Co Aus den Fenstern schweift der Blick \u00fcber offene St\u00e4lle mit sch\u00f6nen rotbraunen Rindern; der Acker, von dem das saisonale Gem\u00fcse im Laden stammt, ist nur einen Steinwurf entfernt; vor der T\u00fcr spielen die Hofkatzen, in den Ausl\u00e4ufen tummeln sich Pferde und Esel \u2013 der \u201eHofladen\u201c macht seinem Namen alle Ehre. [&hellip;]<\/p>\n","protected":false},"author":1,"featured_media":0,"parent":113,"menu_order":0,"comment_status":"closed","ping_status":"closed","template":"","meta":{"footnotes":""},"class_list":["post-863","page","type-page","status-publish","hentry"],"jetpack_sharing_enabled":true,"jetpack_shortlink":"https:\/\/wp.me\/PaQBcD-dV","jetpack-related-posts":[],"_links":{"self":[{"href":"https:\/\/michaelshof-sammatz.de\/blog\/wp-json\/wp\/v2\/pages\/863"}],"collection":[{"href":"https:\/\/michaelshof-sammatz.de\/blog\/wp-json\/wp\/v2\/pages"}],"about":[{"href":"https:\/\/michaelshof-sammatz.de\/blog\/wp-json\/wp\/v2\/types\/page"}],"author":[{"embeddable":true,"href":"https:\/\/michaelshof-sammatz.de\/blog\/wp-json\/wp\/v2\/users\/1"}],"replies":[{"embeddable":true,"href":"https:\/\/michaelshof-sammatz.de\/blog\/wp-json\/wp\/v2\/comments?post=863"}],"version-history":[{"count":22,"href":"https:\/\/michaelshof-sammatz.de\/blog\/wp-json\/wp\/v2\/pages\/863\/revisions"}],"predecessor-version":[{"id":32464,"href":"https:\/\/michaelshof-sammatz.de\/blog\/wp-json\/wp\/v2\/pages\/863\/revisions\/32464"}],"up":[{"embeddable":true,"href":"https:\/\/michaelshof-sammatz.de\/blog\/wp-json\/wp\/v2\/pages\/113"}],"wp:attachment":[{"href":"https:\/\/michaelshof-sammatz.de\/blog\/wp-json\/wp\/v2\/media?parent=863"}],"curies":[{"name":"wp","href":"https:\/\/api.w.org\/{rel}","templated":true}]}}

<h1 class="wp-block-heading">Biomarkt</h1>



<div style="height:85px" aria-hidden="true" class="wp-block-spacer"></div>



<figure class="wp-block-image pageTeaserImage"><img fetchpriority="high" decoding="async" width="654" height="416" data-attachment-id="1914" data-permalink="https://michaelshof-sammatz.de/blog/essen-trinken/hofladen/food-hofladen-1/" data-orig-file="https://michaelshof-sammatz.de/blog/wp-content/uploads/2019/01/food-hofladen-1.jpg" data-orig-size="654,416" data-comments-opened="0" data-image-meta="{&quot;aperture&quot;:&quot;0&quot;,&quot;credit&quot;:&quot;&quot;,&quot;camera&quot;:&quot;&quot;,&quot;caption&quot;:&quot;&quot;,&quot;created_timestamp&quot;:&quot;0&quot;,&quot;copyright&quot;:&quot;&quot;,&quot;focal_length&quot;:&quot;0&quot;,&quot;iso&quot;:&quot;0&quot;,&quot;shutter_speed&quot;:&quot;0&quot;,&quot;title&quot;:&quot;&quot;,&quot;orientation&quot;:&quot;0&quot;}" data-image-title="food-hofladen-1" data-image-description="" data-image-caption="" data-medium-file="https://michaelshof-sammatz.de/blog/wp-content/uploads/2019/01/food-hofladen-1-300x191.jpg" data-large-file="https://michaelshof-sammatz.de/blog/wp-content/uploads/2019/01/food-hofladen-1.jpg" tabindex="0" role="button" src="http://michaelshof-sammatz.de/blog/wp-content/uploads/2019/01/food-hofladen-1.jpg" alt="" class="wp-image-1914" srcset="https://michaelshof-sammatz.de/blog/wp-content/uploads/2019/01/food-hofladen-1.jpg 654w, https://michaelshof-sammatz.de/blog/wp-content/uploads/2019/01/food-hofladen-1-300x191.jpg 300w, https://michaelshof-sammatz.de/blog/wp-content/uploads/2019/01/food-hofladen-1-600x382.jpg 600w" sizes="(max-width: 654px) 100vw, 654px" /></figure>



<div style="height:35px" aria-hidden="true" class="wp-block-spacer"></div>







<div style="height:50px" aria-hidden="true" class="wp-block-spacer"></div>



<p><strong>Brot, Joghurt &amp; Co</strong></p>



<p>Aus den Fenstern schweift der Blick über offene Ställe mit schönen rotbraunen Rindern; der Acker, von dem das saisonale Gemüse im Laden stammt, ist nur einen Steinwurf entfernt; vor der Tür spielen die Hofkatzen, in den Ausläufen tummeln sich Pferde und Esel – der „Hofladen“ macht seinem Namen alle Ehre. Nicht groß, aber doch ausreichend gefüllt für die Bedürfnisse unserer Kunden, liegt er neben der Lagerhalle und bildet einen zentralen Punkt im Hofgeschehen.</p>



<div class="wp-block-media-text alignwide has-media-on-the-right"><div class="wp-block-media-text__content">
<p>Man ist stolz auf die in Sammatz hergestellten Produkte: Käse, Joghurt, Quark und Milch aus unserer Meierei, Wurst und Fleisch aus hofeigener Schlachtung, dazu eine volle Thekenbreite duftender Brotsorten, die in unserer Holzofen-Bäckerei auf der anderen Straßenseite hergestellt werden. </p>



<h4 class="wp-block-heading has-text-align-right padding-right"><strong>Dazu eine <br>volle Thekenbreite </strong></h4>



<h3 class="wp-block-heading has-text-align-right padding-right"><strong>duftender<br>Brotsorten …</strong></h3>
</div><figure class="wp-block-media-text__media"><img decoding="async" width="545" height="334" data-attachment-id="1915" data-permalink="https://michaelshof-sammatz.de/blog/essen-trinken/hofladen/food-hofladen-2/" data-orig-file="https://michaelshof-sammatz.de/blog/wp-content/uploads/2019/01/food-hofladen-2.jpg" data-orig-size="545,334" data-comments-opened="0" data-image-meta="{&quot;aperture&quot;:&quot;0&quot;,&quot;credit&quot;:&quot;&quot;,&quot;camera&quot;:&quot;&quot;,&quot;caption&quot;:&quot;&quot;,&quot;created_timestamp&quot;:&quot;0&quot;,&quot;copyright&quot;:&quot;&quot;,&quot;focal_length&quot;:&quot;0&quot;,&quot;iso&quot;:&quot;0&quot;,&quot;shutter_speed&quot;:&quot;0&quot;,&quot;title&quot;:&quot;&quot;,&quot;orientation&quot;:&quot;0&quot;}" data-image-title="food-hofladen-2" data-image-description="" data-image-caption="" data-medium-file="https://michaelshof-sammatz.de/blog/wp-content/uploads/2019/01/food-hofladen-2-300x184.jpg" data-large-file="https://michaelshof-sammatz.de/blog/wp-content/uploads/2019/01/food-hofladen-2.jpg" tabindex="0" role="button" src="http://michaelshof-sammatz.de/blog/wp-content/uploads/2019/01/food-hofladen-2.jpg" alt="" class="wp-image-1915 size-full" srcset="https://michaelshof-sammatz.de/blog/wp-content/uploads/2019/01/food-hofladen-2.jpg 545w, https://michaelshof-sammatz.de/blog/wp-content/uploads/2019/01/food-hofladen-2-300x184.jpg 300w" sizes="(max-width: 545px) 100vw, 545px" /></figure></div>



<p>Ebenso finden wir ein reiches Angebot an Tees und Kräutern, die alle in Handarbeit geerntet werden. Alles gut erkennbar an unseren Michaelshof-Etiketten. <br> Warme Socken und urige Jacken werden zwar nicht in Sammatz gefertigt, aber die Wolle stammt von den hiesigen Schafen. Auch die niedlichen Woll-Kuscheltiere, welche die oberen Regale unseres Ladens bevölkern, sind bei den Kindern sehr gefragt. <br> Das frische Gemüse vom Feld, fällt jedem Kunden gleich beim Eintreten durch die Tür ins Auge. Von Salaten über Lauch und frischen Kräutern ist hier viel Schmackhaftes dabei. Es kommen auch schon mal Auswärtskunden im Sommer nur für eine Tüte unserer Tomaten vorbei, ein echtes Kompliment!</p>



<div class="wp-block-media-text alignwide text-media-left"><figure class="wp-block-media-text__media"><img decoding="async" width="554" height="409" data-attachment-id="1916" data-permalink="https://michaelshof-sammatz.de/blog/essen-trinken/hofladen/food-hofladen-3/" data-orig-file="https://michaelshof-sammatz.de/blog/wp-content/uploads/2019/01/food-hofladen-3.jpg" data-orig-size="554,409" data-comments-opened="0" data-image-meta="{&quot;aperture&quot;:&quot;0&quot;,&quot;credit&quot;:&quot;&quot;,&quot;camera&quot;:&quot;&quot;,&quot;caption&quot;:&quot;&quot;,&quot;created_timestamp&quot;:&quot;0&quot;,&quot;copyright&quot;:&quot;&quot;,&quot;focal_length&quot;:&quot;0&quot;,&quot;iso&quot;:&quot;0&quot;,&quot;shutter_speed&quot;:&quot;0&quot;,&quot;title&quot;:&quot;&quot;,&quot;orientation&quot;:&quot;0&quot;}" data-image-title="food-hofladen-3" data-image-description="" data-image-caption="" data-medium-file="https://michaelshof-sammatz.de/blog/wp-content/uploads/2019/01/food-hofladen-3-300x221.jpg" data-large-file="https://michaelshof-sammatz.de/blog/wp-content/uploads/2019/01/food-hofladen-3.jpg" tabindex="0" role="button" src="http://michaelshof-sammatz.de/blog/wp-content/uploads/2019/01/food-hofladen-3.jpg" alt="" class="wp-image-1916 size-full" srcset="https://michaelshof-sammatz.de/blog/wp-content/uploads/2019/01/food-hofladen-3.jpg 554w, https://michaelshof-sammatz.de/blog/wp-content/uploads/2019/01/food-hofladen-3-300x221.jpg 300w" sizes="(max-width: 554px) 100vw, 554px" /></figure><div class="wp-block-media-text__content">
<h3 class="wp-block-heading padding-left"><strong>Die freundlichen <br>Ladner</strong></h3>



<h4 class="wp-block-heading padding-left"><strong>freuen sich über  <br>deinen Besuch…</strong></h4>



<p>Neben eigenen Produkten führt der Hofladen das Vollsortiment eines regulären Bio-Ladens – Obst und Gemüse, Säfte, Schokolade, Feinkost, Müsli, Shampoo und vieles mehr zu fairen Preisen. <br>
Ein Glücksfall sind die ungewöhnlichen Öffnungszeiten: Im Hofladen kann man auch samstags und sonntags den ganzen Tag über einkaufen. </p>
</div></div>



<p>Die Atmosphäre im Laden ist familiär und entspannt, das Publikum eine sympathische Mischung aus regionaler Stammkundschaft, Michaelshof-Gästen aus allen vier Himmelsrichtungen, Mitarbeitern, die sich die Fahrt zum Supermarkt sparen und Sammatzer Dorfkindern, die hier ihr Taschengeld in „gesunde“ Chips, Schokolade und Limo umsetzen. </p>



<div class="wp-block-columns has-2-columns is-layout-flex wp-container-core-columns-is-layout-1 wp-block-columns-is-layout-flex">
<div class="wp-block-column is-layout-flow wp-block-column-is-layout-flow">
<h3 class="wp-block-heading has-text-align-right padding-right"><strong>Eine kleine Möhre</strong></h3>



<h4 class="wp-block-heading has-text-align-right padding-right"><strong>für eines unserer braven Pferdchen …</strong></h4>
</div>



<div class="wp-block-column is-layout-flow wp-block-column-is-layout-flow">
<p>Die freundlichen Ladner – und das ist keine Floskel – freuen sich über deinen Besuch und nehmen selbstverständlich auch Bestellwünsche entgegen. Und im Winter knistert das Feuer wunderbar in der zentral im Raum stehenden Kamin-Säule, an der man sich nach langem Spaziergang oder Tiere-Streicheln die Hände wieder wärmen kann. </p>
</div>
</div>



<div style="height:50px" aria-hidden="true" class="wp-block-spacer"></div>

<p>Biomarkt Brot, Joghurt &amp; Co Aus den Fenstern schweift der Blick über offene Ställe mit schönen rotbraunen Rindern; der Acker, von dem das saisonale Gemüse im Laden stammt, ist nur einen Steinwurf entfernt; vor der Tür spielen die Hofkatzen, in den Ausläufen tummeln sich Pferde und Esel – der „Hofladen“ macht seinem Namen alle Ehre. [&hellip;]</p>
