

{"id":865,"date":"2019-01-06T19:16:32","date_gmt":"2019-01-06T18:16:32","guid":{"rendered":"http:\/\/michaelshof-campus.com\/blog\/?page_id=865"},"modified":"2021-02-23T10:40:24","modified_gmt":"2021-02-23T09:40:24","slug":"meierei","status":"publish","type":"page","link":"https:\/\/michaelshof-sammatz.de\/blog\/essen-trinken\/meierei\/","title":{"rendered":"Essen &#038; Trinken | Meierei"},"content":{"rendered":"\n<h1 class=\"wp-block-heading\"><strong>Meierei<\/strong><\/h1>\n\n\n\n<div style=\"height:85px\" aria-hidden=\"true\" class=\"wp-block-spacer\"><\/div>\n\n\n\n<figure class=\"wp-block-image pageTeaserImage\"><img fetchpriority=\"high\" decoding=\"async\" width=\"747\" height=\"442\" data-attachment-id=\"1893\" data-permalink=\"https:\/\/michaelshof-sammatz.de\/blog\/essen-trinken\/food-meierei-1\/\" data-orig-file=\"https:\/\/michaelshof-sammatz.de\/blog\/wp-content\/uploads\/2019\/01\/food-meierei-1.jpg\" data-orig-size=\"747,442\" data-comments-opened=\"0\" data-image-meta=\"{&quot;aperture&quot;:&quot;0&quot;,&quot;credit&quot;:&quot;&quot;,&quot;camera&quot;:&quot;&quot;,&quot;caption&quot;:&quot;&quot;,&quot;created_timestamp&quot;:&quot;0&quot;,&quot;copyright&quot;:&quot;&quot;,&quot;focal_length&quot;:&quot;0&quot;,&quot;iso&quot;:&quot;0&quot;,&quot;shutter_speed&quot;:&quot;0&quot;,&quot;title&quot;:&quot;&quot;,&quot;orientation&quot;:&quot;0&quot;}\" data-image-title=\"food-meierei-1\" data-image-description=\"\" data-image-caption=\"\" data-medium-file=\"https:\/\/michaelshof-sammatz.de\/blog\/wp-content\/uploads\/2019\/01\/food-meierei-1-300x178.jpg\" data-large-file=\"https:\/\/michaelshof-sammatz.de\/blog\/wp-content\/uploads\/2019\/01\/food-meierei-1.jpg\" tabindex=\"0\" role=\"button\" src=\"http:\/\/michaelshof-sammatz.de\/blog\/wp-content\/uploads\/2019\/01\/food-meierei-1.jpg\" alt=\"\" class=\"wp-image-1893\" srcset=\"https:\/\/michaelshof-sammatz.de\/blog\/wp-content\/uploads\/2019\/01\/food-meierei-1.jpg 747w, https:\/\/michaelshof-sammatz.de\/blog\/wp-content\/uploads\/2019\/01\/food-meierei-1-300x178.jpg 300w, https:\/\/michaelshof-sammatz.de\/blog\/wp-content\/uploads\/2019\/01\/food-meierei-1-600x355.jpg 600w\" sizes=\"(max-width: 747px) 100vw, 747px\" \/><\/figure>\n\n\n\n<div style=\"height:35px\" aria-hidden=\"true\" class=\"wp-block-spacer\"><\/div>\n\n\n\n\n\n\n\n<div style=\"height:50px\" aria-hidden=\"true\" class=\"wp-block-spacer\"><\/div>\n\n\n\n<p style=\"font-size:18px\"><strong>Feige, Thymian und Walnuss<\/strong><\/p>\n\n\n\n<div class=\"wp-block-media-text alignwide has-media-on-the-right is-stacked-on-mobile\"><figure class=\"wp-block-media-text__media\"><img decoding=\"async\" width=\"552\" height=\"367\" data-attachment-id=\"1894\" data-permalink=\"https:\/\/michaelshof-sammatz.de\/blog\/essen-trinken\/food-meierei-2\/\" data-orig-file=\"https:\/\/michaelshof-sammatz.de\/blog\/wp-content\/uploads\/2019\/01\/food-meierei-2.jpg\" data-orig-size=\"552,367\" data-comments-opened=\"0\" data-image-meta=\"{&quot;aperture&quot;:&quot;0&quot;,&quot;credit&quot;:&quot;&quot;,&quot;camera&quot;:&quot;&quot;,&quot;caption&quot;:&quot;&quot;,&quot;created_timestamp&quot;:&quot;0&quot;,&quot;copyright&quot;:&quot;&quot;,&quot;focal_length&quot;:&quot;0&quot;,&quot;iso&quot;:&quot;0&quot;,&quot;shutter_speed&quot;:&quot;0&quot;,&quot;title&quot;:&quot;&quot;,&quot;orientation&quot;:&quot;0&quot;}\" data-image-title=\"food-meierei-2\" data-image-description=\"\" data-image-caption=\"\" data-medium-file=\"https:\/\/michaelshof-sammatz.de\/blog\/wp-content\/uploads\/2019\/01\/food-meierei-2-300x199.jpg\" data-large-file=\"https:\/\/michaelshof-sammatz.de\/blog\/wp-content\/uploads\/2019\/01\/food-meierei-2.jpg\" tabindex=\"0\" role=\"button\" src=\"http:\/\/michaelshof-sammatz.de\/blog\/wp-content\/uploads\/2019\/01\/food-meierei-2.jpg\" alt=\"\" class=\"wp-image-1894 size-full\" srcset=\"https:\/\/michaelshof-sammatz.de\/blog\/wp-content\/uploads\/2019\/01\/food-meierei-2.jpg 552w, https:\/\/michaelshof-sammatz.de\/blog\/wp-content\/uploads\/2019\/01\/food-meierei-2-300x199.jpg 300w\" sizes=\"(max-width: 552px) 100vw, 552px\" \/><\/figure><div class=\"wp-block-media-text__content\">\n<p>Die Meierei neben unserem Kuhstall verarbeitet die frisch gemolkene Kuh-, Schaf- und Ziegenmilch t\u00e4glich zu leckeren Joghurts, zu Quark, Schwedenmilch und Trinkjoghurt.<br>\nIn den Kellern reifen die Schnitt- und Weichk\u00e4se: Der beliebte Hofk\u00e4se, M\u00f6hren-, Bockshorn- oder Bergk\u00e4se, Feta, Camembert und anderes mehr. \u201eFeige-Honig\u201c, \u201eThymian-Knoblauch\u201c, \u201eChili-Walnuss\u201c sind nur einige der leckeren Frischk\u00e4sesorten aus der Meierei am Michaelshof. <br>\nEiniges an Prozessen ist n\u00f6tig, um diese ganzen tollen Produkte herstellen zu k\u00f6nnen. Anfangen m\u00fcssen wir bei den Tieren, die uns ihre wertvolle Milch schenken, die wir dann versuchen, so schonend wie m\u00f6glich in unsere \u2039Sammatzer K\u00e4sespezialit\u00e4ten\u203a zu verwandeln. <\/p>\n<\/div><\/div>\n\n\n\n<div class=\"wp-block-media-text alignwide is-stacked-on-mobile text-media-left\"><figure class=\"wp-block-media-text__media\"><img decoding=\"async\" width=\"361\" height=\"598\" data-attachment-id=\"1895\" data-permalink=\"https:\/\/michaelshof-sammatz.de\/blog\/essen-trinken\/food-meierei-3\/\" data-orig-file=\"https:\/\/michaelshof-sammatz.de\/blog\/wp-content\/uploads\/2019\/01\/food-meierei-3.jpg\" data-orig-size=\"361,598\" data-comments-opened=\"0\" data-image-meta=\"{&quot;aperture&quot;:&quot;0&quot;,&quot;credit&quot;:&quot;&quot;,&quot;camera&quot;:&quot;&quot;,&quot;caption&quot;:&quot;&quot;,&quot;created_timestamp&quot;:&quot;0&quot;,&quot;copyright&quot;:&quot;&quot;,&quot;focal_length&quot;:&quot;0&quot;,&quot;iso&quot;:&quot;0&quot;,&quot;shutter_speed&quot;:&quot;0&quot;,&quot;title&quot;:&quot;&quot;,&quot;orientation&quot;:&quot;0&quot;}\" data-image-title=\"food-meierei-3\" data-image-description=\"\" data-image-caption=\"\" data-medium-file=\"https:\/\/michaelshof-sammatz.de\/blog\/wp-content\/uploads\/2019\/01\/food-meierei-3-181x300.jpg\" data-large-file=\"https:\/\/michaelshof-sammatz.de\/blog\/wp-content\/uploads\/2019\/01\/food-meierei-3.jpg\" tabindex=\"0\" role=\"button\" src=\"http:\/\/michaelshof-sammatz.de\/blog\/wp-content\/uploads\/2019\/01\/food-meierei-3.jpg\" alt=\"\" class=\"wp-image-1895 size-full\" srcset=\"https:\/\/michaelshof-sammatz.de\/blog\/wp-content\/uploads\/2019\/01\/food-meierei-3.jpg 361w, https:\/\/michaelshof-sammatz.de\/blog\/wp-content\/uploads\/2019\/01\/food-meierei-3-300x497.jpg 300w, https:\/\/michaelshof-sammatz.de\/blog\/wp-content\/uploads\/2019\/01\/food-meierei-3-181x300.jpg 181w\" sizes=\"(max-width: 361px) 100vw, 361px\" \/><\/figure><div class=\"wp-block-media-text__content\">\n<h4 class=\"wp-block-heading\"><strong>Die Tiere, die uns ihre wert\u00ad\u00advolle <\/strong><\/h4>\n\n\n\n<h3 class=\"wp-block-heading\"><strong>Milch schenken \u2026<\/strong><\/h3>\n\n\n\n<p>Die Kuhmilch unserer Angler-Rinder hat mit \u00fcber 5% Fett einen so intensiven Geschmack, dass man manchmal schon von Alpenk\u00fchen sprechen k\u00f6nnte. W\u00fcrden da nicht die Berge fehlen&#8230; Aber auch das deutsche Milchschaf und unsere \u2039Toggenburger\u203a und \u2039Th\u00fcringer Waldziegen\u203a liefern tolle Milch, die mit ihren pr\u00e4gnanten Geschm\u00e4ckern gro\u00dfe Variationsm\u00f6glichkeiten bieten.<\/p>\n\n\n\n<p>Die Milch aus dem tiefliegenden Kuh-Melkstand wird direkt in den gro\u00dfen Milchtank (er fasst 600 Liter) im Verarbeitungsraum der Meierei geleitet. Hier wird sie dann weiterverarbeitet, der K\u00e4sekessel steht bereit! Die Milch wird zur K\u00e4seherstellung zun\u00e4chst erhitzt und ges\u00e4uert. Wenn dann das Lab hinzukommt, wird die Masse fest, sodass im n\u00e4chsten Schritt bereits \u201ageschnitten\u2019 wird. So kommen wir zum sogenannen \u2039K\u00e4sebruch\u203a, der je nach Gr\u00f6\u00dfe ausschlaggebend f\u00fcr die Festigkeit des K\u00e4ses ist. Wenn dieser dann aus dem Kessel gesch\u00f6pft wird, kommt er in seine K\u00e4seform. Hierin wird er noch einmal abschlie\u00dfend gepresst, bis der K\u00e4se eine ganze Zeit lang \u2013 vom Camembert bis zum Bergk\u00e4se gibt es da Unterschiede in der Reifezeit von einigen Tagen bis hin zu \u00fcber einem Jahr \u2013 in einem der zwei R\u00e4ume im Keller liegt. Der Hartk\u00e4se wird dann t\u00e4glich aus seinem Regal geholt und im Salzbad gewaschen. Ein langer Prozess, der auf die Kostbarkeit des K\u00e4ses hindeutet. Die K\u00e4sepflege ist oft unbeachtet, aber unglaublich wichtig f\u00fcr die Gesundheit des K\u00e4selaibes. <\/p>\n<\/div><\/div>\n\n\n\n<div class=\"wp-block-columns has-2-columns is-layout-flex wp-container-core-columns-is-layout-1 wp-block-columns-is-layout-flex\">\n<div class=\"wp-block-column is-layout-flow wp-block-column-is-layout-flow\">\n<div style=\"height:25px\" aria-hidden=\"true\" class=\"wp-block-spacer\"><\/div>\n\n\n\n<h3 class=\"has-text-align-right padding-right wp-block-heading\"><strong>Im Keller,<\/strong><\/h3>\n\n\n\n<h4 class=\"has-text-align-right padding-right wp-block-heading\"><strong>wo der K\u00e4se auf seinen<br>Holzbrettern liegt \u2026<\/strong><\/h4>\n<\/div>\n\n\n\n<div class=\"wp-block-column is-layout-flow wp-block-column-is-layout-flow\">\n<p class=\"has-text-align-left\">Kommt man in den Keller hinunter, wo der K\u00e4se auf seinen Holzbrettern liegt, kann man schon staunen \u00fcber so viel verarbeitete Liter Milch (ein Kilo Bergk\u00e4se wird aus 10 &#8211; 11 Litern Milch gewonnen) und die Verschiedenartigkeit der K\u00e4se mit ihren ganz unterschiedlichen Schimmelkulturen. So ist unser Ziegentaler beispielsweise ein typischer Weichschimmelk\u00e4se, der kr\u00e4ftige Romadur hingegen umh\u00fcllt sich mit einer zarten Schicht aus Rotschimmel. <\/p>\n<\/div>\n<\/div>\n\n\n\n<p>Aber nicht nur K\u00e4se wird in unserer Meierei hergestellt, auch Jogurt und Quark sind bei unseren Kunden sehr gefragt. Sie sind die Produkte, die wir wegen der Haltbarkeit auch pasteurisieren. Wo es geht, achten wir ansonsten stets auf unsere Rohmilch-Qualit\u00e4t. <br> F\u00fcr den Jogurt haben wir einen gro\u00dfen W\u00e4rmeschrank, in dem sich die Milch \u00fcber Nacht in Jogurt verwandelt. Stichfest oder cremig? Da gehen die Geschm\u00e4cker auseinander. Wenn noch Himbeerfrucht-Zubereitung oder andere Obstsorten hineinger\u00fchrt werden, ist das Sortiment so vielf\u00e4ltig, dass man sich vor dem Verkaufs-K\u00fchlschrank im Laden kaum entscheiden kann. Der beliebte Quark wird hingegen stets \u201aabgeh\u00e4ngt\u2018, damit er seine Festigkeit bekommt. Er steht dann in seinen Bechergl\u00e4sern zum Verkauf bereit. <\/p>\n\n\n\n<figure class=\"wp-block-image\"><img loading=\"lazy\" decoding=\"async\" width=\"846\" height=\"325\" data-attachment-id=\"1896\" data-permalink=\"https:\/\/michaelshof-sammatz.de\/blog\/essen-trinken\/mg_3753k\/\" data-orig-file=\"https:\/\/michaelshof-sammatz.de\/blog\/wp-content\/uploads\/2019\/01\/MG_3753K.jpg\" data-orig-size=\"846,325\" data-comments-opened=\"0\" data-image-meta=\"{&quot;aperture&quot;:&quot;0&quot;,&quot;credit&quot;:&quot;&quot;,&quot;camera&quot;:&quot;&quot;,&quot;caption&quot;:&quot;&quot;,&quot;created_timestamp&quot;:&quot;0&quot;,&quot;copyright&quot;:&quot;&quot;,&quot;focal_length&quot;:&quot;0&quot;,&quot;iso&quot;:&quot;0&quot;,&quot;shutter_speed&quot;:&quot;0&quot;,&quot;title&quot;:&quot;&quot;,&quot;orientation&quot;:&quot;0&quot;}\" data-image-title=\"MG_3753K\" data-image-description=\"\" data-image-caption=\"\" data-medium-file=\"https:\/\/michaelshof-sammatz.de\/blog\/wp-content\/uploads\/2019\/01\/MG_3753K.jpg\" data-large-file=\"https:\/\/michaelshof-sammatz.de\/blog\/wp-content\/uploads\/2019\/01\/MG_3753K.jpg\" tabindex=\"0\" role=\"button\" src=\"http:\/\/michaelshof-sammatz.de\/blog\/wp-content\/uploads\/2019\/01\/MG_3753K.jpg\" alt=\"\" class=\"wp-image-1896\"\/><\/figure>\n\n\n\n<p>Wenn wir als Besucher in die Meierei hineinwollen, um uns diese beinah alchemistischen Prozesse einmal aus der N\u00e4he anzuschauen, m\u00fcssen wir uns zun\u00e4chst sehr hygienisch ankleiden um eingelassen zu werden. Denn jeder artfremde Keim bringt Unruhe in diesen sensiblen Bereich. <br> Die Meierei l\u00e4dt \u00fcbrigens jeden letzten Sonntag im Monat um 11 Uhr zu einer F\u00fchrung und zum Mitmachen bei der K\u00e4seherstellung ein. Wir bitten um Voranmeldung unter 05858\/97030. Der Kostenbeitrag betr\u00e4gt 12 \u20ac f\u00fcr Erwachsene und 6 \u20ac f\u00fcr Kinder. Viel Spa\u00df beim Kennenlernen!<\/p>\n\n\n\n<div style=\"height:50px\" aria-hidden=\"true\" class=\"wp-block-spacer\"><\/div>\n","protected":false},"excerpt":{"rendered":"<p>Meierei Feige, Thymian und Walnuss Die Meierei neben unserem Kuhstall verarbeitet die frisch gemolkene Kuh-, Schaf- und Ziegenmilch t\u00e4glich zu leckeren Joghurts, zu Quark, Schwedenmilch und Trinkjoghurt. In den Kellern reifen die Schnitt- und Weichk\u00e4se: Der beliebte Hofk\u00e4se, M\u00f6hren-, Bockshorn- oder Bergk\u00e4se, Feta, Camembert und anderes mehr. \u201eFeige-Honig\u201c, \u201eThymian-Knoblauch\u201c, \u201eChili-Walnuss\u201c sind nur einige der leckeren [&hellip;]<\/p>\n","protected":false},"author":1,"featured_media":0,"parent":113,"menu_order":0,"comment_status":"closed","ping_status":"closed","template":"","meta":{"footnotes":""},"class_list":["post-865","page","type-page","status-publish","hentry"],"jetpack_sharing_enabled":true,"jetpack_shortlink":"https:\/\/wp.me\/PaQBcD-dX","jetpack-related-posts":[],"_links":{"self":[{"href":"https:\/\/michaelshof-sammatz.de\/blog\/wp-json\/wp\/v2\/pages\/865"}],"collection":[{"href":"https:\/\/michaelshof-sammatz.de\/blog\/wp-json\/wp\/v2\/pages"}],"about":[{"href":"https:\/\/michaelshof-sammatz.de\/blog\/wp-json\/wp\/v2\/types\/page"}],"author":[{"embeddable":true,"href":"https:\/\/michaelshof-sammatz.de\/blog\/wp-json\/wp\/v2\/users\/1"}],"replies":[{"embeddable":true,"href":"https:\/\/michaelshof-sammatz.de\/blog\/wp-json\/wp\/v2\/comments?post=865"}],"version-history":[{"count":24,"href":"https:\/\/michaelshof-sammatz.de\/blog\/wp-json\/wp\/v2\/pages\/865\/revisions"}],"predecessor-version":[{"id":28669,"href":"https:\/\/michaelshof-sammatz.de\/blog\/wp-json\/wp\/v2\/pages\/865\/revisions\/28669"}],"up":[{"embeddable":true,"href":"https:\/\/michaelshof-sammatz.de\/blog\/wp-json\/wp\/v2\/pages\/113"}],"wp:attachment":[{"href":"https:\/\/michaelshof-sammatz.de\/blog\/wp-json\/wp\/v2\/media?parent=865"}],"curies":[{"name":"wp","href":"https:\/\/api.w.org\/{rel}","templated":true}]}}