

{"id":875,"date":"2019-01-06T19:18:20","date_gmt":"2019-01-06T18:18:20","guid":{"rendered":"http:\/\/michaelshof-campus.com\/blog\/?page_id=875"},"modified":"2020-02-21T16:38:17","modified_gmt":"2020-02-21T15:38:17","slug":"tee-krauter","status":"publish","type":"page","link":"https:\/\/michaelshof-sammatz.de\/blog\/essen-trinken\/tee-krauter\/","title":{"rendered":"Essen &#038; Trinken | Manufaktur"},"content":{"rendered":"\n<h1 class=\"wp-block-heading\">Manufaktur am Michaelshof<\/h1>\n\n\n\n<div style=\"height:85px\" aria-hidden=\"true\" class=\"wp-block-spacer\"><\/div>\n\n\n\n<figure class=\"wp-block-image pageTeaserImage\"><img fetchpriority=\"high\" decoding=\"async\" width=\"651\" height=\"468\" data-attachment-id=\"1908\" data-permalink=\"https:\/\/michaelshof-sammatz.de\/blog\/essen-trinken\/food-manufaktur-1\/\" data-orig-file=\"https:\/\/michaelshof-sammatz.de\/blog\/wp-content\/uploads\/2019\/01\/food-manufaktur-1.jpg\" data-orig-size=\"651,468\" data-comments-opened=\"0\" data-image-meta=\"{&quot;aperture&quot;:&quot;0&quot;,&quot;credit&quot;:&quot;&quot;,&quot;camera&quot;:&quot;&quot;,&quot;caption&quot;:&quot;&quot;,&quot;created_timestamp&quot;:&quot;0&quot;,&quot;copyright&quot;:&quot;&quot;,&quot;focal_length&quot;:&quot;0&quot;,&quot;iso&quot;:&quot;0&quot;,&quot;shutter_speed&quot;:&quot;0&quot;,&quot;title&quot;:&quot;&quot;,&quot;orientation&quot;:&quot;0&quot;}\" data-image-title=\"food-manufaktur-1\" data-image-description=\"\" data-image-caption=\"\" data-medium-file=\"https:\/\/michaelshof-sammatz.de\/blog\/wp-content\/uploads\/2019\/01\/food-manufaktur-1-300x216.jpg\" data-large-file=\"https:\/\/michaelshof-sammatz.de\/blog\/wp-content\/uploads\/2019\/01\/food-manufaktur-1.jpg\" tabindex=\"0\" role=\"button\" src=\"http:\/\/michaelshof-sammatz.de\/blog\/wp-content\/uploads\/2019\/01\/food-manufaktur-1.jpg\" alt=\"\" class=\"wp-image-1908\" srcset=\"https:\/\/michaelshof-sammatz.de\/blog\/wp-content\/uploads\/2019\/01\/food-manufaktur-1.jpg 651w, https:\/\/michaelshof-sammatz.de\/blog\/wp-content\/uploads\/2019\/01\/food-manufaktur-1-300x216.jpg 300w, https:\/\/michaelshof-sammatz.de\/blog\/wp-content\/uploads\/2019\/01\/food-manufaktur-1-600x431.jpg 600w\" sizes=\"(max-width: 651px) 100vw, 651px\" \/><\/figure>\n\n\n\n<div style=\"height:35px\" aria-hidden=\"true\" class=\"wp-block-spacer\"><\/div>\n\n\n\n\n\n\n\n<div style=\"height:50px\" aria-hidden=\"true\" class=\"wp-block-spacer\"><\/div>\n\n\n\n<div class=\"wp-block-media-text alignwide text-media-left\"><figure class=\"wp-block-media-text__media\"><img decoding=\"async\" width=\"462\" height=\"275\" data-attachment-id=\"1909\" data-permalink=\"https:\/\/michaelshof-sammatz.de\/blog\/essen-trinken\/food-manufaktur-2\/\" data-orig-file=\"https:\/\/michaelshof-sammatz.de\/blog\/wp-content\/uploads\/2019\/01\/food-manufaktur-2.jpg\" data-orig-size=\"462,275\" data-comments-opened=\"0\" data-image-meta=\"{&quot;aperture&quot;:&quot;0&quot;,&quot;credit&quot;:&quot;&quot;,&quot;camera&quot;:&quot;&quot;,&quot;caption&quot;:&quot;&quot;,&quot;created_timestamp&quot;:&quot;0&quot;,&quot;copyright&quot;:&quot;&quot;,&quot;focal_length&quot;:&quot;0&quot;,&quot;iso&quot;:&quot;0&quot;,&quot;shutter_speed&quot;:&quot;0&quot;,&quot;title&quot;:&quot;&quot;,&quot;orientation&quot;:&quot;0&quot;}\" data-image-title=\"food-manufaktur-2\" data-image-description=\"\" data-image-caption=\"\" data-medium-file=\"https:\/\/michaelshof-sammatz.de\/blog\/wp-content\/uploads\/2019\/01\/food-manufaktur-2-300x179.jpg\" data-large-file=\"https:\/\/michaelshof-sammatz.de\/blog\/wp-content\/uploads\/2019\/01\/food-manufaktur-2.jpg\" tabindex=\"0\" role=\"button\" src=\"http:\/\/michaelshof-sammatz.de\/blog\/wp-content\/uploads\/2019\/01\/food-manufaktur-2.jpg\" alt=\"\" class=\"wp-image-1909\" srcset=\"https:\/\/michaelshof-sammatz.de\/blog\/wp-content\/uploads\/2019\/01\/food-manufaktur-2.jpg 462w, https:\/\/michaelshof-sammatz.de\/blog\/wp-content\/uploads\/2019\/01\/food-manufaktur-2-300x179.jpg 300w\" sizes=\"(max-width: 462px) 100vw, 462px\" \/><\/figure><div class=\"wp-block-media-text__content\">\n<p>Die \u2039Manufaktur am Michaelshof\u203a ist in unserem \u2039Eichenhof\u203a beheimatet, der durch die wunderbare alte Eiche im Garten \u2013 sie z\u00e4hlt bestimmt schon 300 Jahre &#8211; seinen Namen bekommen hat. Sie beliefert den Hofladen mit einem bunten Ensemble von Gew\u00fcrzen und Tees. Die Kr\u00e4uter, Samen und Fr\u00fcchte in Demeter-Qualit\u00e4t stammen aus dem Sammatzer Heilpflanzengarten; Brombeerbl\u00e4tter, Holunderbl\u00fcten, Birkenbl\u00e4tter und anderes aus Wildsammlungen in der nahen Umgebung. <\/p>\n\n\n\n<p>Jeden Morgen von Fr\u00fchjahr bis Herbst \u2013 au\u00dfer bei Regen \u2013 zieht ein gro\u00dfer Erntetrupp, mit einer Vielzahl von Erntek\u00f6rben ausgestattet, auf unseren Acker, um die kostbaren Bl\u00e4tter, Bl\u00fcten und Fr\u00fcchte zu ernten. Mit gut gewaschenen H\u00e4nden wird sich der Pflanze gen\u00e4hert und ihr nur jeweils so viel Kraut genommen, wie sie es gut vertragen kann. \u00dcber einen R\u00fcckschnitt freuen sich die Pflanzen; er sorgt daf\u00fcr, dass die n\u00e4chsten Austriebe umso kr\u00e4ftiger hervortreiben. <\/p>\n<\/div><\/div>\n\n\n\n<p>Wenn wir beispielsweise die feine Zitronenverbene ernten, werden zun\u00e4chst die l\u00e4ngsten \u00c4ste geschnitten; dann setzen sich die Ernter um einen gro\u00dfen Korb zusammen und rebeln die Bl\u00e4tter von den biegsamen \u00c4sten ab. Eine sch\u00f6ne Arbeit, bei der du in einen unglaublich frisch-fruchtigen Wohlgeruch geh\u00fcllt wirst. Noch beim Mittagessen wirst du gefragt, was du denn heute f\u00fcr ein interessantes Parfum aufgelegt hast.<\/p>\n\n\n\n<div class=\"wp-block-columns has-2-columns is-layout-flex wp-container-core-columns-is-layout-1 wp-block-columns-is-layout-flex\">\n<div class=\"wp-block-column is-layout-flow wp-block-column-is-layout-flow\">\n<p class=\"has-text-align-left\">\n\nEinen ganz besonderen Zauber haben die ersten Fr\u00fchlingsgew\u00e4chse wie Schl\u00fcsselblumen, Gundermann, Brennnesseln, Schlehe etc., von denen einige \u00e4u\u00dferst heilkr\u00e4ftige Wirkungen haben. Unser stoffwechselanregender Fr\u00fchlingstee, der immer fr\u00fch im Jahr den ersten Kr\u00e4utern gemischt wird, hat ein erfrischendes, aber leicht bitteres Aroma und bringt den Menschen zu Beginn des Jahres bestens in Schwung.\n\n<\/p>\n<\/div>\n\n\n\n<div class=\"wp-block-column is-layout-flow wp-block-column-is-layout-flow\">\n<div style=\"height:20px\" aria-hidden=\"true\" class=\"wp-block-spacer\"><\/div>\n\n\n\n<h4 class=\"has-text-align-left padding-left wp-block-heading\"><strong>\u2026 zieht im Sommer <br> ein gro\u00dfer Erntetrupp <\/strong><\/h4>\n\n\n\n<h3 class=\"has-text-align-left padding-left wp-block-heading\"><strong>auf unseren  Acker \u2026<\/strong><\/h3>\n<\/div>\n<\/div>\n\n\n\n<p>Im Sommer kann man dann Thymian und Kamille, Lavendel und Zitronenmelisse, Salbei und vieles mehr aus den G\u00e4rten und vom Acker holen. Einige von ihnen haben besonders viele \u00e4therische \u00d6le eingelagert, die dich bei jedem Tee-Mischen \u00fcber das Jahr erneut die ganze W\u00e4rme des Sommers sp\u00fcren lassen. <br> Es will an alles gedacht sein: auf keinen Fall sollte man beispielsweise die Lindenbl\u00fcte verpassen! Wenn der Baum im Juni seine Bl\u00fcten \u00f6ffnet und die Bienen mit gro\u00dfem Gesumme die Krone umschwirren, ist es so weit: auf die Leitern steigen und losernten! Und nicht zu knapp, die Lindenbl\u00fcten sind eins der meist verwendeten Bestandteile in unseren Tees. <\/p>\n\n\n\n<div class=\"wp-block-media-text alignwide has-media-on-the-right\" style=\"grid-template-columns:auto 41%\"><figure class=\"wp-block-media-text__media\"><img decoding=\"async\" width=\"349\" height=\"487\" data-attachment-id=\"1910\" data-permalink=\"https:\/\/michaelshof-sammatz.de\/blog\/essen-trinken\/food-manufaktur-3\/\" data-orig-file=\"https:\/\/michaelshof-sammatz.de\/blog\/wp-content\/uploads\/2019\/01\/food-manufaktur-3.jpg\" data-orig-size=\"349,487\" data-comments-opened=\"0\" data-image-meta=\"{&quot;aperture&quot;:&quot;0&quot;,&quot;credit&quot;:&quot;&quot;,&quot;camera&quot;:&quot;&quot;,&quot;caption&quot;:&quot;&quot;,&quot;created_timestamp&quot;:&quot;0&quot;,&quot;copyright&quot;:&quot;&quot;,&quot;focal_length&quot;:&quot;0&quot;,&quot;iso&quot;:&quot;0&quot;,&quot;shutter_speed&quot;:&quot;0&quot;,&quot;title&quot;:&quot;&quot;,&quot;orientation&quot;:&quot;0&quot;}\" data-image-title=\"food-manufaktur-3\" data-image-description=\"\" data-image-caption=\"\" data-medium-file=\"https:\/\/michaelshof-sammatz.de\/blog\/wp-content\/uploads\/2019\/01\/food-manufaktur-3-215x300.jpg\" data-large-file=\"https:\/\/michaelshof-sammatz.de\/blog\/wp-content\/uploads\/2019\/01\/food-manufaktur-3.jpg\" tabindex=\"0\" role=\"button\" src=\"http:\/\/michaelshof-sammatz.de\/blog\/wp-content\/uploads\/2019\/01\/food-manufaktur-3.jpg\" alt=\"\" class=\"wp-image-1910\" srcset=\"https:\/\/michaelshof-sammatz.de\/blog\/wp-content\/uploads\/2019\/01\/food-manufaktur-3.jpg 349w, https:\/\/michaelshof-sammatz.de\/blog\/wp-content\/uploads\/2019\/01\/food-manufaktur-3-300x419.jpg 300w, https:\/\/michaelshof-sammatz.de\/blog\/wp-content\/uploads\/2019\/01\/food-manufaktur-3-215x300.jpg 215w\" sizes=\"(max-width: 349px) 100vw, 349px\" \/><\/figure><div class=\"wp-block-media-text__content\">\n<p>F\u00fcr die Sch\u00f6nheit der Mischungen haben wir auch immer viel Calendula, Rosen, Malven und Kornblumen auf dem Feld, deren Farbigkeit man schon durch das kleine Sichtfenster der Teet\u00fcten erkennt, denn: das Auge trinkt mit!<br> Im Herbst landet dann schlie\u00dflich noch der Hopfen im Erntekorb, der an hohen Stangen seine lieblichen, hellgr\u00fcnen Zapfen zeigt und einen pr\u00e4gnanten, herben Duft besitzt.<\/p>\n\n\n\n<h3 class=\"has-text-align-right wp-block-heading\"><strong>Wenn der Baum im Juni<\/strong><\/h3>\n\n\n\n<h4 class=\"has-text-align-right wp-block-heading\"><strong>seine Bl\u00fcten \u00f6ffnet und die Bienen<br>mit gro\u00dfem Gesumme die Krone <br>umschwirren \u2026<\/strong><\/h4>\n\n\n\n<p>In der K\u00e4lte des Winters werden noch die Wurzeln von Eibisch und Liebstock, Engelwurz und Baldrian ausgegraben. Sorgf\u00e4ltig ges\u00e4ubert und geschnitten kommen sie dann, wie alle unsere frischen Pflanzen, in den Trocknungsraum des Eichenhofes, wo sie auf den Horden zum Trocknen ausgebreitet werden. <strong> <\/strong><\/p>\n<\/div><\/div>\n\n\n\n<div style=\"height:20px\" aria-hidden=\"true\" class=\"wp-block-spacer\"><\/div>\n\n\n\n<p>Ein kleiner Holzofen w\u00e4rmt dort die Ernte bei schonenden 30 \u00b0C. Wenn die getrockneten Pflanzenteile nach 2-3 Tagen rascheln, wenn man sie leicht sch\u00fcttelt, ist es soweit. Sie werden dann in umweltfreundlichen Papiert\u00fcten gelagert, beschriftet und abgewogen. Die vollen Regale sind das sichere Zeichen f\u00fcr ein gutes Erntejahr. <br> Auch ungew\u00f6hnliche Pflanzen sind hier verpackt: Ysop und Tausendg\u00fcldenkraut, Isl\u00e4ndisch Moos (eines der wenigen Kr\u00e4uter, die wir zukaufen m\u00fcssen) oder Indianernessel. <\/p>\n\n\n\n<p>Wir stellen Einzeldrogen oder Mischungen her, verkauft wird alles \u00fcber den Laden am Michaelshof. Wir hoffen, dass wir schon bald eine gr\u00f6\u00dfere Produktion von Salben, \u00d6len und Pflegeprodukten realisieren k\u00f6nnen.<\/p>\n\n\n\n<div class=\"wp-block-media-text alignwide text-media-left\" style=\"grid-template-columns:58% auto\"><figure class=\"wp-block-media-text__media\"><img loading=\"lazy\" decoding=\"async\" width=\"556\" height=\"417\" data-attachment-id=\"1911\" data-permalink=\"https:\/\/michaelshof-sammatz.de\/blog\/essen-trinken\/food-manufaktur-4\/\" data-orig-file=\"https:\/\/michaelshof-sammatz.de\/blog\/wp-content\/uploads\/2019\/01\/food-manufaktur-4.jpg\" data-orig-size=\"556,417\" data-comments-opened=\"0\" data-image-meta=\"{&quot;aperture&quot;:&quot;0&quot;,&quot;credit&quot;:&quot;&quot;,&quot;camera&quot;:&quot;&quot;,&quot;caption&quot;:&quot;&quot;,&quot;created_timestamp&quot;:&quot;0&quot;,&quot;copyright&quot;:&quot;&quot;,&quot;focal_length&quot;:&quot;0&quot;,&quot;iso&quot;:&quot;0&quot;,&quot;shutter_speed&quot;:&quot;0&quot;,&quot;title&quot;:&quot;&quot;,&quot;orientation&quot;:&quot;0&quot;}\" data-image-title=\"food-manufaktur-4\" data-image-description=\"\" data-image-caption=\"\" data-medium-file=\"https:\/\/michaelshof-sammatz.de\/blog\/wp-content\/uploads\/2019\/01\/food-manufaktur-4-300x225.jpg\" data-large-file=\"https:\/\/michaelshof-sammatz.de\/blog\/wp-content\/uploads\/2019\/01\/food-manufaktur-4.jpg\" tabindex=\"0\" role=\"button\" src=\"http:\/\/michaelshof-sammatz.de\/blog\/wp-content\/uploads\/2019\/01\/food-manufaktur-4.jpg\" alt=\"\" class=\"wp-image-1911\" srcset=\"https:\/\/michaelshof-sammatz.de\/blog\/wp-content\/uploads\/2019\/01\/food-manufaktur-4.jpg 556w, https:\/\/michaelshof-sammatz.de\/blog\/wp-content\/uploads\/2019\/01\/food-manufaktur-4-300x225.jpg 300w\" sizes=\"(max-width: 556px) 100vw, 556px\" \/><\/figure><div class=\"wp-block-media-text__content\">\n<h3 class=\"wp-block-heading\"><strong>Ysop und Tausendg\u00fcldenkraut, <\/strong><\/h3>\n\n\n\n<h4 class=\"wp-block-heading\"><strong>Isl\u00e4ndisch Moos oder Indianernessel \u2026<\/strong><\/h4>\n<\/div><\/div>\n\n\n\n<div style=\"height:50px\" aria-hidden=\"true\" class=\"wp-block-spacer\"><\/div>\n","protected":false},"excerpt":{"rendered":"<p>Manufaktur am Michaelshof Die \u2039Manufaktur am Michaelshof\u203a ist in unserem \u2039Eichenhof\u203a beheimatet, der durch die wunderbare alte Eiche im Garten \u2013 sie z\u00e4hlt bestimmt schon 300 Jahre &#8211; seinen Namen bekommen hat. Sie beliefert den Hofladen mit einem bunten Ensemble von Gew\u00fcrzen und Tees. Die Kr\u00e4uter, Samen und Fr\u00fcchte in Demeter-Qualit\u00e4t stammen aus dem Sammatzer [&hellip;]<\/p>\n","protected":false},"author":1,"featured_media":0,"parent":113,"menu_order":0,"comment_status":"closed","ping_status":"closed","template":"","meta":{"footnotes":""},"class_list":["post-875","page","type-page","status-publish","hentry"],"jetpack_sharing_enabled":true,"jetpack_shortlink":"https:\/\/wp.me\/PaQBcD-e7","jetpack-related-posts":[],"_links":{"self":[{"href":"https:\/\/michaelshof-sammatz.de\/blog\/wp-json\/wp\/v2\/pages\/875"}],"collection":[{"href":"https:\/\/michaelshof-sammatz.de\/blog\/wp-json\/wp\/v2\/pages"}],"about":[{"href":"https:\/\/michaelshof-sammatz.de\/blog\/wp-json\/wp\/v2\/types\/page"}],"author":[{"embeddable":true,"href":"https:\/\/michaelshof-sammatz.de\/blog\/wp-json\/wp\/v2\/users\/1"}],"replies":[{"embeddable":true,"href":"https:\/\/michaelshof-sammatz.de\/blog\/wp-json\/wp\/v2\/comments?post=875"}],"version-history":[{"count":22,"href":"https:\/\/michaelshof-sammatz.de\/blog\/wp-json\/wp\/v2\/pages\/875\/revisions"}],"predecessor-version":[{"id":26136,"href":"https:\/\/michaelshof-sammatz.de\/blog\/wp-json\/wp\/v2\/pages\/875\/revisions\/26136"}],"up":[{"embeddable":true,"href":"https:\/\/michaelshof-sammatz.de\/blog\/wp-json\/wp\/v2\/pages\/113"}],"wp:attachment":[{"href":"https:\/\/michaelshof-sammatz.de\/blog\/wp-json\/wp\/v2\/media?parent=875"}],"curies":[{"name":"wp","href":"https:\/\/api.w.org\/{rel}","templated":true}]}}