

{"id":881,"date":"2019-01-06T19:20:36","date_gmt":"2019-01-06T18:20:36","guid":{"rendered":"http:\/\/michaelshof-campus.com\/blog\/?page_id=881"},"modified":"2020-02-21T16:17:50","modified_gmt":"2020-02-21T15:17:50","slug":"staudenplateau","status":"publish","type":"page","link":"https:\/\/michaelshof-sammatz.de\/blog\/garten-park\/staudenplateau\/","title":{"rendered":"G\u00e4rten &#038; Park | Staudenplateau"},"content":{"rendered":"\n<h1 class=\"wp-block-heading\"><strong>Staudenplateau<\/strong><\/h1>\n\n\n\n<div style=\"height:85px\" aria-hidden=\"true\" class=\"wp-block-spacer\"><\/div>\n\n\n\n<figure class=\"wp-block-image pageTeaserImage\"><img fetchpriority=\"high\" decoding=\"async\" width=\"850\" height=\"318\" data-attachment-id=\"1191\" data-permalink=\"https:\/\/michaelshof-sammatz.de\/blog\/garten-park\/staudenplateau\/staudenplateau-1\/\" data-orig-file=\"https:\/\/michaelshof-sammatz.de\/blog\/wp-content\/uploads\/2019\/01\/staudenplateau-1.jpg\" data-orig-size=\"850,318\" data-comments-opened=\"0\" data-image-meta=\"{&quot;aperture&quot;:&quot;0&quot;,&quot;credit&quot;:&quot;&quot;,&quot;camera&quot;:&quot;&quot;,&quot;caption&quot;:&quot;&quot;,&quot;created_timestamp&quot;:&quot;0&quot;,&quot;copyright&quot;:&quot;&quot;,&quot;focal_length&quot;:&quot;0&quot;,&quot;iso&quot;:&quot;0&quot;,&quot;shutter_speed&quot;:&quot;0&quot;,&quot;title&quot;:&quot;&quot;,&quot;orientation&quot;:&quot;0&quot;}\" data-image-title=\"\" data-image-description=\"\" data-image-caption=\"\" data-medium-file=\"https:\/\/michaelshof-sammatz.de\/blog\/wp-content\/uploads\/2019\/01\/staudenplateau-1-300x112.jpg\" data-large-file=\"https:\/\/michaelshof-sammatz.de\/blog\/wp-content\/uploads\/2019\/01\/staudenplateau-1.jpg\" tabindex=\"0\" role=\"button\" src=\"https:\/\/michaelshof-sammatz.de\/blog\/wp-content\/uploads\/2019\/01\/staudenplateau-1.jpg\" alt=\"\" class=\"wp-image-1191\" srcset=\"https:\/\/michaelshof-sammatz.de\/blog\/wp-content\/uploads\/2019\/01\/staudenplateau-1.jpg 850w, https:\/\/michaelshof-sammatz.de\/blog\/wp-content\/uploads\/2019\/01\/staudenplateau-1-300x112.jpg 300w, https:\/\/michaelshof-sammatz.de\/blog\/wp-content\/uploads\/2019\/01\/staudenplateau-1-600x224.jpg 600w, https:\/\/michaelshof-sammatz.de\/blog\/wp-content\/uploads\/2019\/01\/staudenplateau-1-768x287.jpg 768w\" sizes=\"(max-width: 850px) 100vw, 850px\" \/><\/figure>\n\n\n\n<div style=\"height:35px\" aria-hidden=\"true\" class=\"wp-block-spacer\"><\/div>\n\n\n\n\n\n\n\n<div style=\"height:50px\" aria-hidden=\"true\" class=\"wp-block-spacer\"><\/div>\n\n\n\n<p>Der Plateau-Acker \u2013 ein Staudenerlebnis! Wer den alten Kirschgarten durchquert hat, findet sich rechts neben der beeindruckenden Buchenschlucht auf dem Stauden-Plateau wieder, das zu jeder Jahreszeit zum Staunen einl\u00e4dt. Nirgendwo  in unseren verschiedenartigen G\u00e4rten ist eine so gro\u00dfe Pflanzenvielfalt wie hier zu finden. <\/p>\n\n\n\n<div class=\"row\">\n<div class=\"col-md-6\">\n\n\n\n<p style=\"color:#06567c;font-size:30px\" class=\"has-text-color has-text-align-right\"><strong>Lange gerade,<br>kreisrunde und<\/strong><\/p>\n\n\n\n<p style=\"color:#06567c;font-size:22px\" class=\"has-text-color has-text-align-right\"><strong>S-f\u00f6rmige Beete,<br>die auf einem absch\u00fcssigen<br>Gel\u00e4nde liegen &#8230;<\/strong><\/p>\n\n\n\n<\/div>\n<div class=\"col-md-6\">\n\n\n\n<p>Der Garten ist weitl\u00e4ufig angelegt, jedoch sehr einfach gegliedert. Man findet geometrische Beetformen; lange gerade, kreisrunde und S-f\u00f6rmige Beete, die auf einem absch\u00fcssigen Gel\u00e4nde liegen. Gerne darf man sich hier auch ein bisschen l\u00e4nger aufhalten, besonders wenn die Sonne gerade ihr goldenes Licht auf die Landschaft wirft. Eine Sitzecke ist auf der rechten Seite etwas verborgen hinter hohen B\u00fcschen zu finden \u2013 hier kann man in das h\u00fcgelige Gebiet der Arena sp\u00e4hen und vielleicht sogar die Schar der Goldorfe erblicken, die in dem tiefliegenden Teich ihr ruhiges Leben f\u00fchren.<\/p>\n\n\n\n<\/div> <\/div>\n\n\n\n<div class=\"wp-block-media-text alignwide has-media-on-the-right text-media-right\"><figure class=\"wp-block-media-text__media\"><img decoding=\"async\" width=\"447\" height=\"228\" data-attachment-id=\"1194\" data-permalink=\"https:\/\/michaelshof-sammatz.de\/blog\/garten-park\/staudenplateau\/staudenplateau-3\/\" data-orig-file=\"https:\/\/michaelshof-sammatz.de\/blog\/wp-content\/uploads\/2019\/01\/staudenplateau-3.jpg\" data-orig-size=\"447,228\" data-comments-opened=\"0\" data-image-meta=\"{&quot;aperture&quot;:&quot;0&quot;,&quot;credit&quot;:&quot;&quot;,&quot;camera&quot;:&quot;&quot;,&quot;caption&quot;:&quot;&quot;,&quot;created_timestamp&quot;:&quot;0&quot;,&quot;copyright&quot;:&quot;&quot;,&quot;focal_length&quot;:&quot;0&quot;,&quot;iso&quot;:&quot;0&quot;,&quot;shutter_speed&quot;:&quot;0&quot;,&quot;title&quot;:&quot;&quot;,&quot;orientation&quot;:&quot;0&quot;}\" data-image-title=\"staudenplateau-3\" data-image-description=\"\" data-image-caption=\"\" data-medium-file=\"https:\/\/michaelshof-sammatz.de\/blog\/wp-content\/uploads\/2019\/01\/staudenplateau-3-300x153.jpg\" data-large-file=\"https:\/\/michaelshof-sammatz.de\/blog\/wp-content\/uploads\/2019\/01\/staudenplateau-3.jpg\" tabindex=\"0\" role=\"button\" src=\"http:\/\/michaelshof-sammatz.de\/blog\/wp-content\/uploads\/2019\/01\/staudenplateau-3.jpg\" alt=\"\" class=\"wp-image-1194\" srcset=\"https:\/\/michaelshof-sammatz.de\/blog\/wp-content\/uploads\/2019\/01\/staudenplateau-3.jpg 447w, https:\/\/michaelshof-sammatz.de\/blog\/wp-content\/uploads\/2019\/01\/staudenplateau-3-300x153.jpg 300w\" sizes=\"(max-width: 447px) 100vw, 447px\" \/><\/figure><div class=\"wp-block-media-text__content\">\n<p>Wenn im Fr\u00fchjahr die Pracht der Tulpen und Narzissen das ganze Plateau in ein Meer aus Farben h\u00fcllt, sind auch die Blattaustriebe der ersten Stauden nicht weit. Auff\u00e4llig fr\u00fch dran sind die leuchtenden Hornveilchen-Sorten, sowie die bunten K\u00f6pfchen der Nelkenwurze. <\/p>\n\n\n\n<p>Wenn dann der Sommer ins Land zieht, erheben sich die gro\u00dfen Stauden-Riesen wie die Becherblume und die mehrj\u00e4hrige Sonnenblume, der Wasserdost und das Chinaschilf und geben dem Garten eine wunderbar dreidimensionale Gestaltung, die bis in den Winter hinein zu bestaunen ist.<\/p>\n<\/div><\/div>\n\n\n\n<div class=\"wp-block-media-text alignwide text-media-left\" style=\"grid-template-columns:43% auto\"><figure class=\"wp-block-media-text__media\"><img decoding=\"async\" width=\"363\" height=\"212\" data-attachment-id=\"1195\" data-permalink=\"https:\/\/michaelshof-sammatz.de\/blog\/garten-park\/staudenplateau\/staudenplateau-4\/\" data-orig-file=\"https:\/\/michaelshof-sammatz.de\/blog\/wp-content\/uploads\/2019\/01\/staudenplateau-4.jpg\" data-orig-size=\"363,212\" data-comments-opened=\"0\" data-image-meta=\"{&quot;aperture&quot;:&quot;0&quot;,&quot;credit&quot;:&quot;&quot;,&quot;camera&quot;:&quot;&quot;,&quot;caption&quot;:&quot;&quot;,&quot;created_timestamp&quot;:&quot;0&quot;,&quot;copyright&quot;:&quot;&quot;,&quot;focal_length&quot;:&quot;0&quot;,&quot;iso&quot;:&quot;0&quot;,&quot;shutter_speed&quot;:&quot;0&quot;,&quot;title&quot;:&quot;&quot;,&quot;orientation&quot;:&quot;0&quot;}\" data-image-title=\"staudenplateau-4\" data-image-description=\"\" data-image-caption=\"\" data-medium-file=\"https:\/\/michaelshof-sammatz.de\/blog\/wp-content\/uploads\/2019\/01\/staudenplateau-4-300x175.jpg\" data-large-file=\"https:\/\/michaelshof-sammatz.de\/blog\/wp-content\/uploads\/2019\/01\/staudenplateau-4.jpg\" tabindex=\"0\" role=\"button\" src=\"http:\/\/michaelshof-sammatz.de\/blog\/wp-content\/uploads\/2019\/01\/staudenplateau-4.jpg\" alt=\"\" class=\"wp-image-1195\" srcset=\"https:\/\/michaelshof-sammatz.de\/blog\/wp-content\/uploads\/2019\/01\/staudenplateau-4.jpg 363w, https:\/\/michaelshof-sammatz.de\/blog\/wp-content\/uploads\/2019\/01\/staudenplateau-4-300x175.jpg 300w\" sizes=\"(max-width: 363px) 100vw, 363px\" \/><\/figure><div class=\"wp-block-media-text__content\">\n<p>Insgesamt wachsen auf dem Plateau-Acker Stauden, die besonders gut mit schwerem Boden zurechtkommen. Manche Pflanzen sch\u00e4tzen das, beispielsweise unsere Rosen, die hier so kr\u00e4ftig werden wie kaum sonst in den G\u00e4rten.<\/p>\n\n\n\n<p>Eine ganz junge Pflanzung finden wir auf der linken Seite des Areals &#8211; die immergr\u00fcnen Rhododendron-B\u00fcsche, die besonders gerne im Schatten wachsen und hier neben den hohen Buchen wunderbar zur Geltung kommen. Wenn ihre Hauptbl\u00fctezeit im Mai\/Juni erreicht ist, sollte man unbedingt einmal seine Schritte in ihre Richtung lenken!<\/p>\n<\/div><\/div>\n\n\n\n<div class=\"row\">\n<div class=\"col-md-6\">\n\n\n\n<p style=\"color:#06567c;font-size:30px\" class=\"has-text-color has-text-align-right\"><strong>Als Geheimtipp<\/strong><\/p>\n\n\n\n<p style=\"color:#06567c;font-size:22px\" class=\"has-text-color has-text-align-right\"><strong>ist noch der kleine Weg ganz unten am Ende des Gartens zu erw\u00e4hnen<\/strong><\/p>\n\n\n\n<\/div>\n<div class=\"col-md-6\">\n\n\n\n<p>Als Geheimtipp ist noch der kleine Weg ganz unten am Ende des Gartens zu erw\u00e4hnen, der in Schlangenlinien in die Arena f\u00fchrt. Vorbei an der Skuddenherde, die in dem angrenzenden Tal ihre Heimat hat, kann man jetzt das Gebiet der Arena erkunden, die mit ihrem wilden Charme so manche \u00dcberraschungen parat h\u00e4lt. Wir w\u00fcnschen viel Spass!<\/p>\n\n\n\n<\/div><\/div>\n\n\n\n<div style=\"height:50px\" aria-hidden=\"true\" class=\"wp-block-spacer\"><\/div>\n","protected":false},"excerpt":{"rendered":"<p>Staudenplateau Der Plateau-Acker \u2013 ein Staudenerlebnis! Wer den alten Kirschgarten durchquert hat, findet sich rechts neben der beeindruckenden Buchenschlucht auf dem Stauden-Plateau wieder, das zu jeder Jahreszeit zum Staunen einl\u00e4dt. Nirgendwo in unseren verschiedenartigen G\u00e4rten ist eine so gro\u00dfe Pflanzenvielfalt wie hier zu finden. Lange gerade,kreisrunde und S-f\u00f6rmige Beete,die auf einem absch\u00fcssigenGel\u00e4nde liegen &#8230; Der [&hellip;]<\/p>\n","protected":false},"author":1,"featured_media":0,"parent":111,"menu_order":0,"comment_status":"closed","ping_status":"closed","template":"","meta":{"footnotes":""},"class_list":["post-881","page","type-page","status-publish","hentry"],"jetpack_sharing_enabled":true,"jetpack_shortlink":"https:\/\/wp.me\/PaQBcD-ed","jetpack-related-posts":[],"_links":{"self":[{"href":"https:\/\/michaelshof-sammatz.de\/blog\/wp-json\/wp\/v2\/pages\/881"}],"collection":[{"href":"https:\/\/michaelshof-sammatz.de\/blog\/wp-json\/wp\/v2\/pages"}],"about":[{"href":"https:\/\/michaelshof-sammatz.de\/blog\/wp-json\/wp\/v2\/types\/page"}],"author":[{"embeddable":true,"href":"https:\/\/michaelshof-sammatz.de\/blog\/wp-json\/wp\/v2\/users\/1"}],"replies":[{"embeddable":true,"href":"https:\/\/michaelshof-sammatz.de\/blog\/wp-json\/wp\/v2\/comments?post=881"}],"version-history":[{"count":16,"href":"https:\/\/michaelshof-sammatz.de\/blog\/wp-json\/wp\/v2\/pages\/881\/revisions"}],"predecessor-version":[{"id":26117,"href":"https:\/\/michaelshof-sammatz.de\/blog\/wp-json\/wp\/v2\/pages\/881\/revisions\/26117"}],"up":[{"embeddable":true,"href":"https:\/\/michaelshof-sammatz.de\/blog\/wp-json\/wp\/v2\/pages\/111"}],"wp:attachment":[{"href":"https:\/\/michaelshof-sammatz.de\/blog\/wp-json\/wp\/v2\/media?parent=881"}],"curies":[{"name":"wp","href":"https:\/\/api.w.org\/{rel}","templated":true}]}}

Gärten &#038; Park | Staudenplateau

<h1 class="wp-block-heading"><strong>Staudenplateau</strong></h1>



<div style="height:85px" aria-hidden="true" class="wp-block-spacer"></div>



<figure class="wp-block-image pageTeaserImage"><img fetchpriority="high" decoding="async" width="850" height="318" data-attachment-id="1191" data-permalink="https://michaelshof-sammatz.de/blog/garten-park/staudenplateau/staudenplateau-1/" data-orig-file="https://michaelshof-sammatz.de/blog/wp-content/uploads/2019/01/staudenplateau-1.jpg" data-orig-size="850,318" data-comments-opened="0" data-image-meta="{&quot;aperture&quot;:&quot;0&quot;,&quot;credit&quot;:&quot;&quot;,&quot;camera&quot;:&quot;&quot;,&quot;caption&quot;:&quot;&quot;,&quot;created_timestamp&quot;:&quot;0&quot;,&quot;copyright&quot;:&quot;&quot;,&quot;focal_length&quot;:&quot;0&quot;,&quot;iso&quot;:&quot;0&quot;,&quot;shutter_speed&quot;:&quot;0&quot;,&quot;title&quot;:&quot;&quot;,&quot;orientation&quot;:&quot;0&quot;}" data-image-title="" data-image-description="" data-image-caption="" data-medium-file="https://michaelshof-sammatz.de/blog/wp-content/uploads/2019/01/staudenplateau-1-300x112.jpg" data-large-file="https://michaelshof-sammatz.de/blog/wp-content/uploads/2019/01/staudenplateau-1.jpg" tabindex="0" role="button" src="https://michaelshof-sammatz.de/blog/wp-content/uploads/2019/01/staudenplateau-1.jpg" alt="" class="wp-image-1191" srcset="https://michaelshof-sammatz.de/blog/wp-content/uploads/2019/01/staudenplateau-1.jpg 850w, https://michaelshof-sammatz.de/blog/wp-content/uploads/2019/01/staudenplateau-1-300x112.jpg 300w, https://michaelshof-sammatz.de/blog/wp-content/uploads/2019/01/staudenplateau-1-600x224.jpg 600w, https://michaelshof-sammatz.de/blog/wp-content/uploads/2019/01/staudenplateau-1-768x287.jpg 768w" sizes="(max-width: 850px) 100vw, 850px" /></figure>



<div style="height:35px" aria-hidden="true" class="wp-block-spacer"></div>







<div style="height:50px" aria-hidden="true" class="wp-block-spacer"></div>



<p>Der Plateau-Acker – ein Staudenerlebnis! Wer den alten Kirschgarten durchquert hat, findet sich rechts neben der beeindruckenden Buchenschlucht auf dem Stauden-Plateau wieder, das zu jeder Jahreszeit zum Staunen einlädt. Nirgendwo  in unseren verschiedenartigen Gärten ist eine so große Pflanzenvielfalt wie hier zu finden. </p>



<div class="row">
<div class="col-md-6">



<p style="color:#06567c;font-size:30px" class="has-text-color has-text-align-right"><strong>Lange gerade,<br>kreisrunde und</strong></p>



<p style="color:#06567c;font-size:22px" class="has-text-color has-text-align-right"><strong>S-förmige Beete,<br>die auf einem abschüssigen<br>Gelände liegen &#8230;</strong></p>



</div>
<div class="col-md-6">



<p>Der Garten ist weitläufig angelegt, jedoch sehr einfach gegliedert. Man findet geometrische Beetformen; lange gerade, kreisrunde und S-förmige Beete, die auf einem abschüssigen Gelände liegen. Gerne darf man sich hier auch ein bisschen länger aufhalten, besonders wenn die Sonne gerade ihr goldenes Licht auf die Landschaft wirft. Eine Sitzecke ist auf der rechten Seite etwas verborgen hinter hohen Büschen zu finden – hier kann man in das hügelige Gebiet der Arena spähen und vielleicht sogar die Schar der Goldorfe erblicken, die in dem tiefliegenden Teich ihr ruhiges Leben führen.</p>



</div> </div>



<div class="wp-block-media-text alignwide has-media-on-the-right text-media-right"><figure class="wp-block-media-text__media"><img decoding="async" width="447" height="228" data-attachment-id="1194" data-permalink="https://michaelshof-sammatz.de/blog/garten-park/staudenplateau/staudenplateau-3/" data-orig-file="https://michaelshof-sammatz.de/blog/wp-content/uploads/2019/01/staudenplateau-3.jpg" data-orig-size="447,228" data-comments-opened="0" data-image-meta="{&quot;aperture&quot;:&quot;0&quot;,&quot;credit&quot;:&quot;&quot;,&quot;camera&quot;:&quot;&quot;,&quot;caption&quot;:&quot;&quot;,&quot;created_timestamp&quot;:&quot;0&quot;,&quot;copyright&quot;:&quot;&quot;,&quot;focal_length&quot;:&quot;0&quot;,&quot;iso&quot;:&quot;0&quot;,&quot;shutter_speed&quot;:&quot;0&quot;,&quot;title&quot;:&quot;&quot;,&quot;orientation&quot;:&quot;0&quot;}" data-image-title="staudenplateau-3" data-image-description="" data-image-caption="" data-medium-file="https://michaelshof-sammatz.de/blog/wp-content/uploads/2019/01/staudenplateau-3-300x153.jpg" data-large-file="https://michaelshof-sammatz.de/blog/wp-content/uploads/2019/01/staudenplateau-3.jpg" tabindex="0" role="button" src="http://michaelshof-sammatz.de/blog/wp-content/uploads/2019/01/staudenplateau-3.jpg" alt="" class="wp-image-1194" srcset="https://michaelshof-sammatz.de/blog/wp-content/uploads/2019/01/staudenplateau-3.jpg 447w, https://michaelshof-sammatz.de/blog/wp-content/uploads/2019/01/staudenplateau-3-300x153.jpg 300w" sizes="(max-width: 447px) 100vw, 447px" /></figure><div class="wp-block-media-text__content">
<p>Wenn im Frühjahr die Pracht der Tulpen und Narzissen das ganze Plateau in ein Meer aus Farben hüllt, sind auch die Blattaustriebe der ersten Stauden nicht weit. Auffällig früh dran sind die leuchtenden Hornveilchen-Sorten, sowie die bunten Köpfchen der Nelkenwurze. </p>



<p>Wenn dann der Sommer ins Land zieht, erheben sich die großen Stauden-Riesen wie die Becherblume und die mehrjährige Sonnenblume, der Wasserdost und das Chinaschilf und geben dem Garten eine wunderbar dreidimensionale Gestaltung, die bis in den Winter hinein zu bestaunen ist.</p>
</div></div>



<div class="wp-block-media-text alignwide text-media-left" style="grid-template-columns:43% auto"><figure class="wp-block-media-text__media"><img decoding="async" width="363" height="212" data-attachment-id="1195" data-permalink="https://michaelshof-sammatz.de/blog/garten-park/staudenplateau/staudenplateau-4/" data-orig-file="https://michaelshof-sammatz.de/blog/wp-content/uploads/2019/01/staudenplateau-4.jpg" data-orig-size="363,212" data-comments-opened="0" data-image-meta="{&quot;aperture&quot;:&quot;0&quot;,&quot;credit&quot;:&quot;&quot;,&quot;camera&quot;:&quot;&quot;,&quot;caption&quot;:&quot;&quot;,&quot;created_timestamp&quot;:&quot;0&quot;,&quot;copyright&quot;:&quot;&quot;,&quot;focal_length&quot;:&quot;0&quot;,&quot;iso&quot;:&quot;0&quot;,&quot;shutter_speed&quot;:&quot;0&quot;,&quot;title&quot;:&quot;&quot;,&quot;orientation&quot;:&quot;0&quot;}" data-image-title="staudenplateau-4" data-image-description="" data-image-caption="" data-medium-file="https://michaelshof-sammatz.de/blog/wp-content/uploads/2019/01/staudenplateau-4-300x175.jpg" data-large-file="https://michaelshof-sammatz.de/blog/wp-content/uploads/2019/01/staudenplateau-4.jpg" tabindex="0" role="button" src="http://michaelshof-sammatz.de/blog/wp-content/uploads/2019/01/staudenplateau-4.jpg" alt="" class="wp-image-1195" srcset="https://michaelshof-sammatz.de/blog/wp-content/uploads/2019/01/staudenplateau-4.jpg 363w, https://michaelshof-sammatz.de/blog/wp-content/uploads/2019/01/staudenplateau-4-300x175.jpg 300w" sizes="(max-width: 363px) 100vw, 363px" /></figure><div class="wp-block-media-text__content">
<p>Insgesamt wachsen auf dem Plateau-Acker Stauden, die besonders gut mit schwerem Boden zurechtkommen. Manche Pflanzen schätzen das, beispielsweise unsere Rosen, die hier so kräftig werden wie kaum sonst in den Gärten.</p>



<p>Eine ganz junge Pflanzung finden wir auf der linken Seite des Areals &#8211; die immergrünen Rhododendron-Büsche, die besonders gerne im Schatten wachsen und hier neben den hohen Buchen wunderbar zur Geltung kommen. Wenn ihre Hauptblütezeit im Mai/Juni erreicht ist, sollte man unbedingt einmal seine Schritte in ihre Richtung lenken!</p>
</div></div>



<div class="row">
<div class="col-md-6">



<p style="color:#06567c;font-size:30px" class="has-text-color has-text-align-right"><strong>Als Geheimtipp</strong></p>



<p style="color:#06567c;font-size:22px" class="has-text-color has-text-align-right"><strong>ist noch der kleine Weg ganz unten am Ende des Gartens zu erwähnen</strong></p>



</div>
<div class="col-md-6">



<p>Als Geheimtipp ist noch der kleine Weg ganz unten am Ende des Gartens zu erwähnen, der in Schlangenlinien in die Arena führt. Vorbei an der Skuddenherde, die in dem angrenzenden Tal ihre Heimat hat, kann man jetzt das Gebiet der Arena erkunden, die mit ihrem wilden Charme so manche Überraschungen parat hält. Wir wünschen viel Spass!</p>



</div></div>



<div style="height:50px" aria-hidden="true" class="wp-block-spacer"></div>

<p>Staudenplateau Der Plateau-Acker – ein Staudenerlebnis! Wer den alten Kirschgarten durchquert hat, findet sich rechts neben der beeindruckenden Buchenschlucht auf dem Stauden-Plateau wieder, das zu jeder Jahreszeit zum Staunen einlädt. Nirgendwo in unseren verschiedenartigen Gärten ist eine so große Pflanzenvielfalt wie hier zu finden. Lange gerade,kreisrunde und S-förmige Beete,die auf einem abschüssigenGelände liegen &#8230; Der [&hellip;]</p>
