

{"id":883,"date":"2019-01-06T19:21:01","date_gmt":"2019-01-06T18:21:01","guid":{"rendered":"http:\/\/michaelshof-campus.com\/blog\/?page_id=883"},"modified":"2019-05-24T16:24:32","modified_gmt":"2019-05-24T14:24:32","slug":"dahliengarten","status":"publish","type":"page","link":"https:\/\/michaelshof-sammatz.de\/blog\/garten-park\/dahliengarten\/","title":{"rendered":"G\u00e4rten &#038; Park | Dahliengarten"},"content":{"rendered":"\n<h1 class=\"wp-block-heading\"><strong>Dahliengarten<\/strong><\/h1>\n\n\n\n<div style=\"height:90px\" aria-hidden=\"true\" class=\"wp-block-spacer\"><\/div>\n\n\n\n<figure class=\"wp-block-image pageTeaserImage\"><img fetchpriority=\"high\" decoding=\"async\" width=\"870\" height=\"269\" data-attachment-id=\"1204\" data-permalink=\"https:\/\/michaelshof-sammatz.de\/blog\/garten-park\/dahliengarten\/dalien-1\/\" data-orig-file=\"https:\/\/michaelshof-sammatz.de\/blog\/wp-content\/uploads\/2019\/01\/dalien-1.jpg\" data-orig-size=\"870,269\" data-comments-opened=\"0\" data-image-meta=\"{&quot;aperture&quot;:&quot;0&quot;,&quot;credit&quot;:&quot;&quot;,&quot;camera&quot;:&quot;&quot;,&quot;caption&quot;:&quot;&quot;,&quot;created_timestamp&quot;:&quot;0&quot;,&quot;copyright&quot;:&quot;&quot;,&quot;focal_length&quot;:&quot;0&quot;,&quot;iso&quot;:&quot;0&quot;,&quot;shutter_speed&quot;:&quot;0&quot;,&quot;title&quot;:&quot;&quot;,&quot;orientation&quot;:&quot;0&quot;}\" data-image-title=\"Dahliengarten\" data-image-description=\"\" data-image-caption=\"\" data-medium-file=\"https:\/\/michaelshof-sammatz.de\/blog\/wp-content\/uploads\/2019\/01\/dalien-1-300x93.jpg\" data-large-file=\"https:\/\/michaelshof-sammatz.de\/blog\/wp-content\/uploads\/2019\/01\/dalien-1.jpg\" tabindex=\"0\" role=\"button\" src=\"https:\/\/michaelshof-sammatz.de\/blog\/wp-content\/uploads\/2019\/01\/dalien-1.jpg\" alt=\"\" class=\"wp-image-1204\" srcset=\"https:\/\/michaelshof-sammatz.de\/blog\/wp-content\/uploads\/2019\/01\/dalien-1.jpg 870w, https:\/\/michaelshof-sammatz.de\/blog\/wp-content\/uploads\/2019\/01\/dalien-1-300x93.jpg 300w, https:\/\/michaelshof-sammatz.de\/blog\/wp-content\/uploads\/2019\/01\/dalien-1-600x186.jpg 600w, https:\/\/michaelshof-sammatz.de\/blog\/wp-content\/uploads\/2019\/01\/dalien-1-768x237.jpg 768w\" sizes=\"(max-width: 870px) 100vw, 870px\" \/><\/figure>\n\n\n\n<div style=\"height:35px\" aria-hidden=\"true\" class=\"wp-block-spacer\"><\/div>\n\n\n\n\n\n\n\n<div style=\"height:50px\" aria-hidden=\"true\" class=\"wp-block-spacer\"><\/div>\n\n\n\n<p>Schon von weit her winken die bunten K\u00f6pfe her\u00fcber: in gelb, rot, wei\u00df, violett und vielen Varianten dazwischen sind sie echte Hingucker bis sp\u00e4t in den Herbst hinein.<\/p>\n\n\n\n<p>Die Heiterkeit verspr\u00fchenden Blumen erweisen sich als Form- und Farbenk\u00fcnstler: Dekorative, Pompon, Kaktus, Halskrause, orchideenbl\u00fctige \u2013 die Bl\u00fctenbl\u00e4tter k\u00f6nnen schmal, rund oder eingerollt sein. Manchmal sind sie einfarbig, mal mit Sprenkeln, Streifen \u2013 von klein- bis gro\u00dfbl\u00fctig ist alles dabei.<br>Bei uns stehen sie in insgesamt 14 Beeten, unterschiedlich zusammengestellt: niedrige und hohe Dahlien machen dem Betrachter gute Laune und Lust, wenn die dicken Bl\u00fctenk\u00f6pfe einen anschauen.<\/p>\n\n\n\n<div class=\"wp-block-media-text alignwide has-media-on-the-right is-stacked-on-mobile text-media-right\"><figure class=\"wp-block-media-text__media\"><img decoding=\"async\" width=\"448\" height=\"674\" data-attachment-id=\"1203\" data-permalink=\"https:\/\/michaelshof-sammatz.de\/blog\/garten-park\/dahliengarten\/dalien-2\/\" data-orig-file=\"https:\/\/michaelshof-sammatz.de\/blog\/wp-content\/uploads\/2019\/01\/dalien-2.jpg\" data-orig-size=\"448,674\" data-comments-opened=\"0\" data-image-meta=\"{&quot;aperture&quot;:&quot;0&quot;,&quot;credit&quot;:&quot;&quot;,&quot;camera&quot;:&quot;&quot;,&quot;caption&quot;:&quot;&quot;,&quot;created_timestamp&quot;:&quot;0&quot;,&quot;copyright&quot;:&quot;&quot;,&quot;focal_length&quot;:&quot;0&quot;,&quot;iso&quot;:&quot;0&quot;,&quot;shutter_speed&quot;:&quot;0&quot;,&quot;title&quot;:&quot;&quot;,&quot;orientation&quot;:&quot;0&quot;}\" data-image-title=\"dalien-2\" data-image-description=\"\" data-image-caption=\"\" data-medium-file=\"https:\/\/michaelshof-sammatz.de\/blog\/wp-content\/uploads\/2019\/01\/dalien-2-199x300.jpg\" data-large-file=\"https:\/\/michaelshof-sammatz.de\/blog\/wp-content\/uploads\/2019\/01\/dalien-2.jpg\" tabindex=\"0\" role=\"button\" src=\"http:\/\/michaelshof-sammatz.de\/blog\/wp-content\/uploads\/2019\/01\/dalien-2.jpg\" alt=\"\" class=\"wp-image-1203\" srcset=\"https:\/\/michaelshof-sammatz.de\/blog\/wp-content\/uploads\/2019\/01\/dalien-2.jpg 448w, https:\/\/michaelshof-sammatz.de\/blog\/wp-content\/uploads\/2019\/01\/dalien-2-300x451.jpg 300w, https:\/\/michaelshof-sammatz.de\/blog\/wp-content\/uploads\/2019\/01\/dalien-2-199x300.jpg 199w\" sizes=\"(max-width: 448px) 100vw, 448px\" \/><\/figure><div class=\"wp-block-media-text__content\">\n<h2 style=\"text-align:right\" class=\"title-color-blue title-right-gap wp-block-heading\"><strong> Schon von weit her <\/strong><\/h2>\n\n\n\n<h4 style=\"text-align:right\" class=\"title-right-gap wp-block-heading\"><strong>winken die bunten K\u00f6pfe<br> her\u00fcber: in gelb, rot,<br> wei\u00df, violett \u2026<\/strong><br><br><\/h4>\n\n\n\n<p>Vom Boden her sind sie nicht anspruchsvoll, sobald sie aber gr\u00f6\u00dfer sind und in die Bl\u00fcte kommen, fordern sie Beachtung und Pflege: Die fleischigen St\u00e4ngel brauchen St\u00fctzen, die \u00fcppigen Bl\u00fctenst\u00e4nde wollen ausgelichtet werden, damit die restlichen noch kr\u00e4ftiger und gr\u00f6\u00dfer bl\u00fchen. Und besonders nach einem Regen empfiehlt sich ein Gang durch die teilweise h\u00e4ngenden, verbl\u00fchten B\u00e4lle.<\/p>\n\n\n\n<p>Die aus Mexiko stammenden Dahlien k\u00f6nnten bei ganzj\u00e4hrig warmen Temperaturen immer weiter Bl\u00fcten hervorbringen, doch schon den ersten Frost \u00fcbersteht die Pracht leider nicht. Die pl\u00f6tzlich farblos gewordenen wollen abgeschnitten und reingeholt werden, zum Wiedererkennen empfiehlt sich ein Etikett an jeder Knolle. Dann werden sie dunkel und k\u00fchl in K\u00e4sten den Winter \u00fcber aufbewahrt um im Fr\u00fchling teilweise geteilt, neu angeordnet und gepflanzt zu werden.<\/p>\n<\/div><\/div>\n\n\n\n<div class=\"wp-block-columns has-2-columns is-layout-flex wp-container-core-columns-is-layout-1 wp-block-columns-is-layout-flex\">\n<div class=\"wp-block-column is-layout-flow wp-block-column-is-layout-flow\">\n<figure class=\"wp-block-image\"><img decoding=\"async\" width=\"460\" height=\"320\" data-attachment-id=\"1216\" data-permalink=\"https:\/\/michaelshof-sammatz.de\/blog\/garten-park\/dahliengarten\/dalien-4\/\" data-orig-file=\"https:\/\/michaelshof-sammatz.de\/blog\/wp-content\/uploads\/2019\/01\/dalien-4.jpg\" data-orig-size=\"460,320\" data-comments-opened=\"0\" data-image-meta=\"{&quot;aperture&quot;:&quot;0&quot;,&quot;credit&quot;:&quot;&quot;,&quot;camera&quot;:&quot;&quot;,&quot;caption&quot;:&quot;&quot;,&quot;created_timestamp&quot;:&quot;0&quot;,&quot;copyright&quot;:&quot;&quot;,&quot;focal_length&quot;:&quot;0&quot;,&quot;iso&quot;:&quot;0&quot;,&quot;shutter_speed&quot;:&quot;0&quot;,&quot;title&quot;:&quot;&quot;,&quot;orientation&quot;:&quot;0&quot;}\" data-image-title=\"dalien-4\" data-image-description=\"\" data-image-caption=\"\" data-medium-file=\"https:\/\/michaelshof-sammatz.de\/blog\/wp-content\/uploads\/2019\/01\/dalien-4-300x209.jpg\" data-large-file=\"https:\/\/michaelshof-sammatz.de\/blog\/wp-content\/uploads\/2019\/01\/dalien-4.jpg\" tabindex=\"0\" role=\"button\" src=\"http:\/\/michaelshof-sammatz.de\/blog\/wp-content\/uploads\/2019\/01\/dalien-4.jpg\" alt=\"\" class=\"wp-image-1216\" srcset=\"https:\/\/michaelshof-sammatz.de\/blog\/wp-content\/uploads\/2019\/01\/dalien-4.jpg 460w, https:\/\/michaelshof-sammatz.de\/blog\/wp-content\/uploads\/2019\/01\/dalien-4-300x209.jpg 300w\" sizes=\"(max-width: 460px) 100vw, 460px\" \/><\/figure>\n<\/div>\n\n\n\n<div class=\"wp-block-column is-layout-flow wp-block-column-is-layout-flow\">\n<div class=\"wp-block-image\"><figure class=\"alignright\"><img loading=\"lazy\" decoding=\"async\" width=\"447\" height=\"201\" data-attachment-id=\"1220\" data-permalink=\"https:\/\/michaelshof-sammatz.de\/blog\/garten-park\/dahliengarten\/dahlien-new\/\" data-orig-file=\"https:\/\/michaelshof-sammatz.de\/blog\/wp-content\/uploads\/2019\/01\/dahlien-new.jpg\" data-orig-size=\"447,201\" data-comments-opened=\"0\" data-image-meta=\"{&quot;aperture&quot;:&quot;0&quot;,&quot;credit&quot;:&quot;&quot;,&quot;camera&quot;:&quot;&quot;,&quot;caption&quot;:&quot;&quot;,&quot;created_timestamp&quot;:&quot;0&quot;,&quot;copyright&quot;:&quot;&quot;,&quot;focal_length&quot;:&quot;0&quot;,&quot;iso&quot;:&quot;0&quot;,&quot;shutter_speed&quot;:&quot;0&quot;,&quot;title&quot;:&quot;&quot;,&quot;orientation&quot;:&quot;0&quot;}\" data-image-title=\"dahlien-new\" data-image-description=\"\" data-image-caption=\"\" data-medium-file=\"https:\/\/michaelshof-sammatz.de\/blog\/wp-content\/uploads\/2019\/01\/dahlien-new-300x135.jpg\" data-large-file=\"https:\/\/michaelshof-sammatz.de\/blog\/wp-content\/uploads\/2019\/01\/dahlien-new.jpg\" tabindex=\"0\" role=\"button\" src=\"http:\/\/michaelshof-sammatz.de\/blog\/wp-content\/uploads\/2019\/01\/dahlien-new.jpg\" alt=\"\" class=\"wp-image-1220\" srcset=\"https:\/\/michaelshof-sammatz.de\/blog\/wp-content\/uploads\/2019\/01\/dahlien-new.jpg 447w, https:\/\/michaelshof-sammatz.de\/blog\/wp-content\/uploads\/2019\/01\/dahlien-new-300x135.jpg 300w\" sizes=\"(max-width: 447px) 100vw, 447px\" \/><\/figure><\/div>\n<\/div>\n<\/div>\n\n\n\n<div style=\"height:50px\" aria-hidden=\"true\" class=\"wp-block-spacer\"><\/div>\n","protected":false},"excerpt":{"rendered":"<p>Dahliengarten Schon von weit her winken die bunten K\u00f6pfe her\u00fcber: in gelb, rot, wei\u00df, violett und vielen Varianten dazwischen sind sie echte Hingucker bis sp\u00e4t in den Herbst hinein. Die Heiterkeit verspr\u00fchenden Blumen erweisen sich als Form- und Farbenk\u00fcnstler: Dekorative, Pompon, Kaktus, Halskrause, orchideenbl\u00fctige \u2013 die Bl\u00fctenbl\u00e4tter k\u00f6nnen schmal, rund oder eingerollt sein. Manchmal sind [&hellip;]<\/p>\n","protected":false},"author":1,"featured_media":0,"parent":111,"menu_order":0,"comment_status":"closed","ping_status":"closed","template":"","meta":{"footnotes":""},"class_list":["post-883","page","type-page","status-publish","hentry"],"jetpack_sharing_enabled":true,"jetpack_shortlink":"https:\/\/wp.me\/PaQBcD-ef","jetpack-related-posts":[],"_links":{"self":[{"href":"https:\/\/michaelshof-sammatz.de\/blog\/wp-json\/wp\/v2\/pages\/883"}],"collection":[{"href":"https:\/\/michaelshof-sammatz.de\/blog\/wp-json\/wp\/v2\/pages"}],"about":[{"href":"https:\/\/michaelshof-sammatz.de\/blog\/wp-json\/wp\/v2\/types\/page"}],"author":[{"embeddable":true,"href":"https:\/\/michaelshof-sammatz.de\/blog\/wp-json\/wp\/v2\/users\/1"}],"replies":[{"embeddable":true,"href":"https:\/\/michaelshof-sammatz.de\/blog\/wp-json\/wp\/v2\/comments?post=883"}],"version-history":[{"count":24,"href":"https:\/\/michaelshof-sammatz.de\/blog\/wp-json\/wp\/v2\/pages\/883\/revisions"}],"predecessor-version":[{"id":20826,"href":"https:\/\/michaelshof-sammatz.de\/blog\/wp-json\/wp\/v2\/pages\/883\/revisions\/20826"}],"up":[{"embeddable":true,"href":"https:\/\/michaelshof-sammatz.de\/blog\/wp-json\/wp\/v2\/pages\/111"}],"wp:attachment":[{"href":"https:\/\/michaelshof-sammatz.de\/blog\/wp-json\/wp\/v2\/media?parent=883"}],"curies":[{"name":"wp","href":"https:\/\/api.w.org\/{rel}","templated":true}]}}

Gärten &#038; Park | Dahliengarten

<h1 class="wp-block-heading"><strong>Dahliengarten</strong></h1>



<div style="height:90px" aria-hidden="true" class="wp-block-spacer"></div>



<figure class="wp-block-image pageTeaserImage"><img fetchpriority="high" decoding="async" width="870" height="269" data-attachment-id="1204" data-permalink="https://michaelshof-sammatz.de/blog/garten-park/dahliengarten/dalien-1/" data-orig-file="https://michaelshof-sammatz.de/blog/wp-content/uploads/2019/01/dalien-1.jpg" data-orig-size="870,269" data-comments-opened="0" data-image-meta="{&quot;aperture&quot;:&quot;0&quot;,&quot;credit&quot;:&quot;&quot;,&quot;camera&quot;:&quot;&quot;,&quot;caption&quot;:&quot;&quot;,&quot;created_timestamp&quot;:&quot;0&quot;,&quot;copyright&quot;:&quot;&quot;,&quot;focal_length&quot;:&quot;0&quot;,&quot;iso&quot;:&quot;0&quot;,&quot;shutter_speed&quot;:&quot;0&quot;,&quot;title&quot;:&quot;&quot;,&quot;orientation&quot;:&quot;0&quot;}" data-image-title="Dahliengarten" data-image-description="" data-image-caption="" data-medium-file="https://michaelshof-sammatz.de/blog/wp-content/uploads/2019/01/dalien-1-300x93.jpg" data-large-file="https://michaelshof-sammatz.de/blog/wp-content/uploads/2019/01/dalien-1.jpg" tabindex="0" role="button" src="https://michaelshof-sammatz.de/blog/wp-content/uploads/2019/01/dalien-1.jpg" alt="" class="wp-image-1204" srcset="https://michaelshof-sammatz.de/blog/wp-content/uploads/2019/01/dalien-1.jpg 870w, https://michaelshof-sammatz.de/blog/wp-content/uploads/2019/01/dalien-1-300x93.jpg 300w, https://michaelshof-sammatz.de/blog/wp-content/uploads/2019/01/dalien-1-600x186.jpg 600w, https://michaelshof-sammatz.de/blog/wp-content/uploads/2019/01/dalien-1-768x237.jpg 768w" sizes="(max-width: 870px) 100vw, 870px" /></figure>



<div style="height:35px" aria-hidden="true" class="wp-block-spacer"></div>







<div style="height:50px" aria-hidden="true" class="wp-block-spacer"></div>



<p>Schon von weit her winken die bunten Köpfe herüber: in gelb, rot, weiß, violett und vielen Varianten dazwischen sind sie echte Hingucker bis spät in den Herbst hinein.</p>



<p>Die Heiterkeit versprühenden Blumen erweisen sich als Form- und Farbenkünstler: Dekorative, Pompon, Kaktus, Halskrause, orchideenblütige – die Blütenblätter können schmal, rund oder eingerollt sein. Manchmal sind sie einfarbig, mal mit Sprenkeln, Streifen – von klein- bis großblütig ist alles dabei.<br>Bei uns stehen sie in insgesamt 14 Beeten, unterschiedlich zusammengestellt: niedrige und hohe Dahlien machen dem Betrachter gute Laune und Lust, wenn die dicken Blütenköpfe einen anschauen.</p>



<div class="wp-block-media-text alignwide has-media-on-the-right is-stacked-on-mobile text-media-right"><figure class="wp-block-media-text__media"><img decoding="async" width="448" height="674" data-attachment-id="1203" data-permalink="https://michaelshof-sammatz.de/blog/garten-park/dahliengarten/dalien-2/" data-orig-file="https://michaelshof-sammatz.de/blog/wp-content/uploads/2019/01/dalien-2.jpg" data-orig-size="448,674" data-comments-opened="0" data-image-meta="{&quot;aperture&quot;:&quot;0&quot;,&quot;credit&quot;:&quot;&quot;,&quot;camera&quot;:&quot;&quot;,&quot;caption&quot;:&quot;&quot;,&quot;created_timestamp&quot;:&quot;0&quot;,&quot;copyright&quot;:&quot;&quot;,&quot;focal_length&quot;:&quot;0&quot;,&quot;iso&quot;:&quot;0&quot;,&quot;shutter_speed&quot;:&quot;0&quot;,&quot;title&quot;:&quot;&quot;,&quot;orientation&quot;:&quot;0&quot;}" data-image-title="dalien-2" data-image-description="" data-image-caption="" data-medium-file="https://michaelshof-sammatz.de/blog/wp-content/uploads/2019/01/dalien-2-199x300.jpg" data-large-file="https://michaelshof-sammatz.de/blog/wp-content/uploads/2019/01/dalien-2.jpg" tabindex="0" role="button" src="http://michaelshof-sammatz.de/blog/wp-content/uploads/2019/01/dalien-2.jpg" alt="" class="wp-image-1203" srcset="https://michaelshof-sammatz.de/blog/wp-content/uploads/2019/01/dalien-2.jpg 448w, https://michaelshof-sammatz.de/blog/wp-content/uploads/2019/01/dalien-2-300x451.jpg 300w, https://michaelshof-sammatz.de/blog/wp-content/uploads/2019/01/dalien-2-199x300.jpg 199w" sizes="(max-width: 448px) 100vw, 448px" /></figure><div class="wp-block-media-text__content">
<h2 style="text-align:right" class="title-color-blue title-right-gap wp-block-heading"><strong> Schon von weit her </strong></h2>



<h4 style="text-align:right" class="title-right-gap wp-block-heading"><strong>winken die bunten Köpfe<br> herüber: in gelb, rot,<br> weiß, violett …</strong><br><br></h4>



<p>Vom Boden her sind sie nicht anspruchsvoll, sobald sie aber größer sind und in die Blüte kommen, fordern sie Beachtung und Pflege: Die fleischigen Stängel brauchen Stützen, die üppigen Blütenstände wollen ausgelichtet werden, damit die restlichen noch kräftiger und größer blühen. Und besonders nach einem Regen empfiehlt sich ein Gang durch die teilweise hängenden, verblühten Bälle.</p>



<p>Die aus Mexiko stammenden Dahlien könnten bei ganzjährig warmen Temperaturen immer weiter Blüten hervorbringen, doch schon den ersten Frost übersteht die Pracht leider nicht. Die plötzlich farblos gewordenen wollen abgeschnitten und reingeholt werden, zum Wiedererkennen empfiehlt sich ein Etikett an jeder Knolle. Dann werden sie dunkel und kühl in Kästen den Winter über aufbewahrt um im Frühling teilweise geteilt, neu angeordnet und gepflanzt zu werden.</p>
</div></div>



<div class="wp-block-columns has-2-columns is-layout-flex wp-container-core-columns-is-layout-1 wp-block-columns-is-layout-flex">
<div class="wp-block-column is-layout-flow wp-block-column-is-layout-flow">
<figure class="wp-block-image"><img decoding="async" width="460" height="320" data-attachment-id="1216" data-permalink="https://michaelshof-sammatz.de/blog/garten-park/dahliengarten/dalien-4/" data-orig-file="https://michaelshof-sammatz.de/blog/wp-content/uploads/2019/01/dalien-4.jpg" data-orig-size="460,320" data-comments-opened="0" data-image-meta="{&quot;aperture&quot;:&quot;0&quot;,&quot;credit&quot;:&quot;&quot;,&quot;camera&quot;:&quot;&quot;,&quot;caption&quot;:&quot;&quot;,&quot;created_timestamp&quot;:&quot;0&quot;,&quot;copyright&quot;:&quot;&quot;,&quot;focal_length&quot;:&quot;0&quot;,&quot;iso&quot;:&quot;0&quot;,&quot;shutter_speed&quot;:&quot;0&quot;,&quot;title&quot;:&quot;&quot;,&quot;orientation&quot;:&quot;0&quot;}" data-image-title="dalien-4" data-image-description="" data-image-caption="" data-medium-file="https://michaelshof-sammatz.de/blog/wp-content/uploads/2019/01/dalien-4-300x209.jpg" data-large-file="https://michaelshof-sammatz.de/blog/wp-content/uploads/2019/01/dalien-4.jpg" tabindex="0" role="button" src="http://michaelshof-sammatz.de/blog/wp-content/uploads/2019/01/dalien-4.jpg" alt="" class="wp-image-1216" srcset="https://michaelshof-sammatz.de/blog/wp-content/uploads/2019/01/dalien-4.jpg 460w, https://michaelshof-sammatz.de/blog/wp-content/uploads/2019/01/dalien-4-300x209.jpg 300w" sizes="(max-width: 460px) 100vw, 460px" /></figure>
</div>



<div class="wp-block-column is-layout-flow wp-block-column-is-layout-flow">
<div class="wp-block-image"><figure class="alignright"><img loading="lazy" decoding="async" width="447" height="201" data-attachment-id="1220" data-permalink="https://michaelshof-sammatz.de/blog/garten-park/dahliengarten/dahlien-new/" data-orig-file="https://michaelshof-sammatz.de/blog/wp-content/uploads/2019/01/dahlien-new.jpg" data-orig-size="447,201" data-comments-opened="0" data-image-meta="{&quot;aperture&quot;:&quot;0&quot;,&quot;credit&quot;:&quot;&quot;,&quot;camera&quot;:&quot;&quot;,&quot;caption&quot;:&quot;&quot;,&quot;created_timestamp&quot;:&quot;0&quot;,&quot;copyright&quot;:&quot;&quot;,&quot;focal_length&quot;:&quot;0&quot;,&quot;iso&quot;:&quot;0&quot;,&quot;shutter_speed&quot;:&quot;0&quot;,&quot;title&quot;:&quot;&quot;,&quot;orientation&quot;:&quot;0&quot;}" data-image-title="dahlien-new" data-image-description="" data-image-caption="" data-medium-file="https://michaelshof-sammatz.de/blog/wp-content/uploads/2019/01/dahlien-new-300x135.jpg" data-large-file="https://michaelshof-sammatz.de/blog/wp-content/uploads/2019/01/dahlien-new.jpg" tabindex="0" role="button" src="http://michaelshof-sammatz.de/blog/wp-content/uploads/2019/01/dahlien-new.jpg" alt="" class="wp-image-1220" srcset="https://michaelshof-sammatz.de/blog/wp-content/uploads/2019/01/dahlien-new.jpg 447w, https://michaelshof-sammatz.de/blog/wp-content/uploads/2019/01/dahlien-new-300x135.jpg 300w" sizes="(max-width: 447px) 100vw, 447px" /></figure></div>
</div>
</div>



<div style="height:50px" aria-hidden="true" class="wp-block-spacer"></div>

<p>Dahliengarten Schon von weit her winken die bunten Köpfe herüber: in gelb, rot, weiß, violett und vielen Varianten dazwischen sind sie echte Hingucker bis spät in den Herbst hinein. Die Heiterkeit versprühenden Blumen erweisen sich als Form- und Farbenkünstler: Dekorative, Pompon, Kaktus, Halskrause, orchideenblütige – die Blütenblätter können schmal, rund oder eingerollt sein. Manchmal sind [&hellip;]</p>
