

{"id":889,"date":"2019-01-06T19:22:14","date_gmt":"2019-01-06T18:22:14","guid":{"rendered":"http:\/\/michaelshof-campus.com\/blog\/?page_id=889"},"modified":"2020-02-21T16:19:00","modified_gmt":"2020-02-21T15:19:00","slug":"waldsee","status":"publish","type":"page","link":"https:\/\/michaelshof-sammatz.de\/blog\/garten-park\/waldsee\/","title":{"rendered":"G\u00e4rten &#038; Park | Waldsee"},"content":{"rendered":"\n<h1 class=\"wp-block-heading\"><strong>Waldsee<\/strong><\/h1>\n\n\n\n<div style=\"height:85px\" aria-hidden=\"true\" class=\"wp-block-spacer\"><\/div>\n\n\n\n<figure class=\"wp-block-image pageTeaserImage\"><img fetchpriority=\"high\" decoding=\"async\" width=\"782\" height=\"303\" data-attachment-id=\"1301\" data-permalink=\"https:\/\/michaelshof-sammatz.de\/blog\/garten-park\/waldsee\/waldsee-1\/\" data-orig-file=\"https:\/\/michaelshof-sammatz.de\/blog\/wp-content\/uploads\/2019\/01\/waldsee-1.jpg\" data-orig-size=\"782,303\" data-comments-opened=\"0\" data-image-meta=\"{&quot;aperture&quot;:&quot;0&quot;,&quot;credit&quot;:&quot;&quot;,&quot;camera&quot;:&quot;&quot;,&quot;caption&quot;:&quot;&quot;,&quot;created_timestamp&quot;:&quot;0&quot;,&quot;copyright&quot;:&quot;&quot;,&quot;focal_length&quot;:&quot;0&quot;,&quot;iso&quot;:&quot;0&quot;,&quot;shutter_speed&quot;:&quot;0&quot;,&quot;title&quot;:&quot;&quot;,&quot;orientation&quot;:&quot;0&quot;}\" data-image-title=\"\" data-image-description=\"\" data-image-caption=\"\" data-medium-file=\"https:\/\/michaelshof-sammatz.de\/blog\/wp-content\/uploads\/2019\/01\/waldsee-1-300x116.jpg\" data-large-file=\"https:\/\/michaelshof-sammatz.de\/blog\/wp-content\/uploads\/2019\/01\/waldsee-1.jpg\" tabindex=\"0\" role=\"button\" src=\"http:\/\/michaelshof-sammatz.de\/blog\/wp-content\/uploads\/2019\/01\/waldsee-1.jpg\" alt=\"\" class=\"wp-image-1301\" srcset=\"https:\/\/michaelshof-sammatz.de\/blog\/wp-content\/uploads\/2019\/01\/waldsee-1.jpg 782w, https:\/\/michaelshof-sammatz.de\/blog\/wp-content\/uploads\/2019\/01\/waldsee-1-300x116.jpg 300w, https:\/\/michaelshof-sammatz.de\/blog\/wp-content\/uploads\/2019\/01\/waldsee-1-600x232.jpg 600w, https:\/\/michaelshof-sammatz.de\/blog\/wp-content\/uploads\/2019\/01\/waldsee-1-768x298.jpg 768w\" sizes=\"(max-width: 782px) 100vw, 782px\" \/><\/figure>\n\n\n\n<div style=\"height:35px\" aria-hidden=\"true\" class=\"wp-block-spacer\"><\/div>\n\n\n\n\n\n\n\n<div style=\"height:50px\" aria-hidden=\"true\" class=\"wp-block-spacer\"><\/div>\n\n\n\n<p>Solch unmittelbaren Ausdr\u00fccke h\u00f6rt man selten wie die, welche die G\u00e4ste ausrufen wenn sie das erste Mal den sanften H\u00fcgel    zum Waldsee-Plateau hochgehen und auf den See herunterblicken. Von Oh\u00b4s und Ah\u00b4s geht es bis hin zu \u201eUnglaublich\u201c oder \u201eWundersch\u00f6n\u201c. Von einem Besucher h\u00f6rte ich auch ein einfach nur \u00fcberraschtes, erfreutes Lachen.<\/p>\n\n\n\n<p>Die gepflegte Anlage hat etwas Nat\u00fcrliches, Weites, zugleich Verwunschenes. Eine kleinere und eine 10-Meter-Font\u00e4ne l\u00f6sen Begeisterung und bei Wind einen sanften Nieselregen aus, der her\u00fcberspr\u00fcht. Oben auf dem H\u00fcgel und um den See herum laden viele B\u00e4nke zum Verweilen ein. Zu den F\u00fc\u00dfen liegen die Terrassen mit unz\u00e4hligen Rosenbl\u00fcten, dunklem Salbei und Katzenminze, dazwischen die h\u00f6heren Gr\u00e4ser. <\/p>\n\n\n\n<div class=\"wp-block-media-text alignwide text-media-left\"><figure class=\"wp-block-media-text__media\"><img decoding=\"async\" width=\"459\" height=\"227\" data-attachment-id=\"1302\" data-permalink=\"https:\/\/michaelshof-sammatz.de\/blog\/garten-park\/waldsee\/waldsee-2\/\" data-orig-file=\"https:\/\/michaelshof-sammatz.de\/blog\/wp-content\/uploads\/2019\/01\/waldsee-2.jpg\" data-orig-size=\"459,227\" data-comments-opened=\"0\" data-image-meta=\"{&quot;aperture&quot;:&quot;0&quot;,&quot;credit&quot;:&quot;&quot;,&quot;camera&quot;:&quot;&quot;,&quot;caption&quot;:&quot;&quot;,&quot;created_timestamp&quot;:&quot;0&quot;,&quot;copyright&quot;:&quot;&quot;,&quot;focal_length&quot;:&quot;0&quot;,&quot;iso&quot;:&quot;0&quot;,&quot;shutter_speed&quot;:&quot;0&quot;,&quot;title&quot;:&quot;&quot;,&quot;orientation&quot;:&quot;0&quot;}\" data-image-title=\"waldsee-2\" data-image-description=\"\" data-image-caption=\"\" data-medium-file=\"https:\/\/michaelshof-sammatz.de\/blog\/wp-content\/uploads\/2019\/01\/waldsee-2-300x148.jpg\" data-large-file=\"https:\/\/michaelshof-sammatz.de\/blog\/wp-content\/uploads\/2019\/01\/waldsee-2.jpg\" tabindex=\"0\" role=\"button\" src=\"http:\/\/michaelshof-sammatz.de\/blog\/wp-content\/uploads\/2019\/01\/waldsee-2.jpg\" alt=\"\" class=\"wp-image-1302\" srcset=\"https:\/\/michaelshof-sammatz.de\/blog\/wp-content\/uploads\/2019\/01\/waldsee-2.jpg 459w, https:\/\/michaelshof-sammatz.de\/blog\/wp-content\/uploads\/2019\/01\/waldsee-2-300x148.jpg 300w\" sizes=\"(max-width: 459px) 100vw, 459px\" \/><\/figure><div class=\"wp-block-media-text__content\">\n<p>Die Terrassen rahmen in vielen unterschiedlichen Schw\u00fcngen den See auf der hiesigen Seite ein \u2013 hinter dem See sorgt ein Kiefernwald f\u00fcr einen sch\u00fctzenden Abschluss, dazwischen die Trauerweide mit ihrem wasserfall\u00e4hnlichen Laub. Unter der Weide, die ihre h\u00e4ngenden \u00c4ste Richtung See neigt, kann man sich auch auf B\u00e4nken niederlassen. Hier ist man ganz von den Naturkr\u00e4ften umgeben, kann man sich gesch\u00fctzt und aufgehoben f\u00fchlen. Hier lauscht man dem Rauschen der Font\u00e4ne, dem Zwitschern der V\u00f6gel, atmet den Geruch mit der Mischung aus harzigen Kiefern, Blumen und Erde ein, sp\u00fcrt den Wind und die Sonne. Im See tummeln sich die Fische \u2013 St\u00f6re sind zwar nur mit Gl\u00fcck zu sehen, bis an den Uferrand kommen aber die kleineren Goldorfe, auch Wasserl\u00e4ufer sind zu beobachten.<\/p>\n<\/div><\/div>\n\n\n\n<div class=\"wp-block-media-text alignwide has-media-on-the-right text-media-right\"><figure class=\"wp-block-media-text__media\"><img decoding=\"async\" width=\"447\" height=\"298\" data-attachment-id=\"1303\" data-permalink=\"https:\/\/michaelshof-sammatz.de\/blog\/garten-park\/waldsee\/waldsee-3\/\" data-orig-file=\"https:\/\/michaelshof-sammatz.de\/blog\/wp-content\/uploads\/2019\/01\/waldsee-3.jpg\" data-orig-size=\"447,298\" data-comments-opened=\"0\" data-image-meta=\"{&quot;aperture&quot;:&quot;0&quot;,&quot;credit&quot;:&quot;&quot;,&quot;camera&quot;:&quot;&quot;,&quot;caption&quot;:&quot;&quot;,&quot;created_timestamp&quot;:&quot;0&quot;,&quot;copyright&quot;:&quot;&quot;,&quot;focal_length&quot;:&quot;0&quot;,&quot;iso&quot;:&quot;0&quot;,&quot;shutter_speed&quot;:&quot;0&quot;,&quot;title&quot;:&quot;&quot;,&quot;orientation&quot;:&quot;0&quot;}\" data-image-title=\"waldsee-3\" data-image-description=\"\" data-image-caption=\"\" data-medium-file=\"https:\/\/michaelshof-sammatz.de\/blog\/wp-content\/uploads\/2019\/01\/waldsee-3-300x200.jpg\" data-large-file=\"https:\/\/michaelshof-sammatz.de\/blog\/wp-content\/uploads\/2019\/01\/waldsee-3.jpg\" tabindex=\"0\" role=\"button\" src=\"http:\/\/michaelshof-sammatz.de\/blog\/wp-content\/uploads\/2019\/01\/waldsee-3.jpg\" alt=\"\" class=\"wp-image-1303\" srcset=\"https:\/\/michaelshof-sammatz.de\/blog\/wp-content\/uploads\/2019\/01\/waldsee-3.jpg 447w, https:\/\/michaelshof-sammatz.de\/blog\/wp-content\/uploads\/2019\/01\/waldsee-3-300x200.jpg 300w\" sizes=\"(max-width: 447px) 100vw, 447px\" \/><\/figure><div class=\"wp-block-media-text__content\">\n<p>W\u00e4hrend man zur Winterzeit den Aufbau und die Vielzahl der Terrassen bewundern kann, die aufwendig aus Feldsteinen gebaut sind, die Sandsteintreppe, die an anderer Stelle wieder nach oben f\u00fchrt, so ist im Fr\u00fchling alles bunt getupft von Tulpen, Narzissen; im Sommer wogen Gr\u00e4ser und bl\u00fchen kr\u00e4ftige Stauden, der Teppich-Phlox beginnt \u00fcber den Mauerrand zu wachsen und unten am See findet man im Schilf die zur\u00fcckgelassenen H\u00fcllen der geschl\u00fcpften Libellen. <\/p>\n\n\n\n<p>Der Herbst verwandelt alles in ein orange-goldenes Farbenmeer: W\u00e4hrend die Kiefern dunkel bleiben, leuchten viele Eichen, der Hasel und die Birken in der Abendsonne wie Feuer auf. Die bunten Bl\u00e4tter bedecken Wege und See mit Laub, welches die Binsen am Uferrand einf\u00e4ngt.<\/p>\n<\/div><\/div>\n\n\n\n<p>An manch lauen Sommerabenden h\u00f6ren wir Kl\u00e4nge vom Ponton: Solisten und Ensembles spielen zu den Sammatzer Waldsee-Konzerten auf. Die einzelne Geige schmiegt sich in die Natur, nimmt mal laut, mal leiser das Wesen der Elemente in ihr Spiel mit auf und erreicht mit einem sanften Zittern die langsam aufglimmenden Sterne.<\/p>\n\n\n\n<p>Oberhalb des Sees wurde dieses Jahr ein kleiner Schattengarten angelegt: Im sch\u00f6nen Eichenw\u00e4ldchen entstanden Beete mit Schattenpflanzen, aufgebaut nach den Angaben und Erfahrungen von Beth Chatto, Beth Chatto, der englischen Gartengestalterin. <\/p>\n\n\n\n<div class=\"wp-block-media-text alignwide text-media-left\" style=\"grid-template-columns:77% auto\"><figure class=\"wp-block-media-text__media\"><img loading=\"lazy\" decoding=\"async\" width=\"555\" height=\"370\" data-attachment-id=\"1306\" data-permalink=\"https:\/\/michaelshof-sammatz.de\/blog\/garten-park\/waldsee\/waldsee-4\/\" data-orig-file=\"https:\/\/michaelshof-sammatz.de\/blog\/wp-content\/uploads\/2019\/01\/waldsee-4.jpg\" data-orig-size=\"555,370\" data-comments-opened=\"0\" data-image-meta=\"{&quot;aperture&quot;:&quot;0&quot;,&quot;credit&quot;:&quot;&quot;,&quot;camera&quot;:&quot;&quot;,&quot;caption&quot;:&quot;&quot;,&quot;created_timestamp&quot;:&quot;0&quot;,&quot;copyright&quot;:&quot;&quot;,&quot;focal_length&quot;:&quot;0&quot;,&quot;iso&quot;:&quot;0&quot;,&quot;shutter_speed&quot;:&quot;0&quot;,&quot;title&quot;:&quot;&quot;,&quot;orientation&quot;:&quot;0&quot;}\" data-image-title=\"waldsee-4\" data-image-description=\"\" data-image-caption=\"\" data-medium-file=\"https:\/\/michaelshof-sammatz.de\/blog\/wp-content\/uploads\/2019\/01\/waldsee-4-300x200.jpg\" data-large-file=\"https:\/\/michaelshof-sammatz.de\/blog\/wp-content\/uploads\/2019\/01\/waldsee-4.jpg\" tabindex=\"0\" role=\"button\" src=\"http:\/\/michaelshof-sammatz.de\/blog\/wp-content\/uploads\/2019\/01\/waldsee-4.jpg\" alt=\"\" class=\"wp-image-1306\" srcset=\"https:\/\/michaelshof-sammatz.de\/blog\/wp-content\/uploads\/2019\/01\/waldsee-4.jpg 555w, https:\/\/michaelshof-sammatz.de\/blog\/wp-content\/uploads\/2019\/01\/waldsee-4-300x200.jpg 300w\" sizes=\"(max-width: 555px) 100vw, 555px\" \/><\/figure><div class=\"wp-block-media-text__content\">\n<h3 class=\"has-text-align-left wp-block-heading\"><strong>Leise h\u00f6rt man noch <\/strong><\/h3>\n\n\n\n<h4 class=\"has-text-align-left wp-block-heading\"><strong>die Stimmen abendlicher <br>Besucher, <br>dann liegt <\/strong><br><strong>der See<br>still und friedlich da \u2026<\/strong><br><\/h4>\n<\/div><\/div>\n\n\n\n<div style=\"height:15px\" aria-hidden=\"true\" class=\"wp-block-spacer\"><\/div>\n\n\n\n<p>Sieben Holzstatuen der K\u00fcnstlerin Waltraud Schroll schauen streng und heiter zugleich auf die Kompositionen aus Hostien, Farn, Elfenblumen, Kr\u00f6tenlilien und vielen anderen Pflanzen, zwischen denen sich der Waldweg schl\u00e4ngelt.<br>\nVon hier oben hat man eine wunderbare Aussicht auf den See und abends auf die glutrot untergehende Sonne. Da erleuchten die Tonlampen an den Wegr\u00e4ndern und die Lichter unter den Font\u00e4nen und tauchen die Parkanlage in ein romantisches Licht. Leise h\u00f6rt man noch Stimmen abendlicher Besucher, dann liegt der See still und friedlich da, Nebelwesen h\u00fcllen ihn sch\u00fctzend ein.<\/p>\n\n\n\n<div style=\"height:50px\" aria-hidden=\"true\" class=\"wp-block-spacer\"><\/div>\n","protected":false},"excerpt":{"rendered":"<p>Waldsee Solch unmittelbaren Ausdr\u00fccke h\u00f6rt man selten wie die, welche die G\u00e4ste ausrufen wenn sie das erste Mal den sanften H\u00fcgel zum Waldsee-Plateau hochgehen und auf den See herunterblicken. Von Oh\u00b4s und Ah\u00b4s geht es bis hin zu \u201eUnglaublich\u201c oder \u201eWundersch\u00f6n\u201c. Von einem Besucher h\u00f6rte ich auch ein einfach nur \u00fcberraschtes, erfreutes Lachen. Die gepflegte [&hellip;]<\/p>\n","protected":false},"author":1,"featured_media":0,"parent":111,"menu_order":0,"comment_status":"closed","ping_status":"closed","template":"","meta":{"footnotes":""},"class_list":["post-889","page","type-page","status-publish","hentry"],"jetpack_sharing_enabled":true,"jetpack_shortlink":"https:\/\/wp.me\/PaQBcD-el","jetpack-related-posts":[],"_links":{"self":[{"href":"https:\/\/michaelshof-sammatz.de\/blog\/wp-json\/wp\/v2\/pages\/889"}],"collection":[{"href":"https:\/\/michaelshof-sammatz.de\/blog\/wp-json\/wp\/v2\/pages"}],"about":[{"href":"https:\/\/michaelshof-sammatz.de\/blog\/wp-json\/wp\/v2\/types\/page"}],"author":[{"embeddable":true,"href":"https:\/\/michaelshof-sammatz.de\/blog\/wp-json\/wp\/v2\/users\/1"}],"replies":[{"embeddable":true,"href":"https:\/\/michaelshof-sammatz.de\/blog\/wp-json\/wp\/v2\/comments?post=889"}],"version-history":[{"count":20,"href":"https:\/\/michaelshof-sammatz.de\/blog\/wp-json\/wp\/v2\/pages\/889\/revisions"}],"predecessor-version":[{"id":26118,"href":"https:\/\/michaelshof-sammatz.de\/blog\/wp-json\/wp\/v2\/pages\/889\/revisions\/26118"}],"up":[{"embeddable":true,"href":"https:\/\/michaelshof-sammatz.de\/blog\/wp-json\/wp\/v2\/pages\/111"}],"wp:attachment":[{"href":"https:\/\/michaelshof-sammatz.de\/blog\/wp-json\/wp\/v2\/media?parent=889"}],"curies":[{"name":"wp","href":"https:\/\/api.w.org\/{rel}","templated":true}]}}

Gärten &#038; Park | Waldsee

<h1 class="wp-block-heading"><strong>Waldsee</strong></h1>



<div style="height:85px" aria-hidden="true" class="wp-block-spacer"></div>



<figure class="wp-block-image pageTeaserImage"><img fetchpriority="high" decoding="async" width="782" height="303" data-attachment-id="1301" data-permalink="https://michaelshof-sammatz.de/blog/garten-park/waldsee/waldsee-1/" data-orig-file="https://michaelshof-sammatz.de/blog/wp-content/uploads/2019/01/waldsee-1.jpg" data-orig-size="782,303" data-comments-opened="0" data-image-meta="{&quot;aperture&quot;:&quot;0&quot;,&quot;credit&quot;:&quot;&quot;,&quot;camera&quot;:&quot;&quot;,&quot;caption&quot;:&quot;&quot;,&quot;created_timestamp&quot;:&quot;0&quot;,&quot;copyright&quot;:&quot;&quot;,&quot;focal_length&quot;:&quot;0&quot;,&quot;iso&quot;:&quot;0&quot;,&quot;shutter_speed&quot;:&quot;0&quot;,&quot;title&quot;:&quot;&quot;,&quot;orientation&quot;:&quot;0&quot;}" data-image-title="" data-image-description="" data-image-caption="" data-medium-file="https://michaelshof-sammatz.de/blog/wp-content/uploads/2019/01/waldsee-1-300x116.jpg" data-large-file="https://michaelshof-sammatz.de/blog/wp-content/uploads/2019/01/waldsee-1.jpg" tabindex="0" role="button" src="http://michaelshof-sammatz.de/blog/wp-content/uploads/2019/01/waldsee-1.jpg" alt="" class="wp-image-1301" srcset="https://michaelshof-sammatz.de/blog/wp-content/uploads/2019/01/waldsee-1.jpg 782w, https://michaelshof-sammatz.de/blog/wp-content/uploads/2019/01/waldsee-1-300x116.jpg 300w, https://michaelshof-sammatz.de/blog/wp-content/uploads/2019/01/waldsee-1-600x232.jpg 600w, https://michaelshof-sammatz.de/blog/wp-content/uploads/2019/01/waldsee-1-768x298.jpg 768w" sizes="(max-width: 782px) 100vw, 782px" /></figure>



<div style="height:35px" aria-hidden="true" class="wp-block-spacer"></div>







<div style="height:50px" aria-hidden="true" class="wp-block-spacer"></div>



<p>Solch unmittelbaren Ausdrücke hört man selten wie die, welche die Gäste ausrufen wenn sie das erste Mal den sanften Hügel    zum Waldsee-Plateau hochgehen und auf den See herunterblicken. Von Oh´s und Ah´s geht es bis hin zu „Unglaublich“ oder „Wunderschön“. Von einem Besucher hörte ich auch ein einfach nur überraschtes, erfreutes Lachen.</p>



<p>Die gepflegte Anlage hat etwas Natürliches, Weites, zugleich Verwunschenes. Eine kleinere und eine 10-Meter-Fontäne lösen Begeisterung und bei Wind einen sanften Nieselregen aus, der herübersprüht. Oben auf dem Hügel und um den See herum laden viele Bänke zum Verweilen ein. Zu den Füßen liegen die Terrassen mit unzähligen Rosenblüten, dunklem Salbei und Katzenminze, dazwischen die höheren Gräser. </p>



<div class="wp-block-media-text alignwide text-media-left"><figure class="wp-block-media-text__media"><img decoding="async" width="459" height="227" data-attachment-id="1302" data-permalink="https://michaelshof-sammatz.de/blog/garten-park/waldsee/waldsee-2/" data-orig-file="https://michaelshof-sammatz.de/blog/wp-content/uploads/2019/01/waldsee-2.jpg" data-orig-size="459,227" data-comments-opened="0" data-image-meta="{&quot;aperture&quot;:&quot;0&quot;,&quot;credit&quot;:&quot;&quot;,&quot;camera&quot;:&quot;&quot;,&quot;caption&quot;:&quot;&quot;,&quot;created_timestamp&quot;:&quot;0&quot;,&quot;copyright&quot;:&quot;&quot;,&quot;focal_length&quot;:&quot;0&quot;,&quot;iso&quot;:&quot;0&quot;,&quot;shutter_speed&quot;:&quot;0&quot;,&quot;title&quot;:&quot;&quot;,&quot;orientation&quot;:&quot;0&quot;}" data-image-title="waldsee-2" data-image-description="" data-image-caption="" data-medium-file="https://michaelshof-sammatz.de/blog/wp-content/uploads/2019/01/waldsee-2-300x148.jpg" data-large-file="https://michaelshof-sammatz.de/blog/wp-content/uploads/2019/01/waldsee-2.jpg" tabindex="0" role="button" src="http://michaelshof-sammatz.de/blog/wp-content/uploads/2019/01/waldsee-2.jpg" alt="" class="wp-image-1302" srcset="https://michaelshof-sammatz.de/blog/wp-content/uploads/2019/01/waldsee-2.jpg 459w, https://michaelshof-sammatz.de/blog/wp-content/uploads/2019/01/waldsee-2-300x148.jpg 300w" sizes="(max-width: 459px) 100vw, 459px" /></figure><div class="wp-block-media-text__content">
<p>Die Terrassen rahmen in vielen unterschiedlichen Schwüngen den See auf der hiesigen Seite ein – hinter dem See sorgt ein Kiefernwald für einen schützenden Abschluss, dazwischen die Trauerweide mit ihrem wasserfallähnlichen Laub. Unter der Weide, die ihre hängenden Äste Richtung See neigt, kann man sich auch auf Bänken niederlassen. Hier ist man ganz von den Naturkräften umgeben, kann man sich geschützt und aufgehoben fühlen. Hier lauscht man dem Rauschen der Fontäne, dem Zwitschern der Vögel, atmet den Geruch mit der Mischung aus harzigen Kiefern, Blumen und Erde ein, spürt den Wind und die Sonne. Im See tummeln sich die Fische – Störe sind zwar nur mit Glück zu sehen, bis an den Uferrand kommen aber die kleineren Goldorfe, auch Wasserläufer sind zu beobachten.</p>
</div></div>



<div class="wp-block-media-text alignwide has-media-on-the-right text-media-right"><figure class="wp-block-media-text__media"><img decoding="async" width="447" height="298" data-attachment-id="1303" data-permalink="https://michaelshof-sammatz.de/blog/garten-park/waldsee/waldsee-3/" data-orig-file="https://michaelshof-sammatz.de/blog/wp-content/uploads/2019/01/waldsee-3.jpg" data-orig-size="447,298" data-comments-opened="0" data-image-meta="{&quot;aperture&quot;:&quot;0&quot;,&quot;credit&quot;:&quot;&quot;,&quot;camera&quot;:&quot;&quot;,&quot;caption&quot;:&quot;&quot;,&quot;created_timestamp&quot;:&quot;0&quot;,&quot;copyright&quot;:&quot;&quot;,&quot;focal_length&quot;:&quot;0&quot;,&quot;iso&quot;:&quot;0&quot;,&quot;shutter_speed&quot;:&quot;0&quot;,&quot;title&quot;:&quot;&quot;,&quot;orientation&quot;:&quot;0&quot;}" data-image-title="waldsee-3" data-image-description="" data-image-caption="" data-medium-file="https://michaelshof-sammatz.de/blog/wp-content/uploads/2019/01/waldsee-3-300x200.jpg" data-large-file="https://michaelshof-sammatz.de/blog/wp-content/uploads/2019/01/waldsee-3.jpg" tabindex="0" role="button" src="http://michaelshof-sammatz.de/blog/wp-content/uploads/2019/01/waldsee-3.jpg" alt="" class="wp-image-1303" srcset="https://michaelshof-sammatz.de/blog/wp-content/uploads/2019/01/waldsee-3.jpg 447w, https://michaelshof-sammatz.de/blog/wp-content/uploads/2019/01/waldsee-3-300x200.jpg 300w" sizes="(max-width: 447px) 100vw, 447px" /></figure><div class="wp-block-media-text__content">
<p>Während man zur Winterzeit den Aufbau und die Vielzahl der Terrassen bewundern kann, die aufwendig aus Feldsteinen gebaut sind, die Sandsteintreppe, die an anderer Stelle wieder nach oben führt, so ist im Frühling alles bunt getupft von Tulpen, Narzissen; im Sommer wogen Gräser und blühen kräftige Stauden, der Teppich-Phlox beginnt über den Mauerrand zu wachsen und unten am See findet man im Schilf die zurückgelassenen Hüllen der geschlüpften Libellen. </p>



<p>Der Herbst verwandelt alles in ein orange-goldenes Farbenmeer: Während die Kiefern dunkel bleiben, leuchten viele Eichen, der Hasel und die Birken in der Abendsonne wie Feuer auf. Die bunten Blätter bedecken Wege und See mit Laub, welches die Binsen am Uferrand einfängt.</p>
</div></div>



<p>An manch lauen Sommerabenden hören wir Klänge vom Ponton: Solisten und Ensembles spielen zu den Sammatzer Waldsee-Konzerten auf. Die einzelne Geige schmiegt sich in die Natur, nimmt mal laut, mal leiser das Wesen der Elemente in ihr Spiel mit auf und erreicht mit einem sanften Zittern die langsam aufglimmenden Sterne.</p>



<p>Oberhalb des Sees wurde dieses Jahr ein kleiner Schattengarten angelegt: Im schönen Eichenwäldchen entstanden Beete mit Schattenpflanzen, aufgebaut nach den Angaben und Erfahrungen von Beth Chatto, Beth Chatto, der englischen Gartengestalterin. </p>



<div class="wp-block-media-text alignwide text-media-left" style="grid-template-columns:77% auto"><figure class="wp-block-media-text__media"><img loading="lazy" decoding="async" width="555" height="370" data-attachment-id="1306" data-permalink="https://michaelshof-sammatz.de/blog/garten-park/waldsee/waldsee-4/" data-orig-file="https://michaelshof-sammatz.de/blog/wp-content/uploads/2019/01/waldsee-4.jpg" data-orig-size="555,370" data-comments-opened="0" data-image-meta="{&quot;aperture&quot;:&quot;0&quot;,&quot;credit&quot;:&quot;&quot;,&quot;camera&quot;:&quot;&quot;,&quot;caption&quot;:&quot;&quot;,&quot;created_timestamp&quot;:&quot;0&quot;,&quot;copyright&quot;:&quot;&quot;,&quot;focal_length&quot;:&quot;0&quot;,&quot;iso&quot;:&quot;0&quot;,&quot;shutter_speed&quot;:&quot;0&quot;,&quot;title&quot;:&quot;&quot;,&quot;orientation&quot;:&quot;0&quot;}" data-image-title="waldsee-4" data-image-description="" data-image-caption="" data-medium-file="https://michaelshof-sammatz.de/blog/wp-content/uploads/2019/01/waldsee-4-300x200.jpg" data-large-file="https://michaelshof-sammatz.de/blog/wp-content/uploads/2019/01/waldsee-4.jpg" tabindex="0" role="button" src="http://michaelshof-sammatz.de/blog/wp-content/uploads/2019/01/waldsee-4.jpg" alt="" class="wp-image-1306" srcset="https://michaelshof-sammatz.de/blog/wp-content/uploads/2019/01/waldsee-4.jpg 555w, https://michaelshof-sammatz.de/blog/wp-content/uploads/2019/01/waldsee-4-300x200.jpg 300w" sizes="(max-width: 555px) 100vw, 555px" /></figure><div class="wp-block-media-text__content">
<h3 class="has-text-align-left wp-block-heading"><strong>Leise hört man noch </strong></h3>



<h4 class="has-text-align-left wp-block-heading"><strong>die Stimmen abendlicher <br>Besucher, <br>dann liegt </strong><br><strong>der See<br>still und friedlich da …</strong><br></h4>
</div></div>



<div style="height:15px" aria-hidden="true" class="wp-block-spacer"></div>



<p>Sieben Holzstatuen der Künstlerin Waltraud Schroll schauen streng und heiter zugleich auf die Kompositionen aus Hostien, Farn, Elfenblumen, Krötenlilien und vielen anderen Pflanzen, zwischen denen sich der Waldweg schlängelt.<br>
Von hier oben hat man eine wunderbare Aussicht auf den See und abends auf die glutrot untergehende Sonne. Da erleuchten die Tonlampen an den Wegrändern und die Lichter unter den Fontänen und tauchen die Parkanlage in ein romantisches Licht. Leise hört man noch Stimmen abendlicher Besucher, dann liegt der See still und friedlich da, Nebelwesen hüllen ihn schützend ein.</p>



<div style="height:50px" aria-hidden="true" class="wp-block-spacer"></div>

<p>Waldsee Solch unmittelbaren Ausdrücke hört man selten wie die, welche die Gäste ausrufen wenn sie das erste Mal den sanften Hügel zum Waldsee-Plateau hochgehen und auf den See herunterblicken. Von Oh´s und Ah´s geht es bis hin zu „Unglaublich“ oder „Wunderschön“. Von einem Besucher hörte ich auch ein einfach nur überraschtes, erfreutes Lachen. Die gepflegte [&hellip;]</p>
